PRAGMA foreign_keys=OFF;
BEGIN TRANSACTION;
CREATE TABLE IF NOT EXISTS "albums"
(
    [AlbumId] INTEGER PRIMARY KEY AUTOINCREMENT NOT NULL,
    [Title] NVARCHAR(160)  NOT NULL,
    [ArtistId] INTEGER  NOT NULL,
    FOREIGN KEY ([ArtistId]) REFERENCES "artists" ([ArtistId]) 
		ON DELETE NO ACTION ON UPDATE NO ACTION
);
INSERT INTO albums VALUES(1,'For Those About To Rock We Salute You',1);
INSERT INTO albums VALUES(2,'Balls to the Wall',2);
INSERT INTO albums VALUES(3,'Restless and Wild',2);
INSERT INTO albums VALUES(4,'Let There Be Rock',1);
INSERT INTO albums VALUES(5,'Big Ones',3);
INSERT INTO albums VALUES(6,'Jagged Little Pill',4);
INSERT INTO albums VALUES(7,'Facelift',5);
INSERT INTO albums VALUES(8,'Warner 25 Anos',6);
INSERT INTO albums VALUES(9,'Plays Metallica By Four Cellos',7);
INSERT INTO albums VALUES(10,'Audioslave',8);
INSERT INTO albums VALUES(11,'Out Of Exile',8);
INSERT INTO albums VALUES(12,'BackBeat Soundtrack',9);
INSERT INTO albums VALUES(13,'The Best Of Billy Cobham',10);
INSERT INTO albums VALUES(14,'Alcohol Fueled Brewtality Live! [Disc 1]',11);
INSERT INTO albums VALUES(15,'Alcohol Fueled Brewtality Live! [Disc 2]',11);
INSERT INTO albums VALUES(16,'Black Sabbath',12);
INSERT INTO albums VALUES(17,'Black Sabbath Vol. 4 (Remaster)',12);
INSERT INTO albums VALUES(18,'Body Count',13);
INSERT INTO albums VALUES(19,'Chemical Wedding',14);
INSERT INTO albums VALUES(20,'The Best Of Buddy Guy - The Millenium Collection',15);
INSERT INTO albums VALUES(21,'Prenda Minha',16);
INSERT INTO albums VALUES(22,'Sozinho Remix Ao Vivo',16);
INSERT INTO albums VALUES(23,'Minha Historia',17);
INSERT INTO albums VALUES(24,'Afrociberdelia',18);
INSERT INTO albums VALUES(25,'Da Lama Ao Caos',18);
INSERT INTO albums VALUES(26,'Acústico MTV [Live]',19);
INSERT INTO albums VALUES(27,'Cidade Negra - Hits',19);
INSERT INTO albums VALUES(28,'Na Pista',20);
INSERT INTO albums VALUES(29,'Axé Bahia 2001',21);
INSERT INTO albums VALUES(30,'BBC Sessions [Disc 1] [Live]',22);
INSERT INTO albums VALUES(31,'Bongo Fury',23);
INSERT INTO albums VALUES(32,'Carnaval 2001',21);
INSERT INTO albums VALUES(33,'Chill: Brazil (Disc 1)',24);
INSERT INTO albums VALUES(34,'Chill: Brazil (Disc 2)',6);
INSERT INTO albums VALUES(35,'Garage Inc. (Disc 1)',50);
INSERT INTO albums VALUES(36,'Greatest Hits II',51);
INSERT INTO albums VALUES(37,'Greatest Kiss',52);
INSERT INTO albums VALUES(38,'Heart of the Night',53);
INSERT INTO albums VALUES(39,'International Superhits',54);
INSERT INTO albums VALUES(40,'Into The Light',55);
INSERT INTO albums VALUES(41,'Meus Momentos',56);
INSERT INTO albums VALUES(42,'Minha História',57);
INSERT INTO albums VALUES(43,'MK III The Final Concerts [Disc 1]',58);
INSERT INTO albums VALUES(44,'Physical Graffiti [Disc 1]',22);
INSERT INTO albums VALUES(45,'Sambas De Enredo 2001',21);
INSERT INTO albums VALUES(46,'Supernatural',59);
INSERT INTO albums VALUES(47,'The Best of Ed Motta',37);
INSERT INTO albums VALUES(48,'The Essential Miles Davis [Disc 1]',68);
INSERT INTO albums VALUES(49,'The Essential Miles Davis [Disc 2]',68);
INSERT INTO albums VALUES(50,'The Final Concerts (Disc 2)',58);
INSERT INTO albums VALUES(51,'Up An'' Atom',69);
INSERT INTO albums VALUES(52,'Vinícius De Moraes - Sem Limite',70);
INSERT INTO albums VALUES(53,'Vozes do MPB',21);
INSERT INTO albums VALUES(54,'Chronicle, Vol. 1',76);
INSERT INTO albums VALUES(55,'Chronicle, Vol. 2',76);
INSERT INTO albums VALUES(56,'Cássia Eller - Coleção Sem Limite [Disc 2]',77);
INSERT INTO albums VALUES(57,'Cássia Eller - Sem Limite [Disc 1]',77);
INSERT INTO albums VALUES(58,'Come Taste The Band',58);
INSERT INTO albums VALUES(59,'Deep Purple In Rock',58);
INSERT INTO albums VALUES(60,'Fireball',58);
INSERT INTO albums VALUES(61,'Knocking at Your Back Door: The Best Of Deep Purple in the 80''s',58);
INSERT INTO albums VALUES(62,'Machine Head',58);
INSERT INTO albums VALUES(63,'Purpendicular',58);
INSERT INTO albums VALUES(64,'Slaves And Masters',58);
INSERT INTO albums VALUES(65,'Stormbringer',58);
INSERT INTO albums VALUES(66,'The Battle Rages On',58);
INSERT INTO albums VALUES(67,'Vault: Def Leppard''s Greatest Hits',78);
INSERT INTO albums VALUES(68,'Outbreak',79);
INSERT INTO albums VALUES(69,'Djavan Ao Vivo - Vol. 02',80);
INSERT INTO albums VALUES(70,'Djavan Ao Vivo - Vol. 1',80);
INSERT INTO albums VALUES(71,'Elis Regina-Minha História',41);
INSERT INTO albums VALUES(72,'The Cream Of Clapton',81);
INSERT INTO albums VALUES(73,'Unplugged',81);
INSERT INTO albums VALUES(74,'Album Of The Year',82);
INSERT INTO albums VALUES(75,'Angel Dust',82);
INSERT INTO albums VALUES(76,'King For A Day Fool For A Lifetime',82);
INSERT INTO albums VALUES(77,'The Real Thing',82);
INSERT INTO albums VALUES(78,'Deixa Entrar',83);
INSERT INTO albums VALUES(79,'In Your Honor [Disc 1]',84);
INSERT INTO albums VALUES(80,'In Your Honor [Disc 2]',84);
INSERT INTO albums VALUES(81,'One By One',84);
INSERT INTO albums VALUES(82,'The Colour And The Shape',84);
INSERT INTO albums VALUES(83,'My Way: The Best Of Frank Sinatra [Disc 1]',85);
INSERT INTO albums VALUES(84,'Roda De Funk',86);
INSERT INTO albums VALUES(85,'As Canções de Eu Tu Eles',27);
INSERT INTO albums VALUES(86,'Quanta Gente Veio Ver (Live)',27);
INSERT INTO albums VALUES(87,'Quanta Gente Veio ver--Bônus De Carnaval',27);
INSERT INTO albums VALUES(88,'Faceless',87);
INSERT INTO albums VALUES(89,'American Idiot',54);
INSERT INTO albums VALUES(90,'Appetite for Destruction',88);
INSERT INTO albums VALUES(91,'Use Your Illusion I',88);
INSERT INTO albums VALUES(92,'Use Your Illusion II',88);
INSERT INTO albums VALUES(93,'Blue Moods',89);
INSERT INTO albums VALUES(94,'A Matter of Life and Death',90);
INSERT INTO albums VALUES(95,'A Real Dead One',90);
INSERT INTO albums VALUES(96,'A Real Live One',90);
INSERT INTO albums VALUES(97,'Brave New World',90);
INSERT INTO albums VALUES(98,'Dance Of Death',90);
INSERT INTO albums VALUES(99,'Fear Of The Dark',90);
INSERT INTO albums VALUES(100,'Iron Maiden',90);
INSERT INTO albums VALUES(101,'Killers',90);
INSERT INTO albums VALUES(102,'Live After Death',90);
INSERT INTO albums VALUES(103,'Live At Donington 1992 (Disc 1)',90);
INSERT INTO albums VALUES(104,'Live At Donington 1992 (Disc 2)',90);
INSERT INTO albums VALUES(105,'No Prayer For The Dying',90);
INSERT INTO albums VALUES(106,'Piece Of Mind',90);
INSERT INTO albums VALUES(107,'Powerslave',90);
INSERT INTO albums VALUES(108,'Rock In Rio [CD1]',90);
INSERT INTO albums VALUES(109,'Rock In Rio [CD2]',90);
INSERT INTO albums VALUES(110,'Seventh Son of a Seventh Son',90);
INSERT INTO albums VALUES(111,'Somewhere in Time',90);
INSERT INTO albums VALUES(112,'The Number of The Beast',90);
INSERT INTO albums VALUES(113,'The X Factor',90);
INSERT INTO albums VALUES(114,'Virtual XI',90);
INSERT INTO albums VALUES(115,'Sex Machine',91);
INSERT INTO albums VALUES(116,'Emergency On Planet Earth',92);
INSERT INTO albums VALUES(117,'Synkronized',92);
INSERT INTO albums VALUES(118,'The Return Of The Space Cowboy',92);
INSERT INTO albums VALUES(119,'Get Born',93);
INSERT INTO albums VALUES(120,'Are You Experienced?',94);
INSERT INTO albums VALUES(121,'Surfing with the Alien (Remastered)',95);
INSERT INTO albums VALUES(122,'Jorge Ben Jor 25 Anos',46);
INSERT INTO albums VALUES(123,'Jota Quest-1995',96);
INSERT INTO albums VALUES(124,'Cafezinho',97);
INSERT INTO albums VALUES(125,'Living After Midnight',98);
INSERT INTO albums VALUES(126,'Unplugged [Live]',52);
INSERT INTO albums VALUES(127,'BBC Sessions [Disc 2] [Live]',22);
INSERT INTO albums VALUES(128,'Coda',22);
INSERT INTO albums VALUES(129,'Houses Of The Holy',22);
INSERT INTO albums VALUES(130,'In Through The Out Door',22);
INSERT INTO albums VALUES(131,'IV',22);
INSERT INTO albums VALUES(132,'Led Zeppelin I',22);
INSERT INTO albums VALUES(133,'Led Zeppelin II',22);
INSERT INTO albums VALUES(134,'Led Zeppelin III',22);
INSERT INTO albums VALUES(135,'Physical Graffiti [Disc 2]',22);
INSERT INTO albums VALUES(136,'Presence',22);
INSERT INTO albums VALUES(137,'The Song Remains The Same (Disc 1)',22);
INSERT INTO albums VALUES(138,'The Song Remains The Same (Disc 2)',22);
INSERT INTO albums VALUES(139,'A TempestadeTempestade Ou O Livro Dos Dias',99);
INSERT INTO albums VALUES(140,'Mais Do Mesmo',99);
INSERT INTO albums VALUES(141,'Greatest Hits',100);
INSERT INTO albums VALUES(142,'Lulu Santos - RCA 100 Anos De Música - Álbum 01',101);
INSERT INTO albums VALUES(143,'Lulu Santos - RCA 100 Anos De Música - Álbum 02',101);
INSERT INTO albums VALUES(144,'Misplaced Childhood',102);
INSERT INTO albums VALUES(145,'Barulhinho Bom',103);
INSERT INTO albums VALUES(146,'Seek And Shall Find: More Of The Best (1963-1981)',104);
INSERT INTO albums VALUES(147,'The Best Of Men At Work',105);
INSERT INTO albums VALUES(148,'Black Album',50);
INSERT INTO albums VALUES(149,'Garage Inc. (Disc 2)',50);
INSERT INTO albums VALUES(150,'Kill ''Em All',50);
INSERT INTO albums VALUES(151,'Load',50);
INSERT INTO albums VALUES(152,'Master Of Puppets',50);
INSERT INTO albums VALUES(153,'ReLoad',50);
INSERT INTO albums VALUES(154,'Ride The Lightning',50);
INSERT INTO albums VALUES(155,'St. Anger',50);
INSERT INTO albums VALUES(156,'...And Justice For All',50);
INSERT INTO albums VALUES(157,'Miles Ahead',68);
INSERT INTO albums VALUES(158,'Milton Nascimento Ao Vivo',42);
INSERT INTO albums VALUES(159,'Minas',42);
INSERT INTO albums VALUES(160,'Ace Of Spades',106);
INSERT INTO albums VALUES(161,'Demorou...',108);
INSERT INTO albums VALUES(162,'Motley Crue Greatest Hits',109);
INSERT INTO albums VALUES(163,'From The Muddy Banks Of The Wishkah [Live]',110);
INSERT INTO albums VALUES(164,'Nevermind',110);
INSERT INTO albums VALUES(165,'Compositores',111);
INSERT INTO albums VALUES(166,'Olodum',112);
INSERT INTO albums VALUES(167,'Acústico MTV',113);
INSERT INTO albums VALUES(168,'Arquivo II',113);
INSERT INTO albums VALUES(169,'Arquivo Os Paralamas Do Sucesso',113);
INSERT INTO albums VALUES(170,'Bark at the Moon (Remastered)',114);
INSERT INTO albums VALUES(171,'Blizzard of Ozz',114);
INSERT INTO albums VALUES(172,'Diary of a Madman (Remastered)',114);
INSERT INTO albums VALUES(173,'No More Tears (Remastered)',114);
INSERT INTO albums VALUES(174,'Tribute',114);
INSERT INTO albums VALUES(175,'Walking Into Clarksdale',115);
INSERT INTO albums VALUES(176,'Original Soundtracks 1',116);
INSERT INTO albums VALUES(177,'The Beast Live',117);
INSERT INTO albums VALUES(178,'Live On Two Legs [Live]',118);
INSERT INTO albums VALUES(179,'Pearl Jam',118);
INSERT INTO albums VALUES(180,'Riot Act',118);
INSERT INTO albums VALUES(181,'Ten',118);
INSERT INTO albums VALUES(182,'Vs.',118);
INSERT INTO albums VALUES(183,'Dark Side Of The Moon',120);
INSERT INTO albums VALUES(184,'Os Cães Ladram Mas A Caravana Não Pára',121);
INSERT INTO albums VALUES(185,'Greatest Hits I',51);
INSERT INTO albums VALUES(186,'News Of The World',51);
INSERT INTO albums VALUES(187,'Out Of Time',122);
INSERT INTO albums VALUES(188,'Green',124);
INSERT INTO albums VALUES(189,'New Adventures In Hi-Fi',124);
INSERT INTO albums VALUES(190,'The Best Of R.E.M.: The IRS Years',124);
INSERT INTO albums VALUES(191,'Cesta Básica',125);
INSERT INTO albums VALUES(192,'Raul Seixas',126);
INSERT INTO albums VALUES(193,'Blood Sugar Sex Magik',127);
INSERT INTO albums VALUES(194,'By The Way',127);
INSERT INTO albums VALUES(195,'Californication',127);
INSERT INTO albums VALUES(196,'Retrospective I (1974-1980)',128);
INSERT INTO albums VALUES(197,'Santana - As Years Go By',59);
INSERT INTO albums VALUES(198,'Santana Live',59);
INSERT INTO albums VALUES(199,'Maquinarama',130);
INSERT INTO albums VALUES(200,'O Samba Poconé',130);
INSERT INTO albums VALUES(201,'Judas 0: B-Sides and Rarities',131);
INSERT INTO albums VALUES(202,'Rotten Apples: Greatest Hits',131);
INSERT INTO albums VALUES(203,'A-Sides',132);
INSERT INTO albums VALUES(204,'Morning Dance',53);
INSERT INTO albums VALUES(205,'In Step',133);
INSERT INTO albums VALUES(206,'Core',134);
INSERT INTO albums VALUES(207,'Mezmerize',135);
INSERT INTO albums VALUES(208,'[1997] Black Light Syndrome',136);
INSERT INTO albums VALUES(209,'Live [Disc 1]',137);
INSERT INTO albums VALUES(210,'Live [Disc 2]',137);
INSERT INTO albums VALUES(211,'The Singles',138);
INSERT INTO albums VALUES(212,'Beyond Good And Evil',139);
INSERT INTO albums VALUES(213,'Pure Cult: The Best Of The Cult (For Rockers, Ravers, Lovers & Sinners) [UK]',139);
INSERT INTO albums VALUES(214,'The Doors',140);
INSERT INTO albums VALUES(215,'The Police Greatest Hits',141);
INSERT INTO albums VALUES(216,'Hot Rocks, 1964-1971 (Disc 1)',142);
INSERT INTO albums VALUES(217,'No Security',142);
INSERT INTO albums VALUES(218,'Voodoo Lounge',142);
INSERT INTO albums VALUES(219,'Tangents',143);
INSERT INTO albums VALUES(220,'Transmission',143);
INSERT INTO albums VALUES(221,'My Generation - The Very Best Of The Who',144);
INSERT INTO albums VALUES(222,'Serie Sem Limite (Disc 1)',145);
INSERT INTO albums VALUES(223,'Serie Sem Limite (Disc 2)',145);
INSERT INTO albums VALUES(224,'Acústico',146);
INSERT INTO albums VALUES(225,'Volume Dois',146);
INSERT INTO albums VALUES(226,'Battlestar Galactica: The Story So Far',147);
INSERT INTO albums VALUES(227,'Battlestar Galactica, Season 3',147);
INSERT INTO albums VALUES(228,'Heroes, Season 1',148);
INSERT INTO albums VALUES(229,'Lost, Season 3',149);
INSERT INTO albums VALUES(230,'Lost, Season 1',149);
INSERT INTO albums VALUES(231,'Lost, Season 2',149);
INSERT INTO albums VALUES(232,'Achtung Baby',150);
INSERT INTO albums VALUES(233,'All That You Can''t Leave Behind',150);
INSERT INTO albums VALUES(234,'B-Sides 1980-1990',150);
INSERT INTO albums VALUES(235,'How To Dismantle An Atomic Bomb',150);
INSERT INTO albums VALUES(236,'Pop',150);
INSERT INTO albums VALUES(237,'Rattle And Hum',150);
INSERT INTO albums VALUES(238,'The Best Of 1980-1990',150);
INSERT INTO albums VALUES(239,'War',150);
INSERT INTO albums VALUES(240,'Zooropa',150);
INSERT INTO albums VALUES(241,'UB40 The Best Of - Volume Two [UK]',151);
INSERT INTO albums VALUES(242,'Diver Down',152);
INSERT INTO albums VALUES(243,'The Best Of Van Halen, Vol. I',152);
INSERT INTO albums VALUES(244,'Van Halen',152);
INSERT INTO albums VALUES(245,'Van Halen III',152);
INSERT INTO albums VALUES(246,'Contraband',153);
INSERT INTO albums VALUES(247,'Vinicius De Moraes',72);
INSERT INTO albums VALUES(248,'Ao Vivo [IMPORT]',155);
INSERT INTO albums VALUES(249,'The Office, Season 1',156);
INSERT INTO albums VALUES(250,'The Office, Season 2',156);
INSERT INTO albums VALUES(251,'The Office, Season 3',156);
INSERT INTO albums VALUES(252,'Un-Led-Ed',157);
INSERT INTO albums VALUES(253,'Battlestar Galactica (Classic), Season 1',158);
INSERT INTO albums VALUES(254,'Aquaman',159);
INSERT INTO albums VALUES(255,'Instant Karma: The Amnesty International Campaign to Save Darfur',150);
INSERT INTO albums VALUES(256,'Speak of the Devil',114);
INSERT INTO albums VALUES(257,'20th Century Masters - The Millennium Collection: The Best of Scorpions',179);
INSERT INTO albums VALUES(258,'House of Pain',180);
INSERT INTO albums VALUES(259,'Radio Brasil (O Som da Jovem Vanguarda) - Seleccao de Henrique Amaro',36);
INSERT INTO albums VALUES(260,'Cake: B-Sides and Rarities',196);
INSERT INTO albums VALUES(261,'LOST, Season 4',149);
INSERT INTO albums VALUES(262,'Quiet Songs',197);
INSERT INTO albums VALUES(263,'Muso Ko',198);
INSERT INTO albums VALUES(264,'Realize',199);
INSERT INTO albums VALUES(265,'Every Kind of Light',200);
INSERT INTO albums VALUES(266,'Duos II',201);
INSERT INTO albums VALUES(267,'Worlds',202);
INSERT INTO albums VALUES(268,'The Best of Beethoven',203);
INSERT INTO albums VALUES(269,'Temple of the Dog',204);
INSERT INTO albums VALUES(270,'Carry On',205);
INSERT INTO albums VALUES(271,'Revelations',8);
INSERT INTO albums VALUES(272,'Adorate Deum: Gregorian Chant from the Proper of the Mass',206);
INSERT INTO albums VALUES(273,'Allegri: Miserere',207);
INSERT INTO albums VALUES(274,'Pachelbel: Canon & Gigue',208);
INSERT INTO albums VALUES(275,'Vivaldi: The Four Seasons',209);
INSERT INTO albums VALUES(276,'Bach: Violin Concertos',210);
INSERT INTO albums VALUES(277,'Bach: Goldberg Variations',211);
INSERT INTO albums VALUES(278,'Bach: The Cello Suites',212);
INSERT INTO albums VALUES(279,'Handel: The Messiah (Highlights)',213);
INSERT INTO albums VALUES(280,'The World of Classical Favourites',214);
INSERT INTO albums VALUES(281,'Sir Neville Marriner: A Celebration',215);
INSERT INTO albums VALUES(282,'Mozart: Wind Concertos',216);
INSERT INTO albums VALUES(283,'Haydn: Symphonies 99 - 104',217);
INSERT INTO albums VALUES(284,'Beethoven: Symhonies Nos. 5 & 6',218);
INSERT INTO albums VALUES(285,'A Soprano Inspired',219);
INSERT INTO albums VALUES(286,'Great Opera Choruses',220);
INSERT INTO albums VALUES(287,'Wagner: Favourite Overtures',221);
INSERT INTO albums VALUES(288,'Fauré: Requiem, Ravel: Pavane & Others',222);
INSERT INTO albums VALUES(289,'Tchaikovsky: The Nutcracker',223);
INSERT INTO albums VALUES(290,'The Last Night of the Proms',224);
INSERT INTO albums VALUES(291,'Puccini: Madama Butterfly - Highlights',225);
INSERT INTO albums VALUES(292,'Holst: The Planets, Op. 32 & Vaughan Williams: Fantasies',226);
INSERT INTO albums VALUES(293,'Pavarotti''s Opera Made Easy',227);
INSERT INTO albums VALUES(294,'Great Performances - Barber''s Adagio and Other Romantic Favorites for Strings',228);
INSERT INTO albums VALUES(295,'Carmina Burana',229);
INSERT INTO albums VALUES(296,'A Copland Celebration, Vol. I',230);
INSERT INTO albums VALUES(297,'Bach: Toccata & Fugue in D Minor',231);
INSERT INTO albums VALUES(298,'Prokofiev: Symphony No.1',232);
INSERT INTO albums VALUES(299,'Scheherazade',233);
INSERT INTO albums VALUES(300,'Bach: The Brandenburg Concertos',234);
INSERT INTO albums VALUES(301,'Chopin: Piano Concertos Nos. 1 & 2',235);
INSERT INTO albums VALUES(302,'Mascagni: Cavalleria Rusticana',236);
INSERT INTO albums VALUES(303,'Sibelius: Finlandia',237);
INSERT INTO albums VALUES(304,'Beethoven Piano Sonatas: Moonlight & Pastorale',238);
INSERT INTO albums VALUES(305,'Great Recordings of the Century - Mahler: Das Lied von der Erde',240);
INSERT INTO albums VALUES(306,'Elgar: Cello Concerto & Vaughan Williams: Fantasias',241);
INSERT INTO albums VALUES(307,'Adams, John: The Chairman Dances',242);
INSERT INTO albums VALUES(308,'Tchaikovsky: 1812 Festival Overture, Op.49, Capriccio Italien & Beethoven: Wellington''s Victory',243);
INSERT INTO albums VALUES(309,'Palestrina: Missa Papae Marcelli & Allegri: Miserere',244);
INSERT INTO albums VALUES(310,'Prokofiev: Romeo & Juliet',245);
INSERT INTO albums VALUES(311,'Strauss: Waltzes',226);
INSERT INTO albums VALUES(312,'Berlioz: Symphonie Fantastique',245);
INSERT INTO albums VALUES(313,'Bizet: Carmen Highlights',246);
INSERT INTO albums VALUES(314,'English Renaissance',247);
INSERT INTO albums VALUES(315,'Handel: Music for the Royal Fireworks (Original Version 1749)',208);
INSERT INTO albums VALUES(316,'Grieg: Peer Gynt Suites & Sibelius: Pelléas et Mélisande',248);
INSERT INTO albums VALUES(317,'Mozart Gala: Famous Arias',249);
INSERT INTO albums VALUES(318,'SCRIABIN: Vers la flamme',250);
INSERT INTO albums VALUES(319,'Armada: Music from the Courts of England and Spain',251);
INSERT INTO albums VALUES(320,'Mozart: Symphonies Nos. 40 & 41',248);
INSERT INTO albums VALUES(321,'Back to Black',252);
INSERT INTO albums VALUES(322,'Frank',252);
INSERT INTO albums VALUES(323,'Carried to Dust (Bonus Track Version)',253);
INSERT INTO albums VALUES(324,'Beethoven: Symphony No. 6 ''Pastoral'' Etc.',254);
INSERT INTO albums VALUES(325,'Bartok: Violin & Viola Concertos',255);
INSERT INTO albums VALUES(326,'Mendelssohn: A Midsummer Night''s Dream',256);
INSERT INTO albums VALUES(327,'Bach: Orchestral Suites Nos. 1 - 4',257);
INSERT INTO albums VALUES(328,'Charpentier: Divertissements, Airs & Concerts',258);
INSERT INTO albums VALUES(329,'South American Getaway',259);
INSERT INTO albums VALUES(330,'Górecki: Symphony No. 3',260);
INSERT INTO albums VALUES(331,'Purcell: The Fairy Queen',261);
INSERT INTO albums VALUES(332,'The Ultimate Relexation Album',262);
INSERT INTO albums VALUES(333,'Purcell: Music for the Queen Mary',263);
INSERT INTO albums VALUES(334,'Weill: The Seven Deadly Sins',264);
INSERT INTO albums VALUES(335,'J.S. Bach: Chaconne, Suite in E Minor, Partita in E Major & Prelude, Fugue and Allegro',265);
INSERT INTO albums VALUES(336,'Prokofiev: Symphony No.5 & Stravinksy: Le Sacre Du Printemps',248);
INSERT INTO albums VALUES(337,'Szymanowski: Piano Works, Vol. 1',266);
INSERT INTO albums VALUES(338,'Nielsen: The Six Symphonies',267);
INSERT INTO albums VALUES(339,'Great Recordings of the Century: Paganini''s 24 Caprices',268);
INSERT INTO albums VALUES(340,'Liszt - 12 Études D''Execution Transcendante',269);
INSERT INTO albums VALUES(341,'Great Recordings of the Century - Shubert: Schwanengesang, 4 Lieder',270);
INSERT INTO albums VALUES(342,'Locatelli: Concertos for Violin, Strings and Continuo, Vol. 3',271);
INSERT INTO albums VALUES(343,'Respighi:Pines of Rome',226);
INSERT INTO albums VALUES(344,'Schubert: The Late String Quartets & String Quintet (3 CD''s)',272);
INSERT INTO albums VALUES(345,'Monteverdi: L''Orfeo',273);
INSERT INTO albums VALUES(346,'Mozart: Chamber Music',274);
INSERT INTO albums VALUES(347,'Koyaanisqatsi (Soundtrack from the Motion Picture)',275);
CREATE TABLE IF NOT EXISTS "artists"
(
    [ArtistId] INTEGER PRIMARY KEY AUTOINCREMENT NOT NULL,
    [Name] NVARCHAR(120)
);
INSERT INTO artists VALUES(1,'AC/DC');
INSERT INTO artists VALUES(2,'Accept');
INSERT INTO artists VALUES(3,'Aerosmith');
INSERT INTO artists VALUES(4,'Alanis Morissette');
INSERT INTO artists VALUES(5,'Alice In Chains');
INSERT INTO artists VALUES(6,'Antônio Carlos Jobim');
INSERT INTO artists VALUES(7,'Apocalyptica');
INSERT INTO artists VALUES(8,'Audioslave');
INSERT INTO artists VALUES(9,'BackBeat');
INSERT INTO artists VALUES(10,'Billy Cobham');
INSERT INTO artists VALUES(11,'Black Label Society');
INSERT INTO artists VALUES(12,'Black Sabbath');
INSERT INTO artists VALUES(13,'Body Count');
INSERT INTO artists VALUES(14,'Bruce Dickinson');
INSERT INTO artists VALUES(15,'Buddy Guy');
INSERT INTO artists VALUES(16,'Caetano Veloso');
INSERT INTO artists VALUES(17,'Chico Buarque');
INSERT INTO artists VALUES(18,'Chico Science & Nação Zumbi');
INSERT INTO artists VALUES(19,'Cidade Negra');
INSERT INTO artists VALUES(20,'Cláudio Zoli');
INSERT INTO artists VALUES(21,'Various Artists');
INSERT INTO artists VALUES(22,'Led Zeppelin');
INSERT INTO artists VALUES(23,'Frank Zappa & Captain Beefheart');
INSERT INTO artists VALUES(24,'Marcos Valle');
INSERT INTO artists VALUES(25,'Milton Nascimento & Bebeto');
INSERT INTO artists VALUES(26,'Azymuth');
INSERT INTO artists VALUES(27,'Gilberto Gil');
INSERT INTO artists VALUES(28,'João Gilberto');
INSERT INTO artists VALUES(29,'Bebel Gilberto');
INSERT INTO artists VALUES(30,'Jorge Vercilo');
INSERT INTO artists VALUES(31,'Baby Consuelo');
INSERT INTO artists VALUES(32,'Ney Matogrosso');
INSERT INTO artists VALUES(33,'Luiz Melodia');
INSERT INTO artists VALUES(34,'Nando Reis');
INSERT INTO artists VALUES(35,'Pedro Luís & A Parede');
INSERT INTO artists VALUES(36,'O Rappa');
INSERT INTO artists VALUES(37,'Ed Motta');
INSERT INTO artists VALUES(38,'Banda Black Rio');
INSERT INTO artists VALUES(39,'Fernanda Porto');
INSERT INTO artists VALUES(40,'Os Cariocas');
INSERT INTO artists VALUES(41,'Elis Regina');
INSERT INTO artists VALUES(42,'Milton Nascimento');
INSERT INTO artists VALUES(43,'A Cor Do Som');
INSERT INTO artists VALUES(44,'Kid Abelha');
INSERT INTO artists VALUES(45,'Sandra De Sá');
INSERT INTO artists VALUES(46,'Jorge Ben');
INSERT INTO artists VALUES(47,'Hermeto Pascoal');
INSERT INTO artists VALUES(48,'Barão Vermelho');
INSERT INTO artists VALUES(49,'Edson, DJ Marky & DJ Patife Featuring Fernanda Porto');
INSERT INTO artists VALUES(50,'Metallica');
INSERT INTO artists VALUES(51,'Queen');
INSERT INTO artists VALUES(52,'Kiss');
INSERT INTO artists VALUES(53,'Spyro Gyra');
INSERT INTO artists VALUES(54,'Green Day');
INSERT INTO artists VALUES(55,'David Coverdale');
INSERT INTO artists VALUES(56,'Gonzaguinha');
INSERT INTO artists VALUES(57,'Os Mutantes');
INSERT INTO artists VALUES(58,'Deep Purple');
INSERT INTO artists VALUES(59,'Santana');
INSERT INTO artists VALUES(60,'Santana Feat. Dave Matthews');
INSERT INTO artists VALUES(61,'Santana Feat. Everlast');
INSERT INTO artists VALUES(62,'Santana Feat. Rob Thomas');
INSERT INTO artists VALUES(63,'Santana Feat. Lauryn Hill & Cee-Lo');
INSERT INTO artists VALUES(64,'Santana Feat. The Project G&B');
INSERT INTO artists VALUES(65,'Santana Feat. Maná');
INSERT INTO artists VALUES(66,'Santana Feat. Eagle-Eye Cherry');
INSERT INTO artists VALUES(67,'Santana Feat. Eric Clapton');
INSERT INTO artists VALUES(68,'Miles Davis');
INSERT INTO artists VALUES(69,'Gene Krupa');
INSERT INTO artists VALUES(70,'Toquinho & Vinícius');
INSERT INTO artists VALUES(71,'Vinícius De Moraes & Baden Powell');
INSERT INTO artists VALUES(72,'Vinícius De Moraes');
INSERT INTO artists VALUES(73,'Vinícius E Qurteto Em Cy');
INSERT INTO artists VALUES(74,'Vinícius E Odette Lara');
INSERT INTO artists VALUES(75,'Vinicius, Toquinho & Quarteto Em Cy');
INSERT INTO artists VALUES(76,'Creedence Clearwater Revival');
INSERT INTO artists VALUES(77,'Cássia Eller');
INSERT INTO artists VALUES(78,'Def Leppard');
INSERT INTO artists VALUES(79,'Dennis Chambers');
INSERT INTO artists VALUES(80,'Djavan');
INSERT INTO artists VALUES(81,'Eric Clapton');
INSERT INTO artists VALUES(82,'Faith No More');
INSERT INTO artists VALUES(83,'Falamansa');
INSERT INTO artists VALUES(84,'Foo Fighters');
INSERT INTO artists VALUES(85,'Frank Sinatra');
INSERT INTO artists VALUES(86,'Funk Como Le Gusta');
INSERT INTO artists VALUES(87,'Godsmack');
INSERT INTO artists VALUES(88,'Guns N'' Roses');
INSERT INTO artists VALUES(89,'Incognito');
INSERT INTO artists VALUES(90,'Iron Maiden');
INSERT INTO artists VALUES(91,'James Brown');
INSERT INTO artists VALUES(92,'Jamiroquai');
INSERT INTO artists VALUES(93,'JET');
INSERT INTO artists VALUES(94,'Jimi Hendrix');
INSERT INTO artists VALUES(95,'Joe Satriani');
INSERT INTO artists VALUES(96,'Jota Quest');
INSERT INTO artists VALUES(97,'João Suplicy');
INSERT INTO artists VALUES(98,'Judas Priest');
INSERT INTO artists VALUES(99,'Legião Urbana');
INSERT INTO artists VALUES(100,'Lenny Kravitz');
INSERT INTO artists VALUES(101,'Lulu Santos');
INSERT INTO artists VALUES(102,'Marillion');
INSERT INTO artists VALUES(103,'Marisa Monte');
INSERT INTO artists VALUES(104,'Marvin Gaye');
INSERT INTO artists VALUES(105,'Men At Work');
INSERT INTO artists VALUES(106,'Motörhead');
INSERT INTO artists VALUES(107,'Motörhead & Girlschool');
INSERT INTO artists VALUES(108,'Mônica Marianno');
INSERT INTO artists VALUES(109,'Mötley Crüe');
INSERT INTO artists VALUES(110,'Nirvana');
INSERT INTO artists VALUES(111,'O Terço');
INSERT INTO artists VALUES(112,'Olodum');
INSERT INTO artists VALUES(113,'Os Paralamas Do Sucesso');
INSERT INTO artists VALUES(114,'Ozzy Osbourne');
INSERT INTO artists VALUES(115,'Page & Plant');
INSERT INTO artists VALUES(116,'Passengers');
INSERT INTO artists VALUES(117,'Paul D''Ianno');
INSERT INTO artists VALUES(118,'Pearl Jam');
INSERT INTO artists VALUES(119,'Peter Tosh');
INSERT INTO artists VALUES(120,'Pink Floyd');
INSERT INTO artists VALUES(121,'Planet Hemp');
INSERT INTO artists VALUES(122,'R.E.M. Feat. Kate Pearson');
INSERT INTO artists VALUES(123,'R.E.M. Feat. KRS-One');
INSERT INTO artists VALUES(124,'R.E.M.');
INSERT INTO artists VALUES(125,'Raimundos');
INSERT INTO artists VALUES(126,'Raul Seixas');
INSERT INTO artists VALUES(127,'Red Hot Chili Peppers');
INSERT INTO artists VALUES(128,'Rush');
INSERT INTO artists VALUES(129,'Simply Red');
INSERT INTO artists VALUES(130,'Skank');
INSERT INTO artists VALUES(131,'Smashing Pumpkins');
INSERT INTO artists VALUES(132,'Soundgarden');
INSERT INTO artists VALUES(133,'Stevie Ray Vaughan & Double Trouble');
INSERT INTO artists VALUES(134,'Stone Temple Pilots');
INSERT INTO artists VALUES(135,'System Of A Down');
INSERT INTO artists VALUES(136,'Terry Bozzio, Tony Levin & Steve Stevens');
INSERT INTO artists VALUES(137,'The Black Crowes');
INSERT INTO artists VALUES(138,'The Clash');
INSERT INTO artists VALUES(139,'The Cult');
INSERT INTO artists VALUES(140,'The Doors');
INSERT INTO artists VALUES(141,'The Police');
INSERT INTO artists VALUES(142,'The Rolling Stones');
INSERT INTO artists VALUES(143,'The Tea Party');
INSERT INTO artists VALUES(144,'The Who');
INSERT INTO artists VALUES(145,'Tim Maia');
INSERT INTO artists VALUES(146,'Titãs');
INSERT INTO artists VALUES(147,'Battlestar Galactica');
INSERT INTO artists VALUES(148,'Heroes');
INSERT INTO artists VALUES(149,'Lost');
INSERT INTO artists VALUES(150,'U2');
INSERT INTO artists VALUES(151,'UB40');
INSERT INTO artists VALUES(152,'Van Halen');
INSERT INTO artists VALUES(153,'Velvet Revolver');
INSERT INTO artists VALUES(154,'Whitesnake');
INSERT INTO artists VALUES(155,'Zeca Pagodinho');
INSERT INTO artists VALUES(156,'The Office');
INSERT INTO artists VALUES(157,'Dread Zeppelin');
INSERT INTO artists VALUES(158,'Battlestar Galactica (Classic)');
INSERT INTO artists VALUES(159,'Aquaman');
INSERT INTO artists VALUES(160,'Christina Aguilera featuring BigElf');
INSERT INTO artists VALUES(161,'Aerosmith & Sierra Leone''s Refugee Allstars');
INSERT INTO artists VALUES(162,'Los Lonely Boys');
INSERT INTO artists VALUES(163,'Corinne Bailey Rae');
INSERT INTO artists VALUES(164,'Dhani Harrison & Jakob Dylan');
INSERT INTO artists VALUES(165,'Jackson Browne');
INSERT INTO artists VALUES(166,'Avril Lavigne');
INSERT INTO artists VALUES(167,'Big & Rich');
INSERT INTO artists VALUES(168,'Youssou N''Dour');
INSERT INTO artists VALUES(169,'Black Eyed Peas');
INSERT INTO artists VALUES(170,'Jack Johnson');
INSERT INTO artists VALUES(171,'Ben Harper');
INSERT INTO artists VALUES(172,'Snow Patrol');
INSERT INTO artists VALUES(173,'Matisyahu');
INSERT INTO artists VALUES(174,'The Postal Service');
INSERT INTO artists VALUES(175,'Jaguares');
INSERT INTO artists VALUES(176,'The Flaming Lips');
INSERT INTO artists VALUES(177,'Jack''s Mannequin & Mick Fleetwood');
INSERT INTO artists VALUES(178,'Regina Spektor');
INSERT INTO artists VALUES(179,'Scorpions');
INSERT INTO artists VALUES(180,'House Of Pain');
INSERT INTO artists VALUES(181,'Xis');
INSERT INTO artists VALUES(182,'Nega Gizza');
INSERT INTO artists VALUES(183,'Gustavo & Andres Veiga & Salazar');
INSERT INTO artists VALUES(184,'Rodox');
INSERT INTO artists VALUES(185,'Charlie Brown Jr.');
INSERT INTO artists VALUES(186,'Pedro Luís E A Parede');
INSERT INTO artists VALUES(187,'Los Hermanos');
INSERT INTO artists VALUES(188,'Mundo Livre S/A');
INSERT INTO artists VALUES(189,'Otto');
INSERT INTO artists VALUES(190,'Instituto');
INSERT INTO artists VALUES(191,'Nação Zumbi');
INSERT INTO artists VALUES(192,'DJ Dolores & Orchestra Santa Massa');
INSERT INTO artists VALUES(193,'Seu Jorge');
INSERT INTO artists VALUES(194,'Sabotage E Instituto');
INSERT INTO artists VALUES(195,'Stereo Maracana');
INSERT INTO artists VALUES(196,'Cake');
INSERT INTO artists VALUES(197,'Aisha Duo');
INSERT INTO artists VALUES(198,'Habib Koité and Bamada');
INSERT INTO artists VALUES(199,'Karsh Kale');
INSERT INTO artists VALUES(200,'The Posies');
INSERT INTO artists VALUES(201,'Luciana Souza/Romero Lubambo');
INSERT INTO artists VALUES(202,'Aaron Goldberg');
INSERT INTO artists VALUES(203,'Nicolaus Esterhazy Sinfonia');
INSERT INTO artists VALUES(204,'Temple of the Dog');
INSERT INTO artists VALUES(205,'Chris Cornell');
INSERT INTO artists VALUES(206,'Alberto Turco & Nova Schola Gregoriana');
INSERT INTO artists VALUES(207,'Richard Marlow & The Choir of Trinity College, Cambridge');
INSERT INTO artists VALUES(208,'English Concert & Trevor Pinnock');
INSERT INTO artists VALUES(209,'Anne-Sophie Mutter, Herbert Von Karajan & Wiener Philharmoniker');
INSERT INTO artists VALUES(210,'Hilary Hahn, Jeffrey Kahane, Los Angeles Chamber Orchestra & Margaret Batjer');
INSERT INTO artists VALUES(211,'Wilhelm Kempff');
INSERT INTO artists VALUES(212,'Yo-Yo Ma');
INSERT INTO artists VALUES(213,'Scholars Baroque Ensemble');
INSERT INTO artists VALUES(214,'Academy of St. Martin in the Fields & Sir Neville Marriner');
INSERT INTO artists VALUES(215,'Academy of St. Martin in the Fields Chamber Ensemble & Sir Neville Marriner');
INSERT INTO artists VALUES(216,'Berliner Philharmoniker, Claudio Abbado & Sabine Meyer');
INSERT INTO artists VALUES(217,'Royal Philharmonic Orchestra & Sir Thomas Beecham');
INSERT INTO artists VALUES(218,'Orchestre Révolutionnaire et Romantique & John Eliot Gardiner');
INSERT INTO artists VALUES(219,'Britten Sinfonia, Ivor Bolton & Lesley Garrett');
INSERT INTO artists VALUES(220,'Chicago Symphony Chorus, Chicago Symphony Orchestra & Sir Georg Solti');
INSERT INTO artists VALUES(221,'Sir Georg Solti & Wiener Philharmoniker');
INSERT INTO artists VALUES(222,'Academy of St. Martin in the Fields, John Birch, Sir Neville Marriner & Sylvia McNair');
INSERT INTO artists VALUES(223,'London Symphony Orchestra & Sir Charles Mackerras');
INSERT INTO artists VALUES(224,'Barry Wordsworth & BBC Concert Orchestra');
INSERT INTO artists VALUES(225,'Herbert Von Karajan, Mirella Freni & Wiener Philharmoniker');
INSERT INTO artists VALUES(226,'Eugene Ormandy');
INSERT INTO artists VALUES(227,'Luciano Pavarotti');
INSERT INTO artists VALUES(228,'Leonard Bernstein & New York Philharmonic');
INSERT INTO artists VALUES(229,'Boston Symphony Orchestra & Seiji Ozawa');
INSERT INTO artists VALUES(230,'Aaron Copland & London Symphony Orchestra');
INSERT INTO artists VALUES(231,'Ton Koopman');
INSERT INTO artists VALUES(232,'Sergei Prokofiev & Yuri Temirkanov');
INSERT INTO artists VALUES(233,'Chicago Symphony Orchestra & Fritz Reiner');
INSERT INTO artists VALUES(234,'Orchestra of The Age of Enlightenment');
INSERT INTO artists VALUES(235,'Emanuel Ax, Eugene Ormandy & Philadelphia Orchestra');
INSERT INTO artists VALUES(236,'James Levine');
INSERT INTO artists VALUES(237,'Berliner Philharmoniker & Hans Rosbaud');
INSERT INTO artists VALUES(238,'Maurizio Pollini');
INSERT INTO artists VALUES(239,'Academy of St. Martin in the Fields, Sir Neville Marriner & William Bennett');
INSERT INTO artists VALUES(240,'Gustav Mahler');
INSERT INTO artists VALUES(241,'Felix Schmidt, London Symphony Orchestra & Rafael Frühbeck de Burgos');
INSERT INTO artists VALUES(242,'Edo de Waart & San Francisco Symphony');
INSERT INTO artists VALUES(243,'Antal Doráti & London Symphony Orchestra');
INSERT INTO artists VALUES(244,'Choir Of Westminster Abbey & Simon Preston');
INSERT INTO artists VALUES(245,'Michael Tilson Thomas & San Francisco Symphony');
INSERT INTO artists VALUES(246,'Chor der Wiener Staatsoper, Herbert Von Karajan & Wiener Philharmoniker');
INSERT INTO artists VALUES(247,'The King''s Singers');
INSERT INTO artists VALUES(248,'Berliner Philharmoniker & Herbert Von Karajan');
INSERT INTO artists VALUES(249,'Sir Georg Solti, Sumi Jo & Wiener Philharmoniker');
INSERT INTO artists VALUES(250,'Christopher O''Riley');
INSERT INTO artists VALUES(251,'Fretwork');
INSERT INTO artists VALUES(252,'Amy Winehouse');
INSERT INTO artists VALUES(253,'Calexico');
INSERT INTO artists VALUES(254,'Otto Klemperer & Philharmonia Orchestra');
INSERT INTO artists VALUES(255,'Yehudi Menuhin');
INSERT INTO artists VALUES(256,'Philharmonia Orchestra & Sir Neville Marriner');
INSERT INTO artists VALUES(257,'Academy of St. Martin in the Fields, Sir Neville Marriner & Thurston Dart');
INSERT INTO artists VALUES(258,'Les Arts Florissants & William Christie');
INSERT INTO artists VALUES(259,'The 12 Cellists of The Berlin Philharmonic');
INSERT INTO artists VALUES(260,'Adrian Leaper & Doreen de Feis');
INSERT INTO artists VALUES(261,'Roger Norrington, London Classical Players');
INSERT INTO artists VALUES(262,'Charles Dutoit & L''Orchestre Symphonique de Montréal');
INSERT INTO artists VALUES(263,'Equale Brass Ensemble, John Eliot Gardiner & Munich Monteverdi Orchestra and Choir');
INSERT INTO artists VALUES(264,'Kent Nagano and Orchestre de l''Opéra de Lyon');
INSERT INTO artists VALUES(265,'Julian Bream');
INSERT INTO artists VALUES(266,'Martin Roscoe');
INSERT INTO artists VALUES(267,'Göteborgs Symfoniker & Neeme Järvi');
INSERT INTO artists VALUES(268,'Itzhak Perlman');
INSERT INTO artists VALUES(269,'Michele Campanella');
INSERT INTO artists VALUES(270,'Gerald Moore');
INSERT INTO artists VALUES(271,'Mela Tenenbaum, Pro Musica Prague & Richard Kapp');
INSERT INTO artists VALUES(272,'Emerson String Quartet');
INSERT INTO artists VALUES(273,'C. Monteverdi, Nigel Rogers - Chiaroscuro; London Baroque; London Cornett & Sackbu');
INSERT INTO artists VALUES(274,'Nash Ensemble');
INSERT INTO artists VALUES(275,'Philip Glass Ensemble');
CREATE TABLE IF NOT EXISTS "customers"
(
    [CustomerId] INTEGER PRIMARY KEY AUTOINCREMENT NOT NULL,
    [FirstName] NVARCHAR(40)  NOT NULL,
    [LastName] NVARCHAR(20)  NOT NULL,
    [Company] NVARCHAR(80),
    [Address] NVARCHAR(70),
    [City] NVARCHAR(40),
    [State] NVARCHAR(40),
    [Country] NVARCHAR(40),
    [PostalCode] NVARCHAR(10),
    [Phone] NVARCHAR(24),
    [Fax] NVARCHAR(24),
    [Email] NVARCHAR(60)  NOT NULL,
    [SupportRepId] INTEGER,
    FOREIGN KEY ([SupportRepId]) REFERENCES "employees" ([EmployeeId]) 
		ON DELETE NO ACTION ON UPDATE NO ACTION
);
INSERT INTO customers VALUES(1,'Luís','Gonçalves','Embraer - Empresa Brasileira de Aeronáutica S.A.','Av. Brigadeiro Faria Lima, 2170','São José dos Campos','SP','Brazil','12227-000','+55 (12) 3923-5555','+55 (12) 3923-5566','luisg@embraer.com.br',3);
INSERT INTO customers VALUES(2,'Leonie','Köhler',NULL,'Theodor-Heuss-Straße 34','Stuttgart',NULL,'Germany','70174','+49 0711 2842222',NULL,'leonekohler@surfeu.de',5);
INSERT INTO customers VALUES(3,'François','Tremblay',NULL,'1498 rue Bélanger','Montréal','QC','Canada','H2G 1A7','+1 (514) 721-4711',NULL,'ftremblay@gmail.com',3);
INSERT INTO customers VALUES(4,'Bjørn','Hansen',NULL,'Ullevålsveien 14','Oslo',NULL,'Norway','0171','+47 22 44 22 22',NULL,'bjorn.hansen@yahoo.no',4);
INSERT INTO customers VALUES(5,'František','Wichterlová','JetBrains s.r.o.','Klanova 9/506','Prague',NULL,'Czech Republic','14700','+420 2 4172 5555','+420 2 4172 5555','frantisekw@jetbrains.com',4);
INSERT INTO customers VALUES(6,'Helena','Holý',NULL,'Rilská 3174/6','Prague',NULL,'Czech Republic','14300','+420 2 4177 0449',NULL,'hholy@gmail.com',5);
INSERT INTO customers VALUES(7,'Astrid','Gruber',NULL,'Rotenturmstraße 4, 1010 Innere Stadt','Vienne',NULL,'Austria','1010','+43 01 5134505',NULL,'astrid.gruber@apple.at',5);
INSERT INTO customers VALUES(8,'Daan','Peeters',NULL,'Grétrystraat 63','Brussels',NULL,'Belgium','1000','+32 02 219 03 03',NULL,'daan_peeters@apple.be',4);
INSERT INTO customers VALUES(9,'Kara','Nielsen',NULL,'Sønder Boulevard 51','Copenhagen',NULL,'Denmark','1720','+453 3331 9991',NULL,'kara.nielsen@jubii.dk',4);
INSERT INTO customers VALUES(10,'Eduardo','Martins','Woodstock Discos','Rua Dr. Falcão Filho, 155','São Paulo','SP','Brazil','01007-010','+55 (11) 3033-5446','+55 (11) 3033-4564','eduardo@woodstock.com.br',4);
INSERT INTO customers VALUES(11,'Alexandre','Rocha','Banco do Brasil S.A.','Av. Paulista, 2022','São Paulo','SP','Brazil','01310-200','+55 (11) 3055-3278','+55 (11) 3055-8131','alero@uol.com.br',5);
INSERT INTO customers VALUES(12,'Roberto','Almeida','Riotur','Praça Pio X, 119','Rio de Janeiro','RJ','Brazil','20040-020','+55 (21) 2271-7000','+55 (21) 2271-7070','roberto.almeida@riotur.gov.br',3);
INSERT INTO customers VALUES(13,'Fernanda','Ramos',NULL,'Qe 7 Bloco G','Brasília','DF','Brazil','71020-677','+55 (61) 3363-5547','+55 (61) 3363-7855','fernadaramos4@uol.com.br',4);
INSERT INTO customers VALUES(14,'Mark','Philips','Telus','8210 111 ST NW','Edmonton','AB','Canada','T6G 2C7','+1 (780) 434-4554','+1 (780) 434-5565','mphilips12@shaw.ca',5);
INSERT INTO customers VALUES(15,'Jennifer','Peterson','Rogers Canada','700 W Pender Street','Vancouver','BC','Canada','V6C 1G8','+1 (604) 688-2255','+1 (604) 688-8756','jenniferp@rogers.ca',3);
INSERT INTO customers VALUES(16,'Frank','Harris','Google Inc.','1600 Amphitheatre Parkway','Mountain View','CA','USA','94043-1351','+1 (650) 253-0000','+1 (650) 253-0000','fharris@google.com',4);
INSERT INTO customers VALUES(17,'Jack','Smith','Microsoft Corporation','1 Microsoft Way','Redmond','WA','USA','98052-8300','+1 (425) 882-8080','+1 (425) 882-8081','jacksmith@microsoft.com',5);
INSERT INTO customers VALUES(18,'Michelle','Brooks',NULL,'627 Broadway','New York','NY','USA','10012-2612','+1 (212) 221-3546','+1 (212) 221-4679','michelleb@aol.com',3);
INSERT INTO customers VALUES(19,'Tim','Goyer','Apple Inc.','1 Infinite Loop','Cupertino','CA','USA','95014','+1 (408) 996-1010','+1 (408) 996-1011','tgoyer@apple.com',3);
INSERT INTO customers VALUES(20,'Dan','Miller',NULL,'541 Del Medio Avenue','Mountain View','CA','USA','94040-111','+1 (650) 644-3358',NULL,'dmiller@comcast.com',4);
INSERT INTO customers VALUES(21,'Kathy','Chase',NULL,'801 W 4th Street','Reno','NV','USA','89503','+1 (775) 223-7665',NULL,'kachase@hotmail.com',5);
INSERT INTO customers VALUES(22,'Heather','Leacock',NULL,'120 S Orange Ave','Orlando','FL','USA','32801','+1 (407) 999-7788',NULL,'hleacock@gmail.com',4);
INSERT INTO customers VALUES(23,'John','Gordon',NULL,'69 Salem Street','Boston','MA','USA','2113','+1 (617) 522-1333',NULL,'johngordon22@yahoo.com',4);
INSERT INTO customers VALUES(24,'Frank','Ralston',NULL,'162 E Superior Street','Chicago','IL','USA','60611','+1 (312) 332-3232',NULL,'fralston@gmail.com',3);
INSERT INTO customers VALUES(25,'Victor','Stevens',NULL,'319 N. Frances Street','Madison','WI','USA','53703','+1 (608) 257-0597',NULL,'vstevens@yahoo.com',5);
INSERT INTO customers VALUES(26,'Richard','Cunningham',NULL,'2211 W Berry Street','Fort Worth','TX','USA','76110','+1 (817) 924-7272',NULL,'ricunningham@hotmail.com',4);
INSERT INTO customers VALUES(27,'Patrick','Gray',NULL,'1033 N Park Ave','Tucson','AZ','USA','85719','+1 (520) 622-4200',NULL,'patrick.gray@aol.com',4);
INSERT INTO customers VALUES(28,'Julia','Barnett',NULL,'302 S 700 E','Salt Lake City','UT','USA','84102','+1 (801) 531-7272',NULL,'jubarnett@gmail.com',5);
INSERT INTO customers VALUES(29,'Robert','Brown',NULL,'796 Dundas Street West','Toronto','ON','Canada','M6J 1V1','+1 (416) 363-8888',NULL,'robbrown@shaw.ca',3);
INSERT INTO customers VALUES(30,'Edward','Francis',NULL,'230 Elgin Street','Ottawa','ON','Canada','K2P 1L7','+1 (613) 234-3322',NULL,'edfrancis@yachoo.ca',3);
INSERT INTO customers VALUES(31,'Martha','Silk',NULL,'194A Chain Lake Drive','Halifax','NS','Canada','B3S 1C5','+1 (902) 450-0450',NULL,'marthasilk@gmail.com',5);
INSERT INTO customers VALUES(32,'Aaron','Mitchell',NULL,'696 Osborne Street','Winnipeg','MB','Canada','R3L 2B9','+1 (204) 452-6452',NULL,'aaronmitchell@yahoo.ca',4);
INSERT INTO customers VALUES(33,'Ellie','Sullivan',NULL,'5112 48 Street','Yellowknife','NT','Canada','X1A 1N6','+1 (867) 920-2233',NULL,'ellie.sullivan@shaw.ca',3);
INSERT INTO customers VALUES(34,'João','Fernandes',NULL,'Rua da Assunção 53','Lisbon',NULL,'Portugal',NULL,'+351 (213) 466-111',NULL,'jfernandes@yahoo.pt',4);
INSERT INTO customers VALUES(35,'Madalena','Sampaio',NULL,'Rua dos Campeões Europeus de Viena, 4350','Porto',NULL,'Portugal',NULL,'+351 (225) 022-448',NULL,'masampaio@sapo.pt',4);
INSERT INTO customers VALUES(36,'Hannah','Schneider',NULL,'Tauentzienstraße 8','Berlin',NULL,'Germany','10789','+49 030 26550280',NULL,'hannah.schneider@yahoo.de',5);
INSERT INTO customers VALUES(37,'Fynn','Zimmermann',NULL,'Berger Straße 10','Frankfurt',NULL,'Germany','60316','+49 069 40598889',NULL,'fzimmermann@yahoo.de',3);
INSERT INTO customers VALUES(38,'Niklas','Schröder',NULL,'Barbarossastraße 19','Berlin',NULL,'Germany','10779','+49 030 2141444',NULL,'nschroder@surfeu.de',3);
INSERT INTO customers VALUES(39,'Camille','Bernard',NULL,'4, Rue Milton','Paris',NULL,'France','75009','+33 01 49 70 65 65',NULL,'camille.bernard@yahoo.fr',4);
INSERT INTO customers VALUES(40,'Dominique','Lefebvre',NULL,'8, Rue Hanovre','Paris',NULL,'France','75002','+33 01 47 42 71 71',NULL,'dominiquelefebvre@gmail.com',4);
INSERT INTO customers VALUES(41,'Marc','Dubois',NULL,'11, Place Bellecour','Lyon',NULL,'France','69002','+33 04 78 30 30 30',NULL,'marc.dubois@hotmail.com',5);
INSERT INTO customers VALUES(42,'Wyatt','Girard',NULL,'9, Place Louis Barthou','Bordeaux',NULL,'France','33000','+33 05 56 96 96 96',NULL,'wyatt.girard@yahoo.fr',3);
INSERT INTO customers VALUES(43,'Isabelle','Mercier',NULL,'68, Rue Jouvence','Dijon',NULL,'France','21000','+33 03 80 73 66 99',NULL,'isabelle_mercier@apple.fr',3);
INSERT INTO customers VALUES(44,'Terhi','Hämäläinen',NULL,'Porthaninkatu 9','Helsinki',NULL,'Finland','00530','+358 09 870 2000',NULL,'terhi.hamalainen@apple.fi',3);
INSERT INTO customers VALUES(45,'Ladislav','Kovács',NULL,'Erzsébet krt. 58.','Budapest',NULL,'Hungary','H-1073',NULL,NULL,'ladislav_kovacs@apple.hu',3);
INSERT INTO customers VALUES(46,'Hugh','O''Reilly',NULL,'3 Chatham Street','Dublin','Dublin','Ireland',NULL,'+353 01 6792424',NULL,'hughoreilly@apple.ie',3);
INSERT INTO customers VALUES(47,'Lucas','Mancini',NULL,'Via Degli Scipioni, 43','Rome','RM','Italy','00192','+39 06 39733434',NULL,'lucas.mancini@yahoo.it',5);
INSERT INTO customers VALUES(48,'Johannes','Van der Berg',NULL,'Lijnbaansgracht 120bg','Amsterdam','VV','Netherlands','1016','+31 020 6223130',NULL,'johavanderberg@yahoo.nl',5);
INSERT INTO customers VALUES(49,'Stanisław','Wójcik',NULL,'Ordynacka 10','Warsaw',NULL,'Poland','00-358','+48 22 828 37 39',NULL,'stanisław.wójcik@wp.pl',4);
INSERT INTO customers VALUES(50,'Enrique','Muñoz',NULL,'C/ San Bernardo 85','Madrid',NULL,'Spain','28015','+34 914 454 454',NULL,'enrique_munoz@yahoo.es',5);
INSERT INTO customers VALUES(51,'Joakim','Johansson',NULL,'Celsiusg. 9','Stockholm',NULL,'Sweden','11230','+46 08-651 52 52',NULL,'joakim.johansson@yahoo.se',5);
INSERT INTO customers VALUES(52,'Emma','Jones',NULL,'202 Hoxton Street','London',NULL,'United Kingdom','N1 5LH','+44 020 7707 0707',NULL,'emma_jones@hotmail.com',3);
INSERT INTO customers VALUES(53,'Phil','Hughes',NULL,'113 Lupus St','London',NULL,'United Kingdom','SW1V 3EN','+44 020 7976 5722',NULL,'phil.hughes@gmail.com',3);
INSERT INTO customers VALUES(54,'Steve','Murray',NULL,'110 Raeburn Pl','Edinburgh ',NULL,'United Kingdom','EH4 1HH','+44 0131 315 3300',NULL,'steve.murray@yahoo.uk',5);
INSERT INTO customers VALUES(55,'Mark','Taylor',NULL,'421 Bourke Street','Sidney','NSW','Australia','2010','+61 (02) 9332 3633',NULL,'mark.taylor@yahoo.au',4);
INSERT INTO customers VALUES(56,'Diego','Gutiérrez',NULL,'307 Macacha Güemes','Buenos Aires',NULL,'Argentina','1106','+54 (0)11 4311 4333',NULL,'diego.gutierrez@yahoo.ar',4);
INSERT INTO customers VALUES(57,'Luis','Rojas',NULL,'Calle Lira, 198','Santiago',NULL,'Chile',NULL,'+56 (0)2 635 4444',NULL,'luisrojas@yahoo.cl',5);
INSERT INTO customers VALUES(58,'Manoj','Pareek',NULL,'12,Community Centre','Delhi',NULL,'India','110017','+91 0124 39883988',NULL,'manoj.pareek@rediff.com',3);
INSERT INTO customers VALUES(59,'Puja','Srivastava',NULL,'3,Raj Bhavan Road','Bangalore',NULL,'India','560001','+91 080 22289999',NULL,'puja_srivastava@yahoo.in',3);
CREATE TABLE IF NOT EXISTS "employees"
(
    [EmployeeId] INTEGER PRIMARY KEY AUTOINCREMENT NOT NULL,
    [LastName] NVARCHAR(20)  NOT NULL,
    [FirstName] NVARCHAR(20)  NOT NULL,
    [Title] NVARCHAR(30),
    [ReportsTo] INTEGER,
    [BirthDate] DATETIME,
    [HireDate] DATETIME,
    [Address] NVARCHAR(70),
    [City] NVARCHAR(40),
    [State] NVARCHAR(40),
    [Country] NVARCHAR(40),
    [PostalCode] NVARCHAR(10),
    [Phone] NVARCHAR(24),
    [Fax] NVARCHAR(24),
    [Email] NVARCHAR(60),
    FOREIGN KEY ([ReportsTo]) REFERENCES "employees" ([EmployeeId]) 
		ON DELETE NO ACTION ON UPDATE NO ACTION
);
INSERT INTO employees VALUES(1,'Adams','Andrew','General Manager',NULL,'1962-02-18 00:00:00','2002-08-14 00:00:00','11120 Jasper Ave NW','Edmonton','AB','Canada','T5K 2N1','+1 (780) 428-9482','+1 (780) 428-3457','andrew@chinookcorp.com');
INSERT INTO employees VALUES(2,'Edwards','Nancy','Sales Manager',1,'1958-12-08 00:00:00','2002-05-01 00:00:00','825 8 Ave SW','Calgary','AB','Canada','T2P 2T3','+1 (403) 262-3443','+1 (403) 262-3322','nancy@chinookcorp.com');
INSERT INTO employees VALUES(3,'Peacock','Jane','Sales Support Agent',2,'1973-08-29 00:00:00','2002-04-01 00:00:00','1111 6 Ave SW','Calgary','AB','Canada','T2P 5M5','+1 (403) 262-3443','+1 (403) 262-6712','jane@chinookcorp.com');
INSERT INTO employees VALUES(4,'Park','Margaret','Sales Support Agent',2,'1947-09-19 00:00:00','2003-05-03 00:00:00','683 10 Street SW','Calgary','AB','Canada','T2P 5G3','+1 (403) 263-4423','+1 (403) 263-4289','margaret@chinookcorp.com');
INSERT INTO employees VALUES(5,'Johnson','Steve','Sales Support Agent',2,'1965-03-03 00:00:00','2003-10-17 00:00:00','7727B 41 Ave','Calgary','AB','Canada','T3B 1Y7','1 (780) 836-9987','1 (780) 836-9543','steve@chinookcorp.com');
INSERT INTO employees VALUES(6,'Mitchell','Michael','IT Manager',1,'1973-07-01 00:00:00','2003-10-17 00:00:00','5827 Bowness Road NW','Calgary','AB','Canada','T3B 0C5','+1 (403) 246-9887','+1 (403) 246-9899','michael@chinookcorp.com');
INSERT INTO employees VALUES(7,'King','Robert','IT Staff',6,'1970-05-29 00:00:00','2004-01-02 00:00:00','590 Columbia Boulevard West','Lethbridge','AB','Canada','T1K 5N8','+1 (403) 456-9986','+1 (403) 456-8485','robert@chinookcorp.com');
INSERT INTO employees VALUES(8,'Callahan','Laura','IT Staff',6,'1968-01-09 00:00:00','2004-03-04 00:00:00','923 7 ST NW','Lethbridge','AB','Canada','T1H 1Y8','+1 (403) 467-3351','+1 (403) 467-8772','laura@chinookcorp.com');
CREATE TABLE IF NOT EXISTS "genres"
(
    [GenreId] INTEGER PRIMARY KEY AUTOINCREMENT NOT NULL,
    [Name] NVARCHAR(120)
);
INSERT INTO genres VALUES(1,'Rock');
INSERT INTO genres VALUES(2,'Jazz');
INSERT INTO genres VALUES(3,'Metal');
INSERT INTO genres VALUES(4,'Alternative & Punk');
INSERT INTO genres VALUES(5,'Rock And Roll');
INSERT INTO genres VALUES(6,'Blues');
INSERT INTO genres VALUES(7,'Latin');
INSERT INTO genres VALUES(8,'Reggae');
INSERT INTO genres VALUES(9,'Pop');
INSERT INTO genres VALUES(10,'Soundtrack');
INSERT INTO genres VALUES(11,'Bossa Nova');
INSERT INTO genres VALUES(12,'Easy Listening');
INSERT INTO genres VALUES(13,'Heavy Metal');
INSERT INTO genres VALUES(14,'R&B/Soul');
INSERT INTO genres VALUES(15,'Electronica/Dance');
INSERT INTO genres VALUES(16,'World');
INSERT INTO genres VALUES(17,'Hip Hop/Rap');
INSERT INTO genres VALUES(18,'Science Fiction');
INSERT INTO genres VALUES(19,'TV Shows');
INSERT INTO genres VALUES(20,'Sci Fi & Fantasy');
INSERT INTO genres VALUES(21,'Drama');
INSERT INTO genres VALUES(22,'Comedy');
INSERT INTO genres VALUES(23,'Alternative');
INSERT INTO genres VALUES(24,'Classical');
INSERT INTO genres VALUES(25,'Opera');
CREATE TABLE IF NOT EXISTS "invoices"
(
    [InvoiceId] INTEGER PRIMARY KEY AUTOINCREMENT NOT NULL,
    [CustomerId] INTEGER  NOT NULL,
    [InvoiceDate] DATETIME  NOT NULL,
    [BillingAddress] NVARCHAR(70),
    [BillingCity] NVARCHAR(40),
    [BillingState] NVARCHAR(40),
    [BillingCountry] NVARCHAR(40),
    [BillingPostalCode] NVARCHAR(10),
    [Total] NUMERIC(10,2)  NOT NULL,
    FOREIGN KEY ([CustomerId]) REFERENCES "customers" ([CustomerId]) 
		ON DELETE NO ACTION ON UPDATE NO ACTION
);
INSERT INTO invoices VALUES(1,2,'2009-01-01 00:00:00','Theodor-Heuss-Straße 34','Stuttgart',NULL,'Germany','70174',1.9799999999999999822);
INSERT INTO invoices VALUES(2,4,'2009-01-02 00:00:00','Ullevålsveien 14','Oslo',NULL,'Norway','0171',3.9599999999999999644);
INSERT INTO invoices VALUES(3,8,'2009-01-03 00:00:00','Grétrystraat 63','Brussels',NULL,'Belgium','1000',5.9400000000000003907);
INSERT INTO invoices VALUES(4,14,'2009-01-06 00:00:00','8210 111 ST NW','Edmonton','AB','Canada','T6G 2C7',8.9100000000000001421);
INSERT INTO invoices VALUES(5,23,'2009-01-11 00:00:00','69 Salem Street','Boston','MA','USA','2113',13.859999999999999431);
INSERT INTO invoices VALUES(6,37,'2009-01-19 00:00:00','Berger Straße 10','Frankfurt',NULL,'Germany','60316',0.98999999999999999111);
INSERT INTO invoices VALUES(7,38,'2009-02-01 00:00:00','Barbarossastraße 19','Berlin',NULL,'Germany','10779',1.9799999999999999822);
INSERT INTO invoices VALUES(8,40,'2009-02-01 00:00:00','8, Rue Hanovre','Paris',NULL,'France','75002',1.9799999999999999822);
INSERT INTO invoices VALUES(9,42,'2009-02-02 00:00:00','9, Place Louis Barthou','Bordeaux',NULL,'France','33000',3.9599999999999999644);
INSERT INTO invoices VALUES(10,46,'2009-02-03 00:00:00','3 Chatham Street','Dublin','Dublin','Ireland',NULL,5.9400000000000003907);
INSERT INTO invoices VALUES(11,52,'2009-02-06 00:00:00','202 Hoxton Street','London',NULL,'United Kingdom','N1 5LH',8.9100000000000001421);
INSERT INTO invoices VALUES(12,2,'2009-02-11 00:00:00','Theodor-Heuss-Straße 34','Stuttgart',NULL,'Germany','70174',13.859999999999999431);
INSERT INTO invoices VALUES(13,16,'2009-02-19 00:00:00','1600 Amphitheatre Parkway','Mountain View','CA','USA','94043-1351',0.98999999999999999111);
INSERT INTO invoices VALUES(14,17,'2009-03-04 00:00:00','1 Microsoft Way','Redmond','WA','USA','98052-8300',1.9799999999999999822);
INSERT INTO invoices VALUES(15,19,'2009-03-04 00:00:00','1 Infinite Loop','Cupertino','CA','USA','95014',1.9799999999999999822);
INSERT INTO invoices VALUES(16,21,'2009-03-05 00:00:00','801 W 4th Street','Reno','NV','USA','89503',3.9599999999999999644);
INSERT INTO invoices VALUES(17,25,'2009-03-06 00:00:00','319 N. Frances Street','Madison','WI','USA','53703',5.9400000000000003907);
INSERT INTO invoices VALUES(18,31,'2009-03-09 00:00:00','194A Chain Lake Drive','Halifax','NS','Canada','B3S 1C5',8.9100000000000001421);
INSERT INTO invoices VALUES(19,40,'2009-03-14 00:00:00','8, Rue Hanovre','Paris',NULL,'France','75002',13.859999999999999431);
INSERT INTO invoices VALUES(20,54,'2009-03-22 00:00:00','110 Raeburn Pl','Edinburgh ',NULL,'United Kingdom','EH4 1HH',0.98999999999999999111);
INSERT INTO invoices VALUES(21,55,'2009-04-04 00:00:00','421 Bourke Street','Sidney','NSW','Australia','2010',1.9799999999999999822);
INSERT INTO invoices VALUES(22,57,'2009-04-04 00:00:00','Calle Lira, 198','Santiago',NULL,'Chile',NULL,1.9799999999999999822);
INSERT INTO invoices VALUES(23,59,'2009-04-05 00:00:00','3,Raj Bhavan Road','Bangalore',NULL,'India','560001',3.9599999999999999644);
INSERT INTO invoices VALUES(24,4,'2009-04-06 00:00:00','Ullevålsveien 14','Oslo',NULL,'Norway','0171',5.9400000000000003907);
INSERT INTO invoices VALUES(25,10,'2009-04-09 00:00:00','Rua Dr. Falcão Filho, 155','São Paulo','SP','Brazil','01007-010',8.9100000000000001421);
INSERT INTO invoices VALUES(26,19,'2009-04-14 00:00:00','1 Infinite Loop','Cupertino','CA','USA','95014',13.859999999999999431);
INSERT INTO invoices VALUES(27,33,'2009-04-22 00:00:00','5112 48 Street','Yellowknife','NT','Canada','X1A 1N6',0.98999999999999999111);
INSERT INTO invoices VALUES(28,34,'2009-05-05 00:00:00','Rua da Assunção 53','Lisbon',NULL,'Portugal',NULL,1.9799999999999999822);
INSERT INTO invoices VALUES(29,36,'2009-05-05 00:00:00','Tauentzienstraße 8','Berlin',NULL,'Germany','10789',1.9799999999999999822);
INSERT INTO invoices VALUES(30,38,'2009-05-06 00:00:00','Barbarossastraße 19','Berlin',NULL,'Germany','10779',3.9599999999999999644);
INSERT INTO invoices VALUES(31,42,'2009-05-07 00:00:00','9, Place Louis Barthou','Bordeaux',NULL,'France','33000',5.9400000000000003907);
INSERT INTO invoices VALUES(32,48,'2009-05-10 00:00:00','Lijnbaansgracht 120bg','Amsterdam','VV','Netherlands','1016',8.9100000000000001421);
INSERT INTO invoices VALUES(33,57,'2009-05-15 00:00:00','Calle Lira, 198','Santiago',NULL,'Chile',NULL,13.859999999999999431);
INSERT INTO invoices VALUES(34,12,'2009-05-23 00:00:00','Praça Pio X, 119','Rio de Janeiro','RJ','Brazil','20040-020',0.98999999999999999111);
INSERT INTO invoices VALUES(35,13,'2009-06-05 00:00:00','Qe 7 Bloco G','Brasília','DF','Brazil','71020-677',1.9799999999999999822);
INSERT INTO invoices VALUES(36,15,'2009-06-05 00:00:00','700 W Pender Street','Vancouver','BC','Canada','V6C 1G8',1.9799999999999999822);
INSERT INTO invoices VALUES(37,17,'2009-06-06 00:00:00','1 Microsoft Way','Redmond','WA','USA','98052-8300',3.9599999999999999644);
INSERT INTO invoices VALUES(38,21,'2009-06-07 00:00:00','801 W 4th Street','Reno','NV','USA','89503',5.9400000000000003907);
INSERT INTO invoices VALUES(39,27,'2009-06-10 00:00:00','1033 N Park Ave','Tucson','AZ','USA','85719',8.9100000000000001421);
INSERT INTO invoices VALUES(40,36,'2009-06-15 00:00:00','Tauentzienstraße 8','Berlin',NULL,'Germany','10789',13.859999999999999431);
INSERT INTO invoices VALUES(41,50,'2009-06-23 00:00:00','C/ San Bernardo 85','Madrid',NULL,'Spain','28015',0.98999999999999999111);
INSERT INTO invoices VALUES(42,51,'2009-07-06 00:00:00','Celsiusg. 9','Stockholm',NULL,'Sweden','11230',1.9799999999999999822);
INSERT INTO invoices VALUES(43,53,'2009-07-06 00:00:00','113 Lupus St','London',NULL,'United Kingdom','SW1V 3EN',1.9799999999999999822);
INSERT INTO invoices VALUES(44,55,'2009-07-07 00:00:00','421 Bourke Street','Sidney','NSW','Australia','2010',3.9599999999999999644);
INSERT INTO invoices VALUES(45,59,'2009-07-08 00:00:00','3,Raj Bhavan Road','Bangalore',NULL,'India','560001',5.9400000000000003907);
INSERT INTO invoices VALUES(46,6,'2009-07-11 00:00:00','Rilská 3174/6','Prague',NULL,'Czech Republic','14300',8.9100000000000001421);
INSERT INTO invoices VALUES(47,15,'2009-07-16 00:00:00','700 W Pender Street','Vancouver','BC','Canada','V6C 1G8',13.859999999999999431);
INSERT INTO invoices VALUES(48,29,'2009-07-24 00:00:00','796 Dundas Street West','Toronto','ON','Canada','M6J 1V1',0.98999999999999999111);
INSERT INTO invoices VALUES(49,30,'2009-08-06 00:00:00','230 Elgin Street','Ottawa','ON','Canada','K2P 1L7',1.9799999999999999822);
INSERT INTO invoices VALUES(50,32,'2009-08-06 00:00:00','696 Osborne Street','Winnipeg','MB','Canada','R3L 2B9',1.9799999999999999822);
INSERT INTO invoices VALUES(51,34,'2009-08-07 00:00:00','Rua da Assunção 53','Lisbon',NULL,'Portugal',NULL,3.9599999999999999644);
INSERT INTO invoices VALUES(52,38,'2009-08-08 00:00:00','Barbarossastraße 19','Berlin',NULL,'Germany','10779',5.9400000000000003907);
INSERT INTO invoices VALUES(53,44,'2009-08-11 00:00:00','Porthaninkatu 9','Helsinki',NULL,'Finland','00530',8.9100000000000001421);
INSERT INTO invoices VALUES(54,53,'2009-08-16 00:00:00','113 Lupus St','London',NULL,'United Kingdom','SW1V 3EN',13.859999999999999431);
INSERT INTO invoices VALUES(55,8,'2009-08-24 00:00:00','Grétrystraat 63','Brussels',NULL,'Belgium','1000',0.98999999999999999111);
INSERT INTO invoices VALUES(56,9,'2009-09-06 00:00:00','Sønder Boulevard 51','Copenhagen',NULL,'Denmark','1720',1.9799999999999999822);
INSERT INTO invoices VALUES(57,11,'2009-09-06 00:00:00','Av. Paulista, 2022','São Paulo','SP','Brazil','01310-200',1.9799999999999999822);
INSERT INTO invoices VALUES(58,13,'2009-09-07 00:00:00','Qe 7 Bloco G','Brasília','DF','Brazil','71020-677',3.9599999999999999644);
INSERT INTO invoices VALUES(59,17,'2009-09-08 00:00:00','1 Microsoft Way','Redmond','WA','USA','98052-8300',5.9400000000000003907);
INSERT INTO invoices VALUES(60,23,'2009-09-11 00:00:00','69 Salem Street','Boston','MA','USA','2113',8.9100000000000001421);
INSERT INTO invoices VALUES(61,32,'2009-09-16 00:00:00','696 Osborne Street','Winnipeg','MB','Canada','R3L 2B9',13.859999999999999431);
INSERT INTO invoices VALUES(62,46,'2009-09-24 00:00:00','3 Chatham Street','Dublin','Dublin','Ireland',NULL,0.98999999999999999111);
INSERT INTO invoices VALUES(63,47,'2009-10-07 00:00:00','Via Degli Scipioni, 43','Rome','RM','Italy','00192',1.9799999999999999822);
INSERT INTO invoices VALUES(64,49,'2009-10-07 00:00:00','Ordynacka 10','Warsaw',NULL,'Poland','00-358',1.9799999999999999822);
INSERT INTO invoices VALUES(65,51,'2009-10-08 00:00:00','Celsiusg. 9','Stockholm',NULL,'Sweden','11230',3.9599999999999999644);
INSERT INTO invoices VALUES(66,55,'2009-10-09 00:00:00','421 Bourke Street','Sidney','NSW','Australia','2010',5.9400000000000003907);
INSERT INTO invoices VALUES(67,2,'2009-10-12 00:00:00','Theodor-Heuss-Straße 34','Stuttgart',NULL,'Germany','70174',8.9100000000000001421);
INSERT INTO invoices VALUES(68,11,'2009-10-17 00:00:00','Av. Paulista, 2022','São Paulo','SP','Brazil','01310-200',13.859999999999999431);
INSERT INTO invoices VALUES(69,25,'2009-10-25 00:00:00','319 N. Frances Street','Madison','WI','USA','53703',0.98999999999999999111);
INSERT INTO invoices VALUES(70,26,'2009-11-07 00:00:00','2211 W Berry Street','Fort Worth','TX','USA','76110',1.9799999999999999822);
INSERT INTO invoices VALUES(71,28,'2009-11-07 00:00:00','302 S 700 E','Salt Lake City','UT','USA','84102',1.9799999999999999822);
INSERT INTO invoices VALUES(72,30,'2009-11-08 00:00:00','230 Elgin Street','Ottawa','ON','Canada','K2P 1L7',3.9599999999999999644);
INSERT INTO invoices VALUES(73,34,'2009-11-09 00:00:00','Rua da Assunção 53','Lisbon',NULL,'Portugal',NULL,5.9400000000000003907);
INSERT INTO invoices VALUES(74,40,'2009-11-12 00:00:00','8, Rue Hanovre','Paris',NULL,'France','75002',8.9100000000000001421);
INSERT INTO invoices VALUES(75,49,'2009-11-17 00:00:00','Ordynacka 10','Warsaw',NULL,'Poland','00-358',13.859999999999999431);
INSERT INTO invoices VALUES(76,4,'2009-11-25 00:00:00','Ullevålsveien 14','Oslo',NULL,'Norway','0171',0.98999999999999999111);
INSERT INTO invoices VALUES(77,5,'2009-12-08 00:00:00','Klanova 9/506','Prague',NULL,'Czech Republic','14700',1.9799999999999999822);
INSERT INTO invoices VALUES(78,7,'2009-12-08 00:00:00','Rotenturmstraße 4, 1010 Innere Stadt','Vienne',NULL,'Austria','1010',1.9799999999999999822);
INSERT INTO invoices VALUES(79,9,'2009-12-09 00:00:00','Sønder Boulevard 51','Copenhagen',NULL,'Denmark','1720',3.9599999999999999644);
INSERT INTO invoices VALUES(80,13,'2009-12-10 00:00:00','Qe 7 Bloco G','Brasília','DF','Brazil','71020-677',5.9400000000000003907);
INSERT INTO invoices VALUES(81,19,'2009-12-13 00:00:00','1 Infinite Loop','Cupertino','CA','USA','95014',8.9100000000000001421);
INSERT INTO invoices VALUES(82,28,'2009-12-18 00:00:00','302 S 700 E','Salt Lake City','UT','USA','84102',13.859999999999999431);
INSERT INTO invoices VALUES(83,42,'2009-12-26 00:00:00','9, Place Louis Barthou','Bordeaux',NULL,'France','33000',0.98999999999999999111);
INSERT INTO invoices VALUES(84,43,'2010-01-08 00:00:00','68, Rue Jouvence','Dijon',NULL,'France','21000',1.9799999999999999822);
INSERT INTO invoices VALUES(85,45,'2010-01-08 00:00:00','Erzsébet krt. 58.','Budapest',NULL,'Hungary','H-1073',1.9799999999999999822);
INSERT INTO invoices VALUES(86,47,'2010-01-09 00:00:00','Via Degli Scipioni, 43','Rome','RM','Italy','00192',3.9599999999999999644);
INSERT INTO invoices VALUES(87,51,'2010-01-10 00:00:00','Celsiusg. 9','Stockholm',NULL,'Sweden','11230',6.9400000000000003907);
INSERT INTO invoices VALUES(88,57,'2010-01-13 00:00:00','Calle Lira, 198','Santiago',NULL,'Chile',NULL,17.910000000000000142);
INSERT INTO invoices VALUES(89,7,'2010-01-18 00:00:00','Rotenturmstraße 4, 1010 Innere Stadt','Vienne',NULL,'Austria','1010',18.859999999999999431);
INSERT INTO invoices VALUES(90,21,'2010-01-26 00:00:00','801 W 4th Street','Reno','NV','USA','89503',0.98999999999999999111);
INSERT INTO invoices VALUES(91,22,'2010-02-08 00:00:00','120 S Orange Ave','Orlando','FL','USA','32801',1.9799999999999999822);
INSERT INTO invoices VALUES(92,24,'2010-02-08 00:00:00','162 E Superior Street','Chicago','IL','USA','60611',1.9799999999999999822);
INSERT INTO invoices VALUES(93,26,'2010-02-09 00:00:00','2211 W Berry Street','Fort Worth','TX','USA','76110',3.9599999999999999644);
INSERT INTO invoices VALUES(94,30,'2010-02-10 00:00:00','230 Elgin Street','Ottawa','ON','Canada','K2P 1L7',5.9400000000000003907);
INSERT INTO invoices VALUES(95,36,'2010-02-13 00:00:00','Tauentzienstraße 8','Berlin',NULL,'Germany','10789',8.9100000000000001421);
INSERT INTO invoices VALUES(96,45,'2010-02-18 00:00:00','Erzsébet krt. 58.','Budapest',NULL,'Hungary','H-1073',21.859999999999999431);
INSERT INTO invoices VALUES(97,59,'2010-02-26 00:00:00','3,Raj Bhavan Road','Bangalore',NULL,'India','560001',1.9899999999999999911);
INSERT INTO invoices VALUES(98,1,'2010-03-11 00:00:00','Av. Brigadeiro Faria Lima, 2170','São José dos Campos','SP','Brazil','12227-000',3.9799999999999999822);
INSERT INTO invoices VALUES(99,3,'2010-03-11 00:00:00','1498 rue Bélanger','Montréal','QC','Canada','H2G 1A7',3.9799999999999999822);
INSERT INTO invoices VALUES(100,5,'2010-03-12 00:00:00','Klanova 9/506','Prague',NULL,'Czech Republic','14700',3.9599999999999999644);
INSERT INTO invoices VALUES(101,9,'2010-03-13 00:00:00','Sønder Boulevard 51','Copenhagen',NULL,'Denmark','1720',5.9400000000000003907);
INSERT INTO invoices VALUES(102,15,'2010-03-16 00:00:00','700 W Pender Street','Vancouver','BC','Canada','V6C 1G8',9.9100000000000001421);
INSERT INTO invoices VALUES(103,24,'2010-03-21 00:00:00','162 E Superior Street','Chicago','IL','USA','60611',15.859999999999999431);
INSERT INTO invoices VALUES(104,38,'2010-03-29 00:00:00','Barbarossastraße 19','Berlin',NULL,'Germany','10779',0.98999999999999999111);
INSERT INTO invoices VALUES(105,39,'2010-04-11 00:00:00','4, Rue Milton','Paris',NULL,'France','75009',1.9799999999999999822);
INSERT INTO invoices VALUES(106,41,'2010-04-11 00:00:00','11, Place Bellecour','Lyon',NULL,'France','69002',1.9799999999999999822);
INSERT INTO invoices VALUES(107,43,'2010-04-12 00:00:00','68, Rue Jouvence','Dijon',NULL,'France','21000',3.9599999999999999644);
INSERT INTO invoices VALUES(108,47,'2010-04-13 00:00:00','Via Degli Scipioni, 43','Rome','RM','Italy','00192',5.9400000000000003907);
INSERT INTO invoices VALUES(109,53,'2010-04-16 00:00:00','113 Lupus St','London',NULL,'United Kingdom','SW1V 3EN',8.9100000000000001421);
INSERT INTO invoices VALUES(110,3,'2010-04-21 00:00:00','1498 rue Bélanger','Montréal','QC','Canada','H2G 1A7',13.859999999999999431);
INSERT INTO invoices VALUES(111,17,'2010-04-29 00:00:00','1 Microsoft Way','Redmond','WA','USA','98052-8300',0.98999999999999999111);
INSERT INTO invoices VALUES(112,18,'2010-05-12 00:00:00','627 Broadway','New York','NY','USA','10012-2612',1.9799999999999999822);
INSERT INTO invoices VALUES(113,20,'2010-05-12 00:00:00','541 Del Medio Avenue','Mountain View','CA','USA','94040-111',1.9799999999999999822);
INSERT INTO invoices VALUES(114,22,'2010-05-13 00:00:00','120 S Orange Ave','Orlando','FL','USA','32801',3.9599999999999999644);
INSERT INTO invoices VALUES(115,26,'2010-05-14 00:00:00','2211 W Berry Street','Fort Worth','TX','USA','76110',5.9400000000000003907);
INSERT INTO invoices VALUES(116,32,'2010-05-17 00:00:00','696 Osborne Street','Winnipeg','MB','Canada','R3L 2B9',8.9100000000000001421);
INSERT INTO invoices VALUES(117,41,'2010-05-22 00:00:00','11, Place Bellecour','Lyon',NULL,'France','69002',13.859999999999999431);
INSERT INTO invoices VALUES(118,55,'2010-05-30 00:00:00','421 Bourke Street','Sidney','NSW','Australia','2010',0.98999999999999999111);
INSERT INTO invoices VALUES(119,56,'2010-06-12 00:00:00','307 Macacha Güemes','Buenos Aires',NULL,'Argentina','1106',1.9799999999999999822);
INSERT INTO invoices VALUES(120,58,'2010-06-12 00:00:00','12,Community Centre','Delhi',NULL,'India','110017',1.9799999999999999822);
INSERT INTO invoices VALUES(121,1,'2010-06-13 00:00:00','Av. Brigadeiro Faria Lima, 2170','São José dos Campos','SP','Brazil','12227-000',3.9599999999999999644);
INSERT INTO invoices VALUES(122,5,'2010-06-14 00:00:00','Klanova 9/506','Prague',NULL,'Czech Republic','14700',5.9400000000000003907);
INSERT INTO invoices VALUES(123,11,'2010-06-17 00:00:00','Av. Paulista, 2022','São Paulo','SP','Brazil','01310-200',8.9100000000000001421);
INSERT INTO invoices VALUES(124,20,'2010-06-22 00:00:00','541 Del Medio Avenue','Mountain View','CA','USA','94040-111',13.859999999999999431);
INSERT INTO invoices VALUES(125,34,'2010-06-30 00:00:00','Rua da Assunção 53','Lisbon',NULL,'Portugal',NULL,0.98999999999999999111);
INSERT INTO invoices VALUES(126,35,'2010-07-13 00:00:00','Rua dos Campeões Europeus de Viena, 4350','Porto',NULL,'Portugal',NULL,1.9799999999999999822);
INSERT INTO invoices VALUES(127,37,'2010-07-13 00:00:00','Berger Straße 10','Frankfurt',NULL,'Germany','60316',1.9799999999999999822);
INSERT INTO invoices VALUES(128,39,'2010-07-14 00:00:00','4, Rue Milton','Paris',NULL,'France','75009',3.9599999999999999644);
INSERT INTO invoices VALUES(129,43,'2010-07-15 00:00:00','68, Rue Jouvence','Dijon',NULL,'France','21000',5.9400000000000003907);
INSERT INTO invoices VALUES(130,49,'2010-07-18 00:00:00','Ordynacka 10','Warsaw',NULL,'Poland','00-358',8.9100000000000001421);
INSERT INTO invoices VALUES(131,58,'2010-07-23 00:00:00','12,Community Centre','Delhi',NULL,'India','110017',13.859999999999999431);
INSERT INTO invoices VALUES(132,13,'2010-07-31 00:00:00','Qe 7 Bloco G','Brasília','DF','Brazil','71020-677',0.98999999999999999111);
INSERT INTO invoices VALUES(133,14,'2010-08-13 00:00:00','8210 111 ST NW','Edmonton','AB','Canada','T6G 2C7',1.9799999999999999822);
INSERT INTO invoices VALUES(134,16,'2010-08-13 00:00:00','1600 Amphitheatre Parkway','Mountain View','CA','USA','94043-1351',1.9799999999999999822);
INSERT INTO invoices VALUES(135,18,'2010-08-14 00:00:00','627 Broadway','New York','NY','USA','10012-2612',3.9599999999999999644);
INSERT INTO invoices VALUES(136,22,'2010-08-15 00:00:00','120 S Orange Ave','Orlando','FL','USA','32801',5.9400000000000003907);
INSERT INTO invoices VALUES(137,28,'2010-08-18 00:00:00','302 S 700 E','Salt Lake City','UT','USA','84102',8.9100000000000001421);
INSERT INTO invoices VALUES(138,37,'2010-08-23 00:00:00','Berger Straße 10','Frankfurt',NULL,'Germany','60316',13.859999999999999431);
INSERT INTO invoices VALUES(139,51,'2010-08-31 00:00:00','Celsiusg. 9','Stockholm',NULL,'Sweden','11230',0.98999999999999999111);
INSERT INTO invoices VALUES(140,52,'2010-09-13 00:00:00','202 Hoxton Street','London',NULL,'United Kingdom','N1 5LH',1.9799999999999999822);
INSERT INTO invoices VALUES(141,54,'2010-09-13 00:00:00','110 Raeburn Pl','Edinburgh ',NULL,'United Kingdom','EH4 1HH',1.9799999999999999822);
INSERT INTO invoices VALUES(142,56,'2010-09-14 00:00:00','307 Macacha Güemes','Buenos Aires',NULL,'Argentina','1106',3.9599999999999999644);
INSERT INTO invoices VALUES(143,1,'2010-09-15 00:00:00','Av. Brigadeiro Faria Lima, 2170','São José dos Campos','SP','Brazil','12227-000',5.9400000000000003907);
INSERT INTO invoices VALUES(144,7,'2010-09-18 00:00:00','Rotenturmstraße 4, 1010 Innere Stadt','Vienne',NULL,'Austria','1010',8.9100000000000001421);
INSERT INTO invoices VALUES(145,16,'2010-09-23 00:00:00','1600 Amphitheatre Parkway','Mountain View','CA','USA','94043-1351',13.859999999999999431);
INSERT INTO invoices VALUES(146,30,'2010-10-01 00:00:00','230 Elgin Street','Ottawa','ON','Canada','K2P 1L7',0.98999999999999999111);
INSERT INTO invoices VALUES(147,31,'2010-10-14 00:00:00','194A Chain Lake Drive','Halifax','NS','Canada','B3S 1C5',1.9799999999999999822);
INSERT INTO invoices VALUES(148,33,'2010-10-14 00:00:00','5112 48 Street','Yellowknife','NT','Canada','X1A 1N6',1.9799999999999999822);
INSERT INTO invoices VALUES(149,35,'2010-10-15 00:00:00','Rua dos Campeões Europeus de Viena, 4350','Porto',NULL,'Portugal',NULL,3.9599999999999999644);
INSERT INTO invoices VALUES(150,39,'2010-10-16 00:00:00','4, Rue Milton','Paris',NULL,'France','75009',5.9400000000000003907);
INSERT INTO invoices VALUES(151,45,'2010-10-19 00:00:00','Erzsébet krt. 58.','Budapest',NULL,'Hungary','H-1073',8.9100000000000001421);
INSERT INTO invoices VALUES(152,54,'2010-10-24 00:00:00','110 Raeburn Pl','Edinburgh ',NULL,'United Kingdom','EH4 1HH',13.859999999999999431);
INSERT INTO invoices VALUES(153,9,'2010-11-01 00:00:00','Sønder Boulevard 51','Copenhagen',NULL,'Denmark','1720',0.98999999999999999111);
INSERT INTO invoices VALUES(154,10,'2010-11-14 00:00:00','Rua Dr. Falcão Filho, 155','São Paulo','SP','Brazil','01007-010',1.9799999999999999822);
INSERT INTO invoices VALUES(155,12,'2010-11-14 00:00:00','Praça Pio X, 119','Rio de Janeiro','RJ','Brazil','20040-020',1.9799999999999999822);
INSERT INTO invoices VALUES(156,14,'2010-11-15 00:00:00','8210 111 ST NW','Edmonton','AB','Canada','T6G 2C7',3.9599999999999999644);
INSERT INTO invoices VALUES(157,18,'2010-11-16 00:00:00','627 Broadway','New York','NY','USA','10012-2612',5.9400000000000003907);
INSERT INTO invoices VALUES(158,24,'2010-11-19 00:00:00','162 E Superior Street','Chicago','IL','USA','60611',8.9100000000000001421);
INSERT INTO invoices VALUES(159,33,'2010-11-24 00:00:00','5112 48 Street','Yellowknife','NT','Canada','X1A 1N6',13.859999999999999431);
INSERT INTO invoices VALUES(160,47,'2010-12-02 00:00:00','Via Degli Scipioni, 43','Rome','RM','Italy','00192',0.98999999999999999111);
INSERT INTO invoices VALUES(161,48,'2010-12-15 00:00:00','Lijnbaansgracht 120bg','Amsterdam','VV','Netherlands','1016',1.9799999999999999822);
INSERT INTO invoices VALUES(162,50,'2010-12-15 00:00:00','C/ San Bernardo 85','Madrid',NULL,'Spain','28015',1.9799999999999999822);
INSERT INTO invoices VALUES(163,52,'2010-12-16 00:00:00','202 Hoxton Street','London',NULL,'United Kingdom','N1 5LH',3.9599999999999999644);
INSERT INTO invoices VALUES(164,56,'2010-12-17 00:00:00','307 Macacha Güemes','Buenos Aires',NULL,'Argentina','1106',5.9400000000000003907);
INSERT INTO invoices VALUES(165,3,'2010-12-20 00:00:00','1498 rue Bélanger','Montréal','QC','Canada','H2G 1A7',8.9100000000000001421);
INSERT INTO invoices VALUES(166,12,'2010-12-25 00:00:00','Praça Pio X, 119','Rio de Janeiro','RJ','Brazil','20040-020',13.859999999999999431);
INSERT INTO invoices VALUES(167,26,'2011-01-02 00:00:00','2211 W Berry Street','Fort Worth','TX','USA','76110',0.98999999999999999111);
INSERT INTO invoices VALUES(168,27,'2011-01-15 00:00:00','1033 N Park Ave','Tucson','AZ','USA','85719',1.9799999999999999822);
INSERT INTO invoices VALUES(169,29,'2011-01-15 00:00:00','796 Dundas Street West','Toronto','ON','Canada','M6J 1V1',1.9799999999999999822);
INSERT INTO invoices VALUES(170,31,'2011-01-16 00:00:00','194A Chain Lake Drive','Halifax','NS','Canada','B3S 1C5',3.9599999999999999644);
INSERT INTO invoices VALUES(171,35,'2011-01-17 00:00:00','Rua dos Campeões Europeus de Viena, 4350','Porto',NULL,'Portugal',NULL,5.9400000000000003907);
INSERT INTO invoices VALUES(172,41,'2011-01-20 00:00:00','11, Place Bellecour','Lyon',NULL,'France','69002',8.9100000000000001421);
INSERT INTO invoices VALUES(173,50,'2011-01-25 00:00:00','C/ San Bernardo 85','Madrid',NULL,'Spain','28015',13.859999999999999431);
INSERT INTO invoices VALUES(174,5,'2011-02-02 00:00:00','Klanova 9/506','Prague',NULL,'Czech Republic','14700',0.98999999999999999111);
INSERT INTO invoices VALUES(175,6,'2011-02-15 00:00:00','Rilská 3174/6','Prague',NULL,'Czech Republic','14300',1.9799999999999999822);
INSERT INTO invoices VALUES(176,8,'2011-02-15 00:00:00','Grétrystraat 63','Brussels',NULL,'Belgium','1000',1.9799999999999999822);
INSERT INTO invoices VALUES(177,10,'2011-02-16 00:00:00','Rua Dr. Falcão Filho, 155','São Paulo','SP','Brazil','01007-010',3.9599999999999999644);
INSERT INTO invoices VALUES(178,14,'2011-02-17 00:00:00','8210 111 ST NW','Edmonton','AB','Canada','T6G 2C7',5.9400000000000003907);
INSERT INTO invoices VALUES(179,20,'2011-02-20 00:00:00','541 Del Medio Avenue','Mountain View','CA','USA','94040-111',8.9100000000000001421);
INSERT INTO invoices VALUES(180,29,'2011-02-25 00:00:00','796 Dundas Street West','Toronto','ON','Canada','M6J 1V1',13.859999999999999431);
INSERT INTO invoices VALUES(181,43,'2011-03-05 00:00:00','68, Rue Jouvence','Dijon',NULL,'France','21000',0.98999999999999999111);
INSERT INTO invoices VALUES(182,44,'2011-03-18 00:00:00','Porthaninkatu 9','Helsinki',NULL,'Finland','00530',1.9799999999999999822);
INSERT INTO invoices VALUES(183,46,'2011-03-18 00:00:00','3 Chatham Street','Dublin','Dublin','Ireland',NULL,1.9799999999999999822);
INSERT INTO invoices VALUES(184,48,'2011-03-19 00:00:00','Lijnbaansgracht 120bg','Amsterdam','VV','Netherlands','1016',3.9599999999999999644);
INSERT INTO invoices VALUES(185,52,'2011-03-20 00:00:00','202 Hoxton Street','London',NULL,'United Kingdom','N1 5LH',5.9400000000000003907);
INSERT INTO invoices VALUES(186,58,'2011-03-23 00:00:00','12,Community Centre','Delhi',NULL,'India','110017',8.9100000000000001421);
INSERT INTO invoices VALUES(187,8,'2011-03-28 00:00:00','Grétrystraat 63','Brussels',NULL,'Belgium','1000',13.859999999999999431);
INSERT INTO invoices VALUES(188,22,'2011-04-05 00:00:00','120 S Orange Ave','Orlando','FL','USA','32801',0.98999999999999999111);
INSERT INTO invoices VALUES(189,23,'2011-04-18 00:00:00','69 Salem Street','Boston','MA','USA','2113',1.9799999999999999822);
INSERT INTO invoices VALUES(190,25,'2011-04-18 00:00:00','319 N. Frances Street','Madison','WI','USA','53703',1.9799999999999999822);
INSERT INTO invoices VALUES(191,27,'2011-04-19 00:00:00','1033 N Park Ave','Tucson','AZ','USA','85719',3.9599999999999999644);
INSERT INTO invoices VALUES(192,31,'2011-04-20 00:00:00','194A Chain Lake Drive','Halifax','NS','Canada','B3S 1C5',5.9400000000000003907);
INSERT INTO invoices VALUES(193,37,'2011-04-23 00:00:00','Berger Straße 10','Frankfurt',NULL,'Germany','60316',14.910000000000000142);
INSERT INTO invoices VALUES(194,46,'2011-04-28 00:00:00','3 Chatham Street','Dublin','Dublin','Ireland',NULL,21.859999999999999431);
INSERT INTO invoices VALUES(195,1,'2011-05-06 00:00:00','Av. Brigadeiro Faria Lima, 2170','São José dos Campos','SP','Brazil','12227-000',0.98999999999999999111);
INSERT INTO invoices VALUES(196,2,'2011-05-19 00:00:00','Theodor-Heuss-Straße 34','Stuttgart',NULL,'Germany','70174',1.9799999999999999822);
INSERT INTO invoices VALUES(197,4,'2011-05-19 00:00:00','Ullevålsveien 14','Oslo',NULL,'Norway','0171',1.9799999999999999822);
INSERT INTO invoices VALUES(198,6,'2011-05-20 00:00:00','Rilská 3174/6','Prague',NULL,'Czech Republic','14300',3.9599999999999999644);
INSERT INTO invoices VALUES(199,10,'2011-05-21 00:00:00','Rua Dr. Falcão Filho, 155','São Paulo','SP','Brazil','01007-010',5.9400000000000003907);
INSERT INTO invoices VALUES(200,16,'2011-05-24 00:00:00','1600 Amphitheatre Parkway','Mountain View','CA','USA','94043-1351',8.9100000000000001421);
INSERT INTO invoices VALUES(201,25,'2011-05-29 00:00:00','319 N. Frances Street','Madison','WI','USA','53703',18.859999999999999431);
INSERT INTO invoices VALUES(202,39,'2011-06-06 00:00:00','4, Rue Milton','Paris',NULL,'France','75009',1.9899999999999999911);
INSERT INTO invoices VALUES(203,40,'2011-06-19 00:00:00','8, Rue Hanovre','Paris',NULL,'France','75002',2.9799999999999999822);
INSERT INTO invoices VALUES(204,42,'2011-06-19 00:00:00','9, Place Louis Barthou','Bordeaux',NULL,'France','33000',3.9799999999999999822);
INSERT INTO invoices VALUES(205,44,'2011-06-20 00:00:00','Porthaninkatu 9','Helsinki',NULL,'Finland','00530',7.9599999999999999644);
INSERT INTO invoices VALUES(206,48,'2011-06-21 00:00:00','Lijnbaansgracht 120bg','Amsterdam','VV','Netherlands','1016',8.9399999999999995026);
INSERT INTO invoices VALUES(207,54,'2011-06-24 00:00:00','110 Raeburn Pl','Edinburgh ',NULL,'United Kingdom','EH4 1HH',8.9100000000000001421);
INSERT INTO invoices VALUES(208,4,'2011-06-29 00:00:00','Ullevålsveien 14','Oslo',NULL,'Norway','0171',15.859999999999999431);
INSERT INTO invoices VALUES(209,18,'2011-07-07 00:00:00','627 Broadway','New York','NY','USA','10012-2612',0.98999999999999999111);
INSERT INTO invoices VALUES(210,19,'2011-07-20 00:00:00','1 Infinite Loop','Cupertino','CA','USA','95014',1.9799999999999999822);
INSERT INTO invoices VALUES(211,21,'2011-07-20 00:00:00','801 W 4th Street','Reno','NV','USA','89503',1.9799999999999999822);
INSERT INTO invoices VALUES(212,23,'2011-07-21 00:00:00','69 Salem Street','Boston','MA','USA','2113',3.9599999999999999644);
INSERT INTO invoices VALUES(213,27,'2011-07-22 00:00:00','1033 N Park Ave','Tucson','AZ','USA','85719',5.9400000000000003907);
INSERT INTO invoices VALUES(214,33,'2011-07-25 00:00:00','5112 48 Street','Yellowknife','NT','Canada','X1A 1N6',8.9100000000000001421);
INSERT INTO invoices VALUES(215,42,'2011-07-30 00:00:00','9, Place Louis Barthou','Bordeaux',NULL,'France','33000',13.859999999999999431);
INSERT INTO invoices VALUES(216,56,'2011-08-07 00:00:00','307 Macacha Güemes','Buenos Aires',NULL,'Argentina','1106',0.98999999999999999111);
INSERT INTO invoices VALUES(217,57,'2011-08-20 00:00:00','Calle Lira, 198','Santiago',NULL,'Chile',NULL,1.9799999999999999822);
INSERT INTO invoices VALUES(218,59,'2011-08-20 00:00:00','3,Raj Bhavan Road','Bangalore',NULL,'India','560001',1.9799999999999999822);
INSERT INTO invoices VALUES(219,2,'2011-08-21 00:00:00','Theodor-Heuss-Straße 34','Stuttgart',NULL,'Germany','70174',3.9599999999999999644);
INSERT INTO invoices VALUES(220,6,'2011-08-22 00:00:00','Rilská 3174/6','Prague',NULL,'Czech Republic','14300',5.9400000000000003907);
INSERT INTO invoices VALUES(221,12,'2011-08-25 00:00:00','Praça Pio X, 119','Rio de Janeiro','RJ','Brazil','20040-020',8.9100000000000001421);
INSERT INTO invoices VALUES(222,21,'2011-08-30 00:00:00','801 W 4th Street','Reno','NV','USA','89503',13.859999999999999431);
INSERT INTO invoices VALUES(223,35,'2011-09-07 00:00:00','Rua dos Campeões Europeus de Viena, 4350','Porto',NULL,'Portugal',NULL,0.98999999999999999111);
INSERT INTO invoices VALUES(224,36,'2011-09-20 00:00:00','Tauentzienstraße 8','Berlin',NULL,'Germany','10789',1.9799999999999999822);
INSERT INTO invoices VALUES(225,38,'2011-09-20 00:00:00','Barbarossastraße 19','Berlin',NULL,'Germany','10779',1.9799999999999999822);
INSERT INTO invoices VALUES(226,40,'2011-09-21 00:00:00','8, Rue Hanovre','Paris',NULL,'France','75002',3.9599999999999999644);
INSERT INTO invoices VALUES(227,44,'2011-09-22 00:00:00','Porthaninkatu 9','Helsinki',NULL,'Finland','00530',5.9400000000000003907);
INSERT INTO invoices VALUES(228,50,'2011-09-25 00:00:00','C/ San Bernardo 85','Madrid',NULL,'Spain','28015',8.9100000000000001421);
INSERT INTO invoices VALUES(229,59,'2011-09-30 00:00:00','3,Raj Bhavan Road','Bangalore',NULL,'India','560001',13.859999999999999431);
INSERT INTO invoices VALUES(230,14,'2011-10-08 00:00:00','8210 111 ST NW','Edmonton','AB','Canada','T6G 2C7',0.98999999999999999111);
INSERT INTO invoices VALUES(231,15,'2011-10-21 00:00:00','700 W Pender Street','Vancouver','BC','Canada','V6C 1G8',1.9799999999999999822);
INSERT INTO invoices VALUES(232,17,'2011-10-21 00:00:00','1 Microsoft Way','Redmond','WA','USA','98052-8300',1.9799999999999999822);
INSERT INTO invoices VALUES(233,19,'2011-10-22 00:00:00','1 Infinite Loop','Cupertino','CA','USA','95014',3.9599999999999999644);
INSERT INTO invoices VALUES(234,23,'2011-10-23 00:00:00','69 Salem Street','Boston','MA','USA','2113',5.9400000000000003907);
INSERT INTO invoices VALUES(235,29,'2011-10-26 00:00:00','796 Dundas Street West','Toronto','ON','Canada','M6J 1V1',8.9100000000000001421);
INSERT INTO invoices VALUES(236,38,'2011-10-31 00:00:00','Barbarossastraße 19','Berlin',NULL,'Germany','10779',13.859999999999999431);
INSERT INTO invoices VALUES(237,52,'2011-11-08 00:00:00','202 Hoxton Street','London',NULL,'United Kingdom','N1 5LH',0.98999999999999999111);
INSERT INTO invoices VALUES(238,53,'2011-11-21 00:00:00','113 Lupus St','London',NULL,'United Kingdom','SW1V 3EN',1.9799999999999999822);
INSERT INTO invoices VALUES(239,55,'2011-11-21 00:00:00','421 Bourke Street','Sidney','NSW','Australia','2010',1.9799999999999999822);
INSERT INTO invoices VALUES(240,57,'2011-11-22 00:00:00','Calle Lira, 198','Santiago',NULL,'Chile',NULL,3.9599999999999999644);
INSERT INTO invoices VALUES(241,2,'2011-11-23 00:00:00','Theodor-Heuss-Straße 34','Stuttgart',NULL,'Germany','70174',5.9400000000000003907);
INSERT INTO invoices VALUES(242,8,'2011-11-26 00:00:00','Grétrystraat 63','Brussels',NULL,'Belgium','1000',8.9100000000000001421);
INSERT INTO invoices VALUES(243,17,'2011-12-01 00:00:00','1 Microsoft Way','Redmond','WA','USA','98052-8300',13.859999999999999431);
INSERT INTO invoices VALUES(244,31,'2011-12-09 00:00:00','194A Chain Lake Drive','Halifax','NS','Canada','B3S 1C5',0.98999999999999999111);
INSERT INTO invoices VALUES(245,32,'2011-12-22 00:00:00','696 Osborne Street','Winnipeg','MB','Canada','R3L 2B9',1.9799999999999999822);
INSERT INTO invoices VALUES(246,34,'2011-12-22 00:00:00','Rua da Assunção 53','Lisbon',NULL,'Portugal',NULL,1.9799999999999999822);
INSERT INTO invoices VALUES(247,36,'2011-12-23 00:00:00','Tauentzienstraße 8','Berlin',NULL,'Germany','10789',3.9599999999999999644);
INSERT INTO invoices VALUES(248,40,'2011-12-24 00:00:00','8, Rue Hanovre','Paris',NULL,'France','75002',5.9400000000000003907);
INSERT INTO invoices VALUES(249,46,'2011-12-27 00:00:00','3 Chatham Street','Dublin','Dublin','Ireland',NULL,8.9100000000000001421);
INSERT INTO invoices VALUES(250,55,'2012-01-01 00:00:00','421 Bourke Street','Sidney','NSW','Australia','2010',13.859999999999999431);
INSERT INTO invoices VALUES(251,10,'2012-01-09 00:00:00','Rua Dr. Falcão Filho, 155','São Paulo','SP','Brazil','01007-010',0.98999999999999999111);
INSERT INTO invoices VALUES(252,11,'2012-01-22 00:00:00','Av. Paulista, 2022','São Paulo','SP','Brazil','01310-200',1.9799999999999999822);
INSERT INTO invoices VALUES(253,13,'2012-01-22 00:00:00','Qe 7 Bloco G','Brasília','DF','Brazil','71020-677',1.9799999999999999822);
INSERT INTO invoices VALUES(254,15,'2012-01-23 00:00:00','700 W Pender Street','Vancouver','BC','Canada','V6C 1G8',3.9599999999999999644);
INSERT INTO invoices VALUES(255,19,'2012-01-24 00:00:00','1 Infinite Loop','Cupertino','CA','USA','95014',5.9400000000000003907);
INSERT INTO invoices VALUES(256,25,'2012-01-27 00:00:00','319 N. Frances Street','Madison','WI','USA','53703',8.9100000000000001421);
INSERT INTO invoices VALUES(257,34,'2012-02-01 00:00:00','Rua da Assunção 53','Lisbon',NULL,'Portugal',NULL,13.859999999999999431);
INSERT INTO invoices VALUES(258,48,'2012-02-09 00:00:00','Lijnbaansgracht 120bg','Amsterdam','VV','Netherlands','1016',0.98999999999999999111);
INSERT INTO invoices VALUES(259,49,'2012-02-22 00:00:00','Ordynacka 10','Warsaw',NULL,'Poland','00-358',1.9799999999999999822);
INSERT INTO invoices VALUES(260,51,'2012-02-22 00:00:00','Celsiusg. 9','Stockholm',NULL,'Sweden','11230',1.9799999999999999822);
INSERT INTO invoices VALUES(261,53,'2012-02-23 00:00:00','113 Lupus St','London',NULL,'United Kingdom','SW1V 3EN',3.9599999999999999644);
INSERT INTO invoices VALUES(262,57,'2012-02-24 00:00:00','Calle Lira, 198','Santiago',NULL,'Chile',NULL,5.9400000000000003907);
INSERT INTO invoices VALUES(263,4,'2012-02-27 00:00:00','Ullevålsveien 14','Oslo',NULL,'Norway','0171',8.9100000000000001421);
INSERT INTO invoices VALUES(264,13,'2012-03-03 00:00:00','Qe 7 Bloco G','Brasília','DF','Brazil','71020-677',13.859999999999999431);
INSERT INTO invoices VALUES(265,27,'2012-03-11 00:00:00','1033 N Park Ave','Tucson','AZ','USA','85719',0.98999999999999999111);
INSERT INTO invoices VALUES(266,28,'2012-03-24 00:00:00','302 S 700 E','Salt Lake City','UT','USA','84102',1.9799999999999999822);
INSERT INTO invoices VALUES(267,30,'2012-03-24 00:00:00','230 Elgin Street','Ottawa','ON','Canada','K2P 1L7',1.9799999999999999822);
INSERT INTO invoices VALUES(268,32,'2012-03-25 00:00:00','696 Osborne Street','Winnipeg','MB','Canada','R3L 2B9',3.9599999999999999644);
INSERT INTO invoices VALUES(269,36,'2012-03-26 00:00:00','Tauentzienstraße 8','Berlin',NULL,'Germany','10789',5.9400000000000003907);
INSERT INTO invoices VALUES(270,42,'2012-03-29 00:00:00','9, Place Louis Barthou','Bordeaux',NULL,'France','33000',8.9100000000000001421);
INSERT INTO invoices VALUES(271,51,'2012-04-03 00:00:00','Celsiusg. 9','Stockholm',NULL,'Sweden','11230',13.859999999999999431);
INSERT INTO invoices VALUES(272,6,'2012-04-11 00:00:00','Rilská 3174/6','Prague',NULL,'Czech Republic','14300',0.98999999999999999111);
INSERT INTO invoices VALUES(273,7,'2012-04-24 00:00:00','Rotenturmstraße 4, 1010 Innere Stadt','Vienne',NULL,'Austria','1010',1.9799999999999999822);
INSERT INTO invoices VALUES(274,9,'2012-04-24 00:00:00','Sønder Boulevard 51','Copenhagen',NULL,'Denmark','1720',1.9799999999999999822);
INSERT INTO invoices VALUES(275,11,'2012-04-25 00:00:00','Av. Paulista, 2022','São Paulo','SP','Brazil','01310-200',3.9599999999999999644);
INSERT INTO invoices VALUES(276,15,'2012-04-26 00:00:00','700 W Pender Street','Vancouver','BC','Canada','V6C 1G8',5.9400000000000003907);
INSERT INTO invoices VALUES(277,21,'2012-04-29 00:00:00','801 W 4th Street','Reno','NV','USA','89503',8.9100000000000001421);
INSERT INTO invoices VALUES(278,30,'2012-05-04 00:00:00','230 Elgin Street','Ottawa','ON','Canada','K2P 1L7',13.859999999999999431);
INSERT INTO invoices VALUES(279,44,'2012-05-12 00:00:00','Porthaninkatu 9','Helsinki',NULL,'Finland','00530',0.98999999999999999111);
INSERT INTO invoices VALUES(280,45,'2012-05-25 00:00:00','Erzsébet krt. 58.','Budapest',NULL,'Hungary','H-1073',1.9799999999999999822);
INSERT INTO invoices VALUES(281,47,'2012-05-25 00:00:00','Via Degli Scipioni, 43','Rome','RM','Italy','00192',1.9799999999999999822);
INSERT INTO invoices VALUES(282,49,'2012-05-26 00:00:00','Ordynacka 10','Warsaw',NULL,'Poland','00-358',3.9599999999999999644);
INSERT INTO invoices VALUES(283,53,'2012-05-27 00:00:00','113 Lupus St','London',NULL,'United Kingdom','SW1V 3EN',5.9400000000000003907);
INSERT INTO invoices VALUES(284,59,'2012-05-30 00:00:00','3,Raj Bhavan Road','Bangalore',NULL,'India','560001',8.9100000000000001421);
INSERT INTO invoices VALUES(285,9,'2012-06-04 00:00:00','Sønder Boulevard 51','Copenhagen',NULL,'Denmark','1720',13.859999999999999431);
INSERT INTO invoices VALUES(286,23,'2012-06-12 00:00:00','69 Salem Street','Boston','MA','USA','2113',0.98999999999999999111);
INSERT INTO invoices VALUES(287,24,'2012-06-25 00:00:00','162 E Superior Street','Chicago','IL','USA','60611',1.9799999999999999822);
INSERT INTO invoices VALUES(288,26,'2012-06-25 00:00:00','2211 W Berry Street','Fort Worth','TX','USA','76110',1.9799999999999999822);
INSERT INTO invoices VALUES(289,28,'2012-06-26 00:00:00','302 S 700 E','Salt Lake City','UT','USA','84102',3.9599999999999999644);
INSERT INTO invoices VALUES(290,32,'2012-06-27 00:00:00','696 Osborne Street','Winnipeg','MB','Canada','R3L 2B9',5.9400000000000003907);
INSERT INTO invoices VALUES(291,38,'2012-06-30 00:00:00','Barbarossastraße 19','Berlin',NULL,'Germany','10779',8.9100000000000001421);
INSERT INTO invoices VALUES(292,47,'2012-07-05 00:00:00','Via Degli Scipioni, 43','Rome','RM','Italy','00192',13.859999999999999431);
INSERT INTO invoices VALUES(293,2,'2012-07-13 00:00:00','Theodor-Heuss-Straße 34','Stuttgart',NULL,'Germany','70174',0.98999999999999999111);
INSERT INTO invoices VALUES(294,3,'2012-07-26 00:00:00','1498 rue Bélanger','Montréal','QC','Canada','H2G 1A7',1.9799999999999999822);
INSERT INTO invoices VALUES(295,5,'2012-07-26 00:00:00','Klanova 9/506','Prague',NULL,'Czech Republic','14700',1.9799999999999999822);
INSERT INTO invoices VALUES(296,7,'2012-07-27 00:00:00','Rotenturmstraße 4, 1010 Innere Stadt','Vienne',NULL,'Austria','1010',3.9599999999999999644);
INSERT INTO invoices VALUES(297,11,'2012-07-28 00:00:00','Av. Paulista, 2022','São Paulo','SP','Brazil','01310-200',5.9400000000000003907);
INSERT INTO invoices VALUES(298,17,'2012-07-31 00:00:00','1 Microsoft Way','Redmond','WA','USA','98052-8300',10.910000000000000142);
INSERT INTO invoices VALUES(299,26,'2012-08-05 00:00:00','2211 W Berry Street','Fort Worth','TX','USA','76110',23.859999999999999431);
INSERT INTO invoices VALUES(300,40,'2012-08-13 00:00:00','8, Rue Hanovre','Paris',NULL,'France','75002',0.98999999999999999111);
INSERT INTO invoices VALUES(301,41,'2012-08-26 00:00:00','11, Place Bellecour','Lyon',NULL,'France','69002',1.9799999999999999822);
INSERT INTO invoices VALUES(302,43,'2012-08-26 00:00:00','68, Rue Jouvence','Dijon',NULL,'France','21000',1.9799999999999999822);
INSERT INTO invoices VALUES(303,45,'2012-08-27 00:00:00','Erzsébet krt. 58.','Budapest',NULL,'Hungary','H-1073',3.9599999999999999644);
INSERT INTO invoices VALUES(304,49,'2012-08-28 00:00:00','Ordynacka 10','Warsaw',NULL,'Poland','00-358',5.9400000000000003907);
INSERT INTO invoices VALUES(305,55,'2012-08-31 00:00:00','421 Bourke Street','Sidney','NSW','Australia','2010',8.9100000000000001421);
INSERT INTO invoices VALUES(306,5,'2012-09-05 00:00:00','Klanova 9/506','Prague',NULL,'Czech Republic','14700',16.859999999999999431);
INSERT INTO invoices VALUES(307,19,'2012-09-13 00:00:00','1 Infinite Loop','Cupertino','CA','USA','95014',1.9899999999999999911);
INSERT INTO invoices VALUES(308,20,'2012-09-26 00:00:00','541 Del Medio Avenue','Mountain View','CA','USA','94040-111',3.9799999999999999822);
INSERT INTO invoices VALUES(309,22,'2012-09-26 00:00:00','120 S Orange Ave','Orlando','FL','USA','32801',3.9799999999999999822);
INSERT INTO invoices VALUES(310,24,'2012-09-27 00:00:00','162 E Superior Street','Chicago','IL','USA','60611',7.9599999999999999644);
INSERT INTO invoices VALUES(311,28,'2012-09-28 00:00:00','302 S 700 E','Salt Lake City','UT','USA','84102',11.939999999999999502);
INSERT INTO invoices VALUES(312,34,'2012-10-01 00:00:00','Rua da Assunção 53','Lisbon',NULL,'Portugal',NULL,10.910000000000000142);
INSERT INTO invoices VALUES(313,43,'2012-10-06 00:00:00','68, Rue Jouvence','Dijon',NULL,'France','21000',16.859999999999999431);
INSERT INTO invoices VALUES(314,57,'2012-10-14 00:00:00','Calle Lira, 198','Santiago',NULL,'Chile',NULL,0.98999999999999999111);
INSERT INTO invoices VALUES(315,58,'2012-10-27 00:00:00','12,Community Centre','Delhi',NULL,'India','110017',1.9799999999999999822);
INSERT INTO invoices VALUES(316,1,'2012-10-27 00:00:00','Av. Brigadeiro Faria Lima, 2170','São José dos Campos','SP','Brazil','12227-000',1.9799999999999999822);
INSERT INTO invoices VALUES(317,3,'2012-10-28 00:00:00','1498 rue Bélanger','Montréal','QC','Canada','H2G 1A7',3.9599999999999999644);
INSERT INTO invoices VALUES(318,7,'2012-10-29 00:00:00','Rotenturmstraße 4, 1010 Innere Stadt','Vienne',NULL,'Austria','1010',5.9400000000000003907);
INSERT INTO invoices VALUES(319,13,'2012-11-01 00:00:00','Qe 7 Bloco G','Brasília','DF','Brazil','71020-677',8.9100000000000001421);
INSERT INTO invoices VALUES(320,22,'2012-11-06 00:00:00','120 S Orange Ave','Orlando','FL','USA','32801',13.859999999999999431);
INSERT INTO invoices VALUES(321,36,'2012-11-14 00:00:00','Tauentzienstraße 8','Berlin',NULL,'Germany','10789',0.98999999999999999111);
INSERT INTO invoices VALUES(322,37,'2012-11-27 00:00:00','Berger Straße 10','Frankfurt',NULL,'Germany','60316',1.9799999999999999822);
INSERT INTO invoices VALUES(323,39,'2012-11-27 00:00:00','4, Rue Milton','Paris',NULL,'France','75009',1.9799999999999999822);
INSERT INTO invoices VALUES(324,41,'2012-11-28 00:00:00','11, Place Bellecour','Lyon',NULL,'France','69002',3.9599999999999999644);
INSERT INTO invoices VALUES(325,45,'2012-11-29 00:00:00','Erzsébet krt. 58.','Budapest',NULL,'Hungary','H-1073',5.9400000000000003907);
INSERT INTO invoices VALUES(326,51,'2012-12-02 00:00:00','Celsiusg. 9','Stockholm',NULL,'Sweden','11230',8.9100000000000001421);
INSERT INTO invoices VALUES(327,1,'2012-12-07 00:00:00','Av. Brigadeiro Faria Lima, 2170','São José dos Campos','SP','Brazil','12227-000',13.859999999999999431);
INSERT INTO invoices VALUES(328,15,'2012-12-15 00:00:00','700 W Pender Street','Vancouver','BC','Canada','V6C 1G8',0.98999999999999999111);
INSERT INTO invoices VALUES(329,16,'2012-12-28 00:00:00','1600 Amphitheatre Parkway','Mountain View','CA','USA','94043-1351',1.9799999999999999822);
INSERT INTO invoices VALUES(330,18,'2012-12-28 00:00:00','627 Broadway','New York','NY','USA','10012-2612',1.9799999999999999822);
INSERT INTO invoices VALUES(331,20,'2012-12-29 00:00:00','541 Del Medio Avenue','Mountain View','CA','USA','94040-111',3.9599999999999999644);
INSERT INTO invoices VALUES(332,24,'2012-12-30 00:00:00','162 E Superior Street','Chicago','IL','USA','60611',5.9400000000000003907);
INSERT INTO invoices VALUES(333,30,'2013-01-02 00:00:00','230 Elgin Street','Ottawa','ON','Canada','K2P 1L7',8.9100000000000001421);
INSERT INTO invoices VALUES(334,39,'2013-01-07 00:00:00','4, Rue Milton','Paris',NULL,'France','75009',13.859999999999999431);
INSERT INTO invoices VALUES(335,53,'2013-01-15 00:00:00','113 Lupus St','London',NULL,'United Kingdom','SW1V 3EN',0.98999999999999999111);
INSERT INTO invoices VALUES(336,54,'2013-01-28 00:00:00','110 Raeburn Pl','Edinburgh ',NULL,'United Kingdom','EH4 1HH',1.9799999999999999822);
INSERT INTO invoices VALUES(337,56,'2013-01-28 00:00:00','307 Macacha Güemes','Buenos Aires',NULL,'Argentina','1106',1.9799999999999999822);
INSERT INTO invoices VALUES(338,58,'2013-01-29 00:00:00','12,Community Centre','Delhi',NULL,'India','110017',3.9599999999999999644);
INSERT INTO invoices VALUES(339,3,'2013-01-30 00:00:00','1498 rue Bélanger','Montréal','QC','Canada','H2G 1A7',5.9400000000000003907);
INSERT INTO invoices VALUES(340,9,'2013-02-02 00:00:00','Sønder Boulevard 51','Copenhagen',NULL,'Denmark','1720',8.9100000000000001421);
INSERT INTO invoices VALUES(341,18,'2013-02-07 00:00:00','627 Broadway','New York','NY','USA','10012-2612',13.859999999999999431);
INSERT INTO invoices VALUES(342,32,'2013-02-15 00:00:00','696 Osborne Street','Winnipeg','MB','Canada','R3L 2B9',0.98999999999999999111);
INSERT INTO invoices VALUES(343,33,'2013-02-28 00:00:00','5112 48 Street','Yellowknife','NT','Canada','X1A 1N6',1.9799999999999999822);
INSERT INTO invoices VALUES(344,35,'2013-02-28 00:00:00','Rua dos Campeões Europeus de Viena, 4350','Porto',NULL,'Portugal',NULL,1.9799999999999999822);
INSERT INTO invoices VALUES(345,37,'2013-03-01 00:00:00','Berger Straße 10','Frankfurt',NULL,'Germany','60316',3.9599999999999999644);
INSERT INTO invoices VALUES(346,41,'2013-03-02 00:00:00','11, Place Bellecour','Lyon',NULL,'France','69002',5.9400000000000003907);
INSERT INTO invoices VALUES(347,47,'2013-03-05 00:00:00','Via Degli Scipioni, 43','Rome','RM','Italy','00192',8.9100000000000001421);
INSERT INTO invoices VALUES(348,56,'2013-03-10 00:00:00','307 Macacha Güemes','Buenos Aires',NULL,'Argentina','1106',13.859999999999999431);
INSERT INTO invoices VALUES(349,11,'2013-03-18 00:00:00','Av. Paulista, 2022','São Paulo','SP','Brazil','01310-200',0.98999999999999999111);
INSERT INTO invoices VALUES(350,12,'2013-03-31 00:00:00','Praça Pio X, 119','Rio de Janeiro','RJ','Brazil','20040-020',1.9799999999999999822);
INSERT INTO invoices VALUES(351,14,'2013-03-31 00:00:00','8210 111 ST NW','Edmonton','AB','Canada','T6G 2C7',1.9799999999999999822);
INSERT INTO invoices VALUES(352,16,'2013-04-01 00:00:00','1600 Amphitheatre Parkway','Mountain View','CA','USA','94043-1351',3.9599999999999999644);
INSERT INTO invoices VALUES(353,20,'2013-04-02 00:00:00','541 Del Medio Avenue','Mountain View','CA','USA','94040-111',5.9400000000000003907);
INSERT INTO invoices VALUES(354,26,'2013-04-05 00:00:00','2211 W Berry Street','Fort Worth','TX','USA','76110',8.9100000000000001421);
INSERT INTO invoices VALUES(355,35,'2013-04-10 00:00:00','Rua dos Campeões Europeus de Viena, 4350','Porto',NULL,'Portugal',NULL,13.859999999999999431);
INSERT INTO invoices VALUES(356,49,'2013-04-18 00:00:00','Ordynacka 10','Warsaw',NULL,'Poland','00-358',0.98999999999999999111);
INSERT INTO invoices VALUES(357,50,'2013-05-01 00:00:00','C/ San Bernardo 85','Madrid',NULL,'Spain','28015',1.9799999999999999822);
INSERT INTO invoices VALUES(358,52,'2013-05-01 00:00:00','202 Hoxton Street','London',NULL,'United Kingdom','N1 5LH',1.9799999999999999822);
INSERT INTO invoices VALUES(359,54,'2013-05-02 00:00:00','110 Raeburn Pl','Edinburgh ',NULL,'United Kingdom','EH4 1HH',3.9599999999999999644);
INSERT INTO invoices VALUES(360,58,'2013-05-03 00:00:00','12,Community Centre','Delhi',NULL,'India','110017',5.9400000000000003907);
INSERT INTO invoices VALUES(361,5,'2013-05-06 00:00:00','Klanova 9/506','Prague',NULL,'Czech Republic','14700',8.9100000000000001421);
INSERT INTO invoices VALUES(362,14,'2013-05-11 00:00:00','8210 111 ST NW','Edmonton','AB','Canada','T6G 2C7',13.859999999999999431);
INSERT INTO invoices VALUES(363,28,'2013-05-19 00:00:00','302 S 700 E','Salt Lake City','UT','USA','84102',0.98999999999999999111);
INSERT INTO invoices VALUES(364,29,'2013-06-01 00:00:00','796 Dundas Street West','Toronto','ON','Canada','M6J 1V1',1.9799999999999999822);
INSERT INTO invoices VALUES(365,31,'2013-06-01 00:00:00','194A Chain Lake Drive','Halifax','NS','Canada','B3S 1C5',1.9799999999999999822);
INSERT INTO invoices VALUES(366,33,'2013-06-02 00:00:00','5112 48 Street','Yellowknife','NT','Canada','X1A 1N6',3.9599999999999999644);
INSERT INTO invoices VALUES(367,37,'2013-06-03 00:00:00','Berger Straße 10','Frankfurt',NULL,'Germany','60316',5.9400000000000003907);
INSERT INTO invoices VALUES(368,43,'2013-06-06 00:00:00','68, Rue Jouvence','Dijon',NULL,'France','21000',8.9100000000000001421);
INSERT INTO invoices VALUES(369,52,'2013-06-11 00:00:00','202 Hoxton Street','London',NULL,'United Kingdom','N1 5LH',13.859999999999999431);
INSERT INTO invoices VALUES(370,7,'2013-06-19 00:00:00','Rotenturmstraße 4, 1010 Innere Stadt','Vienne',NULL,'Austria','1010',0.98999999999999999111);
INSERT INTO invoices VALUES(371,8,'2013-07-02 00:00:00','Grétrystraat 63','Brussels',NULL,'Belgium','1000',1.9799999999999999822);
INSERT INTO invoices VALUES(372,10,'2013-07-02 00:00:00','Rua Dr. Falcão Filho, 155','São Paulo','SP','Brazil','01007-010',1.9799999999999999822);
INSERT INTO invoices VALUES(373,12,'2013-07-03 00:00:00','Praça Pio X, 119','Rio de Janeiro','RJ','Brazil','20040-020',3.9599999999999999644);
INSERT INTO invoices VALUES(374,16,'2013-07-04 00:00:00','1600 Amphitheatre Parkway','Mountain View','CA','USA','94043-1351',5.9400000000000003907);
INSERT INTO invoices VALUES(375,22,'2013-07-07 00:00:00','120 S Orange Ave','Orlando','FL','USA','32801',8.9100000000000001421);
INSERT INTO invoices VALUES(376,31,'2013-07-12 00:00:00','194A Chain Lake Drive','Halifax','NS','Canada','B3S 1C5',13.859999999999999431);
INSERT INTO invoices VALUES(377,45,'2013-07-20 00:00:00','Erzsébet krt. 58.','Budapest',NULL,'Hungary','H-1073',0.98999999999999999111);
INSERT INTO invoices VALUES(378,46,'2013-08-02 00:00:00','3 Chatham Street','Dublin','Dublin','Ireland',NULL,1.9799999999999999822);
INSERT INTO invoices VALUES(379,48,'2013-08-02 00:00:00','Lijnbaansgracht 120bg','Amsterdam','VV','Netherlands','1016',1.9799999999999999822);
INSERT INTO invoices VALUES(380,50,'2013-08-03 00:00:00','C/ San Bernardo 85','Madrid',NULL,'Spain','28015',3.9599999999999999644);
INSERT INTO invoices VALUES(381,54,'2013-08-04 00:00:00','110 Raeburn Pl','Edinburgh ',NULL,'United Kingdom','EH4 1HH',5.9400000000000003907);
INSERT INTO invoices VALUES(382,1,'2013-08-07 00:00:00','Av. Brigadeiro Faria Lima, 2170','São José dos Campos','SP','Brazil','12227-000',8.9100000000000001421);
INSERT INTO invoices VALUES(383,10,'2013-08-12 00:00:00','Rua Dr. Falcão Filho, 155','São Paulo','SP','Brazil','01007-010',13.859999999999999431);
INSERT INTO invoices VALUES(384,24,'2013-08-20 00:00:00','162 E Superior Street','Chicago','IL','USA','60611',0.98999999999999999111);
INSERT INTO invoices VALUES(385,25,'2013-09-02 00:00:00','319 N. Frances Street','Madison','WI','USA','53703',1.9799999999999999822);
INSERT INTO invoices VALUES(386,27,'2013-09-02 00:00:00','1033 N Park Ave','Tucson','AZ','USA','85719',1.9799999999999999822);
INSERT INTO invoices VALUES(387,29,'2013-09-03 00:00:00','796 Dundas Street West','Toronto','ON','Canada','M6J 1V1',3.9599999999999999644);
INSERT INTO invoices VALUES(388,33,'2013-09-04 00:00:00','5112 48 Street','Yellowknife','NT','Canada','X1A 1N6',5.9400000000000003907);
INSERT INTO invoices VALUES(389,39,'2013-09-07 00:00:00','4, Rue Milton','Paris',NULL,'France','75009',8.9100000000000001421);
INSERT INTO invoices VALUES(390,48,'2013-09-12 00:00:00','Lijnbaansgracht 120bg','Amsterdam','VV','Netherlands','1016',13.859999999999999431);
INSERT INTO invoices VALUES(391,3,'2013-09-20 00:00:00','1498 rue Bélanger','Montréal','QC','Canada','H2G 1A7',0.98999999999999999111);
INSERT INTO invoices VALUES(392,4,'2013-10-03 00:00:00','Ullevålsveien 14','Oslo',NULL,'Norway','0171',1.9799999999999999822);
INSERT INTO invoices VALUES(393,6,'2013-10-03 00:00:00','Rilská 3174/6','Prague',NULL,'Czech Republic','14300',1.9799999999999999822);
INSERT INTO invoices VALUES(394,8,'2013-10-04 00:00:00','Grétrystraat 63','Brussels',NULL,'Belgium','1000',3.9599999999999999644);
INSERT INTO invoices VALUES(395,12,'2013-10-05 00:00:00','Praça Pio X, 119','Rio de Janeiro','RJ','Brazil','20040-020',5.9400000000000003907);
INSERT INTO invoices VALUES(396,18,'2013-10-08 00:00:00','627 Broadway','New York','NY','USA','10012-2612',8.9100000000000001421);
INSERT INTO invoices VALUES(397,27,'2013-10-13 00:00:00','1033 N Park Ave','Tucson','AZ','USA','85719',13.859999999999999431);
INSERT INTO invoices VALUES(398,41,'2013-10-21 00:00:00','11, Place Bellecour','Lyon',NULL,'France','69002',0.98999999999999999111);
INSERT INTO invoices VALUES(399,42,'2013-11-03 00:00:00','9, Place Louis Barthou','Bordeaux',NULL,'France','33000',1.9799999999999999822);
INSERT INTO invoices VALUES(400,44,'2013-11-03 00:00:00','Porthaninkatu 9','Helsinki',NULL,'Finland','00530',1.9799999999999999822);
INSERT INTO invoices VALUES(401,46,'2013-11-04 00:00:00','3 Chatham Street','Dublin','Dublin','Ireland',NULL,3.9599999999999999644);
INSERT INTO invoices VALUES(402,50,'2013-11-05 00:00:00','C/ San Bernardo 85','Madrid',NULL,'Spain','28015',5.9400000000000003907);
INSERT INTO invoices VALUES(403,56,'2013-11-08 00:00:00','307 Macacha Güemes','Buenos Aires',NULL,'Argentina','1106',8.9100000000000001421);
INSERT INTO invoices VALUES(404,6,'2013-11-13 00:00:00','Rilská 3174/6','Prague',NULL,'Czech Republic','14300',25.859999999999999432);
INSERT INTO invoices VALUES(405,20,'2013-11-21 00:00:00','541 Del Medio Avenue','Mountain View','CA','USA','94040-111',0.98999999999999999111);
INSERT INTO invoices VALUES(406,21,'2013-12-04 00:00:00','801 W 4th Street','Reno','NV','USA','89503',1.9799999999999999822);
INSERT INTO invoices VALUES(407,23,'2013-12-04 00:00:00','69 Salem Street','Boston','MA','USA','2113',1.9799999999999999822);
INSERT INTO invoices VALUES(408,25,'2013-12-05 00:00:00','319 N. Frances Street','Madison','WI','USA','53703',3.9599999999999999644);
INSERT INTO invoices VALUES(409,29,'2013-12-06 00:00:00','796 Dundas Street West','Toronto','ON','Canada','M6J 1V1',5.9400000000000003907);
INSERT INTO invoices VALUES(410,35,'2013-12-09 00:00:00','Rua dos Campeões Europeus de Viena, 4350','Porto',NULL,'Portugal',NULL,8.9100000000000001421);
INSERT INTO invoices VALUES(411,44,'2013-12-14 00:00:00','Porthaninkatu 9','Helsinki',NULL,'Finland','00530',13.859999999999999431);
INSERT INTO invoices VALUES(412,58,'2013-12-22 00:00:00','12,Community Centre','Delhi',NULL,'India','110017',1.9899999999999999911);
CREATE TABLE IF NOT EXISTS "invoice_items"
(
    [InvoiceLineId] INTEGER PRIMARY KEY AUTOINCREMENT NOT NULL,
    [InvoiceId] INTEGER  NOT NULL,
    [TrackId] INTEGER  NOT NULL,
    [UnitPrice] NUMERIC(10,2)  NOT NULL,
    [Quantity] INTEGER  NOT NULL,
    FOREIGN KEY ([InvoiceId]) REFERENCES "invoices" ([InvoiceId]) 
		ON DELETE NO ACTION ON UPDATE NO ACTION,
    FOREIGN KEY ([TrackId]) REFERENCES "tracks" ([TrackId]) 
		ON DELETE NO ACTION ON UPDATE NO ACTION
);
INSERT INTO invoice_items VALUES(1,1,2,0.98999999999999999111,1);
INSERT INTO invoice_items VALUES(2,1,4,0.98999999999999999111,1);
INSERT INTO invoice_items VALUES(3,2,6,0.98999999999999999111,1);
INSERT INTO invoice_items VALUES(4,2,8,0.98999999999999999111,1);
INSERT INTO invoice_items VALUES(5,2,10,0.98999999999999999111,1);
INSERT INTO invoice_items VALUES(6,2,12,0.98999999999999999111,1);
INSERT INTO invoice_items VALUES(7,3,16,0.98999999999999999111,1);
INSERT INTO invoice_items VALUES(8,3,20,0.98999999999999999111,1);
INSERT INTO invoice_items VALUES(9,3,24,0.98999999999999999111,1);
INSERT INTO invoice_items VALUES(10,3,28,0.98999999999999999111,1);
INSERT INTO invoice_items VALUES(11,3,32,0.98999999999999999111,1);
INSERT INTO invoice_items VALUES(12,3,36,0.98999999999999999111,1);
INSERT INTO invoice_items VALUES(13,4,42,0.98999999999999999111,1);
INSERT INTO invoice_items VALUES(14,4,48,0.98999999999999999111,1);
INSERT INTO invoice_items VALUES(15,4,54,0.98999999999999999111,1);
INSERT INTO invoice_items VALUES(16,4,60,0.98999999999999999111,1);
INSERT INTO invoice_items VALUES(17,4,66,0.98999999999999999111,1);
INSERT INTO invoice_items VALUES(18,4,72,0.98999999999999999111,1);
INSERT INTO invoice_items VALUES(19,4,78,0.98999999999999999111,1);
INSERT INTO invoice_items VALUES(20,4,84,0.98999999999999999111,1);
INSERT INTO invoice_items VALUES(21,4,90,0.98999999999999999111,1);
INSERT INTO invoice_items VALUES(22,5,99,0.98999999999999999111,1);
INSERT INTO invoice_items VALUES(23,5,108,0.98999999999999999111,1);
INSERT INTO invoice_items VALUES(24,5,117,0.98999999999999999111,1);
INSERT INTO invoice_items VALUES(25,5,126,0.98999999999999999111,1);
INSERT INTO invoice_items VALUES(26,5,135,0.98999999999999999111,1);
INSERT INTO invoice_items VALUES(27,5,144,0.98999999999999999111,1);
INSERT INTO invoice_items VALUES(28,5,153,0.98999999999999999111,1);
INSERT INTO invoice_items VALUES(29,5,162,0.98999999999999999111,1);
INSERT INTO invoice_items VALUES(30,5,171,0.98999999999999999111,1);
INSERT INTO invoice_items VALUES(31,5,180,0.98999999999999999111,1);
INSERT INTO invoice_items VALUES(32,5,189,0.98999999999999999111,1);
INSERT INTO invoice_items VALUES(33,5,198,0.98999999999999999111,1);
INSERT INTO invoice_items VALUES(34,5,207,0.98999999999999999111,1);
INSERT INTO invoice_items VALUES(35,5,216,0.98999999999999999111,1);
INSERT INTO invoice_items VALUES(36,6,230,0.98999999999999999111,1);
INSERT INTO invoice_items VALUES(37,7,231,0.98999999999999999111,1);
INSERT INTO invoice_items VALUES(38,7,232,0.98999999999999999111,1);
INSERT INTO invoice_items VALUES(39,8,234,0.98999999999999999111,1);
INSERT INTO invoice_items VALUES(40,8,236,0.98999999999999999111,1);
INSERT INTO invoice_items VALUES(41,9,238,0.98999999999999999111,1);
INSERT INTO invoice_items VALUES(42,9,240,0.98999999999999999111,1);
INSERT INTO invoice_items VALUES(43,9,242,0.98999999999999999111,1);
INSERT INTO invoice_items VALUES(44,9,244,0.98999999999999999111,1);
INSERT INTO invoice_items VALUES(45,10,248,0.98999999999999999111,1);
INSERT INTO invoice_items VALUES(46,10,252,0.98999999999999999111,1);
INSERT INTO invoice_items VALUES(47,10,256,0.98999999999999999111,1);
INSERT INTO invoice_items VALUES(48,10,260,0.98999999999999999111,1);
INSERT INTO invoice_items VALUES(49,10,264,0.98999999999999999111,1);
INSERT INTO invoice_items VALUES(50,10,268,0.98999999999999999111,1);
INSERT INTO invoice_items VALUES(51,11,274,0.98999999999999999111,1);
INSERT INTO invoice_items VALUES(52,11,280,0.98999999999999999111,1);
INSERT INTO invoice_items VALUES(53,11,286,0.98999999999999999111,1);
INSERT INTO invoice_items VALUES(54,11,292,0.98999999999999999111,1);
INSERT INTO invoice_items VALUES(55,11,298,0.98999999999999999111,1);
INSERT INTO invoice_items VALUES(56,11,304,0.98999999999999999111,1);
INSERT INTO invoice_items VALUES(57,11,310,0.98999999999999999111,1);
INSERT INTO invoice_items VALUES(58,11,316,0.98999999999999999111,1);
INSERT INTO invoice_items VALUES(59,11,322,0.98999999999999999111,1);
INSERT INTO invoice_items VALUES(60,12,331,0.98999999999999999111,1);
INSERT INTO invoice_items VALUES(61,12,340,0.98999999999999999111,1);
INSERT INTO invoice_items VALUES(62,12,349,0.98999999999999999111,1);
INSERT INTO invoice_items VALUES(63,12,358,0.98999999999999999111,1);
INSERT INTO invoice_items VALUES(64,12,367,0.98999999999999999111,1);
INSERT INTO invoice_items VALUES(65,12,376,0.98999999999999999111,1);
INSERT INTO invoice_items VALUES(66,12,385,0.98999999999999999111,1);
INSERT INTO invoice_items VALUES(67,12,394,0.98999999999999999111,1);
INSERT INTO invoice_items VALUES(68,12,403,0.98999999999999999111,1);
INSERT INTO invoice_items VALUES(69,12,412,0.98999999999999999111,1);
INSERT INTO invoice_items VALUES(70,12,421,0.98999999999999999111,1);
INSERT INTO invoice_items VALUES(71,12,430,0.98999999999999999111,1);
INSERT INTO invoice_items VALUES(72,12,439,0.98999999999999999111,1);
INSERT INTO invoice_items VALUES(73,12,448,0.98999999999999999111,1);
INSERT INTO invoice_items VALUES(74,13,462,0.98999999999999999111,1);
INSERT INTO invoice_items VALUES(75,14,463,0.98999999999999999111,1);
INSERT INTO invoice_items VALUES(76,14,464,0.98999999999999999111,1);
INSERT INTO invoice_items VALUES(77,15,466,0.98999999999999999111,1);
INSERT INTO invoice_items VALUES(78,15,468,0.98999999999999999111,1);
INSERT INTO invoice_items VALUES(79,16,470,0.98999999999999999111,1);
INSERT INTO invoice_items VALUES(80,16,472,0.98999999999999999111,1);
INSERT INTO invoice_items VALUES(81,16,474,0.98999999999999999111,1);
INSERT INTO invoice_items VALUES(82,16,476,0.98999999999999999111,1);
INSERT INTO invoice_items VALUES(83,17,480,0.98999999999999999111,1);
INSERT INTO invoice_items VALUES(84,17,484,0.98999999999999999111,1);
INSERT INTO invoice_items VALUES(85,17,488,0.98999999999999999111,1);
INSERT INTO invoice_items VALUES(86,17,492,0.98999999999999999111,1);
INSERT INTO invoice_items VALUES(87,17,496,0.98999999999999999111,1);
INSERT INTO invoice_items VALUES(88,17,500,0.98999999999999999111,1);
INSERT INTO invoice_items VALUES(89,18,506,0.98999999999999999111,1);
INSERT INTO invoice_items VALUES(90,18,512,0.98999999999999999111,1);
INSERT INTO invoice_items VALUES(91,18,518,0.98999999999999999111,1);
INSERT INTO invoice_items VALUES(92,18,524,0.98999999999999999111,1);
INSERT INTO invoice_items VALUES(93,18,530,0.98999999999999999111,1);
INSERT INTO invoice_items VALUES(94,18,536,0.98999999999999999111,1);
INSERT INTO invoice_items VALUES(95,18,542,0.98999999999999999111,1);
INSERT INTO invoice_items VALUES(96,18,548,0.98999999999999999111,1);
INSERT INTO invoice_items VALUES(97,18,554,0.98999999999999999111,1);
INSERT INTO invoice_items VALUES(98,19,563,0.98999999999999999111,1);
INSERT INTO invoice_items VALUES(99,19,572,0.98999999999999999111,1);
INSERT INTO invoice_items VALUES(100,19,581,0.98999999999999999111,1);
INSERT INTO invoice_items VALUES(101,19,590,0.98999999999999999111,1);
INSERT INTO invoice_items VALUES(102,19,599,0.98999999999999999111,1);
INSERT INTO invoice_items VALUES(103,19,608,0.98999999999999999111,1);
INSERT INTO invoice_items VALUES(104,19,617,0.98999999999999999111,1);
INSERT INTO invoice_items VALUES(105,19,626,0.98999999999999999111,1);
INSERT INTO invoice_items VALUES(106,19,635,0.98999999999999999111,1);
INSERT INTO invoice_items VALUES(107,19,644,0.98999999999999999111,1);
INSERT INTO invoice_items VALUES(108,19,653,0.98999999999999999111,1);
INSERT INTO invoice_items VALUES(109,19,662,0.98999999999999999111,1);
INSERT INTO invoice_items VALUES(110,19,671,0.98999999999999999111,1);
INSERT INTO invoice_items VALUES(111,19,680,0.98999999999999999111,1);
INSERT INTO invoice_items VALUES(112,20,694,0.98999999999999999111,1);
INSERT INTO invoice_items VALUES(113,21,695,0.98999999999999999111,1);
INSERT INTO invoice_items VALUES(114,21,696,0.98999999999999999111,1);
INSERT INTO invoice_items VALUES(115,22,698,0.98999999999999999111,1);
INSERT INTO invoice_items VALUES(116,22,700,0.98999999999999999111,1);
INSERT INTO invoice_items VALUES(117,23,702,0.98999999999999999111,1);
INSERT INTO invoice_items VALUES(118,23,704,0.98999999999999999111,1);
INSERT INTO invoice_items VALUES(119,23,706,0.98999999999999999111,1);
INSERT INTO invoice_items VALUES(120,23,708,0.98999999999999999111,1);
INSERT INTO invoice_items VALUES(121,24,712,0.98999999999999999111,1);
INSERT INTO invoice_items VALUES(122,24,716,0.98999999999999999111,1);
INSERT INTO invoice_items VALUES(123,24,720,0.98999999999999999111,1);
INSERT INTO invoice_items VALUES(124,24,724,0.98999999999999999111,1);
INSERT INTO invoice_items VALUES(125,24,728,0.98999999999999999111,1);
INSERT INTO invoice_items VALUES(126,24,732,0.98999999999999999111,1);
INSERT INTO invoice_items VALUES(127,25,738,0.98999999999999999111,1);
INSERT INTO invoice_items VALUES(128,25,744,0.98999999999999999111,1);
INSERT INTO invoice_items VALUES(129,25,750,0.98999999999999999111,1);
INSERT INTO invoice_items VALUES(130,25,756,0.98999999999999999111,1);
INSERT INTO invoice_items VALUES(131,25,762,0.98999999999999999111,1);
INSERT INTO invoice_items VALUES(132,25,768,0.98999999999999999111,1);
INSERT INTO invoice_items VALUES(133,25,774,0.98999999999999999111,1);
INSERT INTO invoice_items VALUES(134,25,780,0.98999999999999999111,1);
INSERT INTO invoice_items VALUES(135,25,786,0.98999999999999999111,1);
INSERT INTO invoice_items VALUES(136,26,795,0.98999999999999999111,1);
INSERT INTO invoice_items VALUES(137,26,804,0.98999999999999999111,1);
INSERT INTO invoice_items VALUES(138,26,813,0.98999999999999999111,1);
INSERT INTO invoice_items VALUES(139,26,822,0.98999999999999999111,1);
INSERT INTO invoice_items VALUES(140,26,831,0.98999999999999999111,1);
INSERT INTO invoice_items VALUES(141,26,840,0.98999999999999999111,1);
INSERT INTO invoice_items VALUES(142,26,849,0.98999999999999999111,1);
INSERT INTO invoice_items VALUES(143,26,858,0.98999999999999999111,1);
INSERT INTO invoice_items VALUES(144,26,867,0.98999999999999999111,1);
INSERT INTO invoice_items VALUES(145,26,876,0.98999999999999999111,1);
INSERT INTO invoice_items VALUES(146,26,885,0.98999999999999999111,1);
INSERT INTO invoice_items VALUES(147,26,894,0.98999999999999999111,1);
INSERT INTO invoice_items VALUES(148,26,903,0.98999999999999999111,1);
INSERT INTO invoice_items VALUES(149,26,912,0.98999999999999999111,1);
INSERT INTO invoice_items VALUES(150,27,926,0.98999999999999999111,1);
INSERT INTO invoice_items VALUES(151,28,927,0.98999999999999999111,1);
INSERT INTO invoice_items VALUES(152,28,928,0.98999999999999999111,1);
INSERT INTO invoice_items VALUES(153,29,930,0.98999999999999999111,1);
INSERT INTO invoice_items VALUES(154,29,932,0.98999999999999999111,1);
INSERT INTO invoice_items VALUES(155,30,934,0.98999999999999999111,1);
INSERT INTO invoice_items VALUES(156,30,936,0.98999999999999999111,1);
INSERT INTO invoice_items VALUES(157,30,938,0.98999999999999999111,1);
INSERT INTO invoice_items VALUES(158,30,940,0.98999999999999999111,1);
INSERT INTO invoice_items VALUES(159,31,944,0.98999999999999999111,1);
INSERT INTO invoice_items VALUES(160,31,948,0.98999999999999999111,1);
INSERT INTO invoice_items VALUES(161,31,952,0.98999999999999999111,1);
INSERT INTO invoice_items VALUES(162,31,956,0.98999999999999999111,1);
INSERT INTO invoice_items VALUES(163,31,960,0.98999999999999999111,1);
INSERT INTO invoice_items VALUES(164,31,964,0.98999999999999999111,1);
INSERT INTO invoice_items VALUES(165,32,970,0.98999999999999999111,1);
INSERT INTO invoice_items VALUES(166,32,976,0.98999999999999999111,1);
INSERT INTO invoice_items VALUES(167,32,982,0.98999999999999999111,1);
INSERT INTO invoice_items VALUES(168,32,988,0.98999999999999999111,1);
INSERT INTO invoice_items VALUES(169,32,994,0.98999999999999999111,1);
INSERT INTO invoice_items VALUES(170,32,1000,0.98999999999999999111,1);
INSERT INTO invoice_items VALUES(171,32,1006,0.98999999999999999111,1);
INSERT INTO invoice_items VALUES(172,32,1012,0.98999999999999999111,1);
INSERT INTO invoice_items VALUES(173,32,1018,0.98999999999999999111,1);
INSERT INTO invoice_items VALUES(174,33,1027,0.98999999999999999111,1);
INSERT INTO invoice_items VALUES(175,33,1036,0.98999999999999999111,1);
INSERT INTO invoice_items VALUES(176,33,1045,0.98999999999999999111,1);
INSERT INTO invoice_items VALUES(177,33,1054,0.98999999999999999111,1);
INSERT INTO invoice_items VALUES(178,33,1063,0.98999999999999999111,1);
INSERT INTO invoice_items VALUES(179,33,1072,0.98999999999999999111,1);
INSERT INTO invoice_items VALUES(180,33,1081,0.98999999999999999111,1);
INSERT INTO invoice_items VALUES(181,33,1090,0.98999999999999999111,1);
INSERT INTO invoice_items VALUES(182,33,1099,0.98999999999999999111,1);
INSERT INTO invoice_items VALUES(183,33,1108,0.98999999999999999111,1);
INSERT INTO invoice_items VALUES(184,33,1117,0.98999999999999999111,1);
INSERT INTO invoice_items VALUES(185,33,1126,0.98999999999999999111,1);
INSERT INTO invoice_items VALUES(186,33,1135,0.98999999999999999111,1);
INSERT INTO invoice_items VALUES(187,33,1144,0.98999999999999999111,1);
INSERT INTO invoice_items VALUES(188,34,1158,0.98999999999999999111,1);
INSERT INTO invoice_items VALUES(189,35,1159,0.98999999999999999111,1);
INSERT INTO invoice_items VALUES(190,35,1160,0.98999999999999999111,1);
INSERT INTO invoice_items VALUES(191,36,1162,0.98999999999999999111,1);
INSERT INTO invoice_items VALUES(192,36,1164,0.98999999999999999111,1);
INSERT INTO invoice_items VALUES(193,37,1166,0.98999999999999999111,1);
INSERT INTO invoice_items VALUES(194,37,1168,0.98999999999999999111,1);
INSERT INTO invoice_items VALUES(195,37,1170,0.98999999999999999111,1);
INSERT INTO invoice_items VALUES(196,37,1172,0.98999999999999999111,1);
INSERT INTO invoice_items VALUES(197,38,1176,0.98999999999999999111,1);
INSERT INTO invoice_items VALUES(198,38,1180,0.98999999999999999111,1);
INSERT INTO invoice_items VALUES(199,38,1184,0.98999999999999999111,1);
INSERT INTO invoice_items VALUES(200,38,1188,0.98999999999999999111,1);
INSERT INTO invoice_items VALUES(201,38,1192,0.98999999999999999111,1);
INSERT INTO invoice_items VALUES(202,38,1196,0.98999999999999999111,1);
INSERT INTO invoice_items VALUES(203,39,1202,0.98999999999999999111,1);
INSERT INTO invoice_items VALUES(204,39,1208,0.98999999999999999111,1);
INSERT INTO invoice_items VALUES(205,39,1214,0.98999999999999999111,1);
INSERT INTO invoice_items VALUES(206,39,1220,0.98999999999999999111,1);
INSERT INTO invoice_items VALUES(207,39,1226,0.98999999999999999111,1);
INSERT INTO invoice_items VALUES(208,39,1232,0.98999999999999999111,1);
INSERT INTO invoice_items VALUES(209,39,1238,0.98999999999999999111,1);
INSERT INTO invoice_items VALUES(210,39,1244,0.98999999999999999111,1);
INSERT INTO invoice_items VALUES(211,39,1250,0.98999999999999999111,1);
INSERT INTO invoice_items VALUES(212,40,1259,0.98999999999999999111,1);
INSERT INTO invoice_items VALUES(213,40,1268,0.98999999999999999111,1);
INSERT INTO invoice_items VALUES(214,40,1277,0.98999999999999999111,1);
INSERT INTO invoice_items VALUES(215,40,1286,0.98999999999999999111,1);
INSERT INTO invoice_items VALUES(216,40,1295,0.98999999999999999111,1);
INSERT INTO invoice_items VALUES(217,40,1304,0.98999999999999999111,1);
INSERT INTO invoice_items VALUES(218,40,1313,0.98999999999999999111,1);
INSERT INTO invoice_items VALUES(219,40,1322,0.98999999999999999111,1);
INSERT INTO invoice_items VALUES(220,40,1331,0.98999999999999999111,1);
INSERT INTO invoice_items VALUES(221,40,1340,0.98999999999999999111,1);
INSERT INTO invoice_items VALUES(222,40,1349,0.98999999999999999111,1);
INSERT INTO invoice_items VALUES(223,40,1358,0.98999999999999999111,1);
INSERT INTO invoice_items VALUES(224,40,1367,0.98999999999999999111,1);
INSERT INTO invoice_items VALUES(225,40,1376,0.98999999999999999111,1);
INSERT INTO invoice_items VALUES(226,41,1390,0.98999999999999999111,1);
INSERT INTO invoice_items VALUES(227,42,1391,0.98999999999999999111,1);
INSERT INTO invoice_items VALUES(228,42,1392,0.98999999999999999111,1);
INSERT INTO invoice_items VALUES(229,43,1394,0.98999999999999999111,1);
INSERT INTO invoice_items VALUES(230,43,1396,0.98999999999999999111,1);
INSERT INTO invoice_items VALUES(231,44,1398,0.98999999999999999111,1);
INSERT INTO invoice_items VALUES(232,44,1400,0.98999999999999999111,1);
INSERT INTO invoice_items VALUES(233,44,1402,0.98999999999999999111,1);
INSERT INTO invoice_items VALUES(234,44,1404,0.98999999999999999111,1);
INSERT INTO invoice_items VALUES(235,45,1408,0.98999999999999999111,1);
INSERT INTO invoice_items VALUES(236,45,1412,0.98999999999999999111,1);
INSERT INTO invoice_items VALUES(237,45,1416,0.98999999999999999111,1);
INSERT INTO invoice_items VALUES(238,45,1420,0.98999999999999999111,1);
INSERT INTO invoice_items VALUES(239,45,1424,0.98999999999999999111,1);
INSERT INTO invoice_items VALUES(240,45,1428,0.98999999999999999111,1);
INSERT INTO invoice_items VALUES(241,46,1434,0.98999999999999999111,1);
INSERT INTO invoice_items VALUES(242,46,1440,0.98999999999999999111,1);
INSERT INTO invoice_items VALUES(243,46,1446,0.98999999999999999111,1);
INSERT INTO invoice_items VALUES(244,46,1452,0.98999999999999999111,1);
INSERT INTO invoice_items VALUES(245,46,1458,0.98999999999999999111,1);
INSERT INTO invoice_items VALUES(246,46,1464,0.98999999999999999111,1);
INSERT INTO invoice_items VALUES(247,46,1470,0.98999999999999999111,1);
INSERT INTO invoice_items VALUES(248,46,1476,0.98999999999999999111,1);
INSERT INTO invoice_items VALUES(249,46,1482,0.98999999999999999111,1);
INSERT INTO invoice_items VALUES(250,47,1491,0.98999999999999999111,1);
INSERT INTO invoice_items VALUES(251,47,1500,0.98999999999999999111,1);
INSERT INTO invoice_items VALUES(252,47,1509,0.98999999999999999111,1);
INSERT INTO invoice_items VALUES(253,47,1518,0.98999999999999999111,1);
INSERT INTO invoice_items VALUES(254,47,1527,0.98999999999999999111,1);
INSERT INTO invoice_items VALUES(255,47,1536,0.98999999999999999111,1);
INSERT INTO invoice_items VALUES(256,47,1545,0.98999999999999999111,1);
INSERT INTO invoice_items VALUES(257,47,1554,0.98999999999999999111,1);
INSERT INTO invoice_items VALUES(258,47,1563,0.98999999999999999111,1);
INSERT INTO invoice_items VALUES(259,47,1572,0.98999999999999999111,1);
INSERT INTO invoice_items VALUES(260,47,1581,0.98999999999999999111,1);
INSERT INTO invoice_items VALUES(261,47,1590,0.98999999999999999111,1);
INSERT INTO invoice_items VALUES(262,47,1599,0.98999999999999999111,1);
INSERT INTO invoice_items VALUES(263,47,1608,0.98999999999999999111,1);
INSERT INTO invoice_items VALUES(264,48,1622,0.98999999999999999111,1);
INSERT INTO invoice_items VALUES(265,49,1623,0.98999999999999999111,1);
INSERT INTO invoice_items VALUES(266,49,1624,0.98999999999999999111,1);
INSERT INTO invoice_items VALUES(267,50,1626,0.98999999999999999111,1);
INSERT INTO invoice_items VALUES(268,50,1628,0.98999999999999999111,1);
INSERT INTO invoice_items VALUES(269,51,1630,0.98999999999999999111,1);
INSERT INTO invoice_items VALUES(270,51,1632,0.98999999999999999111,1);
INSERT INTO invoice_items VALUES(271,51,1634,0.98999999999999999111,1);
INSERT INTO invoice_items VALUES(272,51,1636,0.98999999999999999111,1);
INSERT INTO invoice_items VALUES(273,52,1640,0.98999999999999999111,1);
INSERT INTO invoice_items VALUES(274,52,1644,0.98999999999999999111,1);
INSERT INTO invoice_items VALUES(275,52,1648,0.98999999999999999111,1);
INSERT INTO invoice_items VALUES(276,52,1652,0.98999999999999999111,1);
INSERT INTO invoice_items VALUES(277,52,1656,0.98999999999999999111,1);
INSERT INTO invoice_items VALUES(278,52,1660,0.98999999999999999111,1);
INSERT INTO invoice_items VALUES(279,53,1666,0.98999999999999999111,1);
INSERT INTO invoice_items VALUES(280,53,1672,0.98999999999999999111,1);
INSERT INTO invoice_items VALUES(281,53,1678,0.98999999999999999111,1);
INSERT INTO invoice_items VALUES(282,53,1684,0.98999999999999999111,1);
INSERT INTO invoice_items VALUES(283,53,1690,0.98999999999999999111,1);
INSERT INTO invoice_items VALUES(284,53,1696,0.98999999999999999111,1);
INSERT INTO invoice_items VALUES(285,53,1702,0.98999999999999999111,1);
INSERT INTO invoice_items VALUES(286,53,1708,0.98999999999999999111,1);
INSERT INTO invoice_items VALUES(287,53,1714,0.98999999999999999111,1);
INSERT INTO invoice_items VALUES(288,54,1723,0.98999999999999999111,1);
INSERT INTO invoice_items VALUES(289,54,1732,0.98999999999999999111,1);
INSERT INTO invoice_items VALUES(290,54,1741,0.98999999999999999111,1);
INSERT INTO invoice_items VALUES(291,54,1750,0.98999999999999999111,1);
INSERT INTO invoice_items VALUES(292,54,1759,0.98999999999999999111,1);
INSERT INTO invoice_items VALUES(293,54,1768,0.98999999999999999111,1);
INSERT INTO invoice_items VALUES(294,54,1777,0.98999999999999999111,1);
INSERT INTO invoice_items VALUES(295,54,1786,0.98999999999999999111,1);
INSERT INTO invoice_items VALUES(296,54,1795,0.98999999999999999111,1);
INSERT INTO invoice_items VALUES(297,54,1804,0.98999999999999999111,1);
INSERT INTO invoice_items VALUES(298,54,1813,0.98999999999999999111,1);
INSERT INTO invoice_items VALUES(299,54,1822,0.98999999999999999111,1);
INSERT INTO invoice_items VALUES(300,54,1831,0.98999999999999999111,1);
INSERT INTO invoice_items VALUES(301,54,1840,0.98999999999999999111,1);
INSERT INTO invoice_items VALUES(302,55,1854,0.98999999999999999111,1);
INSERT INTO invoice_items VALUES(303,56,1855,0.98999999999999999111,1);
INSERT INTO invoice_items VALUES(304,56,1856,0.98999999999999999111,1);
INSERT INTO invoice_items VALUES(305,57,1858,0.98999999999999999111,1);
INSERT INTO invoice_items VALUES(306,57,1860,0.98999999999999999111,1);
INSERT INTO invoice_items VALUES(307,58,1862,0.98999999999999999111,1);
INSERT INTO invoice_items VALUES(308,58,1864,0.98999999999999999111,1);
INSERT INTO invoice_items VALUES(309,58,1866,0.98999999999999999111,1);
INSERT INTO invoice_items VALUES(310,58,1868,0.98999999999999999111,1);
INSERT INTO invoice_items VALUES(311,59,1872,0.98999999999999999111,1);
INSERT INTO invoice_items VALUES(312,59,1876,0.98999999999999999111,1);
INSERT INTO invoice_items VALUES(313,59,1880,0.98999999999999999111,1);
INSERT INTO invoice_items VALUES(314,59,1884,0.98999999999999999111,1);
INSERT INTO invoice_items VALUES(315,59,1888,0.98999999999999999111,1);
INSERT INTO invoice_items VALUES(316,59,1892,0.98999999999999999111,1);
INSERT INTO invoice_items VALUES(317,60,1898,0.98999999999999999111,1);
INSERT INTO invoice_items VALUES(318,60,1904,0.98999999999999999111,1);
INSERT INTO invoice_items VALUES(319,60,1910,0.98999999999999999111,1);
INSERT INTO invoice_items VALUES(320,60,1916,0.98999999999999999111,1);
INSERT INTO invoice_items VALUES(321,60,1922,0.98999999999999999111,1);
INSERT INTO invoice_items VALUES(322,60,1928,0.98999999999999999111,1);
INSERT INTO invoice_items VALUES(323,60,1934,0.98999999999999999111,1);
INSERT INTO invoice_items VALUES(324,60,1940,0.98999999999999999111,1);
INSERT INTO invoice_items VALUES(325,60,1946,0.98999999999999999111,1);
INSERT INTO invoice_items VALUES(326,61,1955,0.98999999999999999111,1);
INSERT INTO invoice_items VALUES(327,61,1964,0.98999999999999999111,1);
INSERT INTO invoice_items VALUES(328,61,1973,0.98999999999999999111,1);
INSERT INTO invoice_items VALUES(329,61,1982,0.98999999999999999111,1);
INSERT INTO invoice_items VALUES(330,61,1991,0.98999999999999999111,1);
INSERT INTO invoice_items VALUES(331,61,2000,0.98999999999999999111,1);
INSERT INTO invoice_items VALUES(332,61,2009,0.98999999999999999111,1);
INSERT INTO invoice_items VALUES(333,61,2018,0.98999999999999999111,1);
INSERT INTO invoice_items VALUES(334,61,2027,0.98999999999999999111,1);
INSERT INTO invoice_items VALUES(335,61,2036,0.98999999999999999111,1);
INSERT INTO invoice_items VALUES(336,61,2045,0.98999999999999999111,1);
INSERT INTO invoice_items VALUES(337,61,2054,0.98999999999999999111,1);
INSERT INTO invoice_items VALUES(338,61,2063,0.98999999999999999111,1);
INSERT INTO invoice_items VALUES(339,61,2072,0.98999999999999999111,1);
INSERT INTO invoice_items VALUES(340,62,2086,0.98999999999999999111,1);
INSERT INTO invoice_items VALUES(341,63,2087,0.98999999999999999111,1);
INSERT INTO invoice_items VALUES(342,63,2088,0.98999999999999999111,1);
INSERT INTO invoice_items VALUES(343,64,2090,0.98999999999999999111,1);
INSERT INTO invoice_items VALUES(344,64,2092,0.98999999999999999111,1);
INSERT INTO invoice_items VALUES(345,65,2094,0.98999999999999999111,1);
INSERT INTO invoice_items VALUES(346,65,2096,0.98999999999999999111,1);
INSERT INTO invoice_items VALUES(347,65,2098,0.98999999999999999111,1);
INSERT INTO invoice_items VALUES(348,65,2100,0.98999999999999999111,1);
INSERT INTO invoice_items VALUES(349,66,2104,0.98999999999999999111,1);
INSERT INTO invoice_items VALUES(350,66,2108,0.98999999999999999111,1);
INSERT INTO invoice_items VALUES(351,66,2112,0.98999999999999999111,1);
INSERT INTO invoice_items VALUES(352,66,2116,0.98999999999999999111,1);
INSERT INTO invoice_items VALUES(353,66,2120,0.98999999999999999111,1);
INSERT INTO invoice_items VALUES(354,66,2124,0.98999999999999999111,1);
INSERT INTO invoice_items VALUES(355,67,2130,0.98999999999999999111,1);
INSERT INTO invoice_items VALUES(356,67,2136,0.98999999999999999111,1);
INSERT INTO invoice_items VALUES(357,67,2142,0.98999999999999999111,1);
INSERT INTO invoice_items VALUES(358,67,2148,0.98999999999999999111,1);
INSERT INTO invoice_items VALUES(359,67,2154,0.98999999999999999111,1);
INSERT INTO invoice_items VALUES(360,67,2160,0.98999999999999999111,1);
INSERT INTO invoice_items VALUES(361,67,2166,0.98999999999999999111,1);
INSERT INTO invoice_items VALUES(362,67,2172,0.98999999999999999111,1);
INSERT INTO invoice_items VALUES(363,67,2178,0.98999999999999999111,1);
INSERT INTO invoice_items VALUES(364,68,2187,0.98999999999999999111,1);
INSERT INTO invoice_items VALUES(365,68,2196,0.98999999999999999111,1);
INSERT INTO invoice_items VALUES(366,68,2205,0.98999999999999999111,1);
INSERT INTO invoice_items VALUES(367,68,2214,0.98999999999999999111,1);
INSERT INTO invoice_items VALUES(368,68,2223,0.98999999999999999111,1);
INSERT INTO invoice_items VALUES(369,68,2232,0.98999999999999999111,1);
INSERT INTO invoice_items VALUES(370,68,2241,0.98999999999999999111,1);
INSERT INTO invoice_items VALUES(371,68,2250,0.98999999999999999111,1);
INSERT INTO invoice_items VALUES(372,68,2259,0.98999999999999999111,1);
INSERT INTO invoice_items VALUES(373,68,2268,0.98999999999999999111,1);
INSERT INTO invoice_items VALUES(374,68,2277,0.98999999999999999111,1);
INSERT INTO invoice_items VALUES(375,68,2286,0.98999999999999999111,1);
INSERT INTO invoice_items VALUES(376,68,2295,0.98999999999999999111,1);
INSERT INTO invoice_items VALUES(377,68,2304,0.98999999999999999111,1);
INSERT INTO invoice_items VALUES(378,69,2318,0.98999999999999999111,1);
INSERT INTO invoice_items VALUES(379,70,2319,0.98999999999999999111,1);
INSERT INTO invoice_items VALUES(380,70,2320,0.98999999999999999111,1);
INSERT INTO invoice_items VALUES(381,71,2322,0.98999999999999999111,1);
INSERT INTO invoice_items VALUES(382,71,2324,0.98999999999999999111,1);
INSERT INTO invoice_items VALUES(383,72,2326,0.98999999999999999111,1);
INSERT INTO invoice_items VALUES(384,72,2328,0.98999999999999999111,1);
INSERT INTO invoice_items VALUES(385,72,2330,0.98999999999999999111,1);
INSERT INTO invoice_items VALUES(386,72,2332,0.98999999999999999111,1);
INSERT INTO invoice_items VALUES(387,73,2336,0.98999999999999999111,1);
INSERT INTO invoice_items VALUES(388,73,2340,0.98999999999999999111,1);
INSERT INTO invoice_items VALUES(389,73,2344,0.98999999999999999111,1);
INSERT INTO invoice_items VALUES(390,73,2348,0.98999999999999999111,1);
INSERT INTO invoice_items VALUES(391,73,2352,0.98999999999999999111,1);
INSERT INTO invoice_items VALUES(392,73,2356,0.98999999999999999111,1);
INSERT INTO invoice_items VALUES(393,74,2362,0.98999999999999999111,1);
INSERT INTO invoice_items VALUES(394,74,2368,0.98999999999999999111,1);
INSERT INTO invoice_items VALUES(395,74,2374,0.98999999999999999111,1);
INSERT INTO invoice_items VALUES(396,74,2380,0.98999999999999999111,1);
INSERT INTO invoice_items VALUES(397,74,2386,0.98999999999999999111,1);
INSERT INTO invoice_items VALUES(398,74,2392,0.98999999999999999111,1);
INSERT INTO invoice_items VALUES(399,74,2398,0.98999999999999999111,1);
INSERT INTO invoice_items VALUES(400,74,2404,0.98999999999999999111,1);
INSERT INTO invoice_items VALUES(401,74,2410,0.98999999999999999111,1);
INSERT INTO invoice_items VALUES(402,75,2419,0.98999999999999999111,1);
INSERT INTO invoice_items VALUES(403,75,2428,0.98999999999999999111,1);
INSERT INTO invoice_items VALUES(404,75,2437,0.98999999999999999111,1);
INSERT INTO invoice_items VALUES(405,75,2446,0.98999999999999999111,1);
INSERT INTO invoice_items VALUES(406,75,2455,0.98999999999999999111,1);
INSERT INTO invoice_items VALUES(407,75,2464,0.98999999999999999111,1);
INSERT INTO invoice_items VALUES(408,75,2473,0.98999999999999999111,1);
INSERT INTO invoice_items VALUES(409,75,2482,0.98999999999999999111,1);
INSERT INTO invoice_items VALUES(410,75,2491,0.98999999999999999111,1);
INSERT INTO invoice_items VALUES(411,75,2500,0.98999999999999999111,1);
INSERT INTO invoice_items VALUES(412,75,2509,0.98999999999999999111,1);
INSERT INTO invoice_items VALUES(413,75,2518,0.98999999999999999111,1);
INSERT INTO invoice_items VALUES(414,75,2527,0.98999999999999999111,1);
INSERT INTO invoice_items VALUES(415,75,2536,0.98999999999999999111,1);
INSERT INTO invoice_items VALUES(416,76,2550,0.98999999999999999111,1);
INSERT INTO invoice_items VALUES(417,77,2551,0.98999999999999999111,1);
INSERT INTO invoice_items VALUES(418,77,2552,0.98999999999999999111,1);
INSERT INTO invoice_items VALUES(419,78,2554,0.98999999999999999111,1);
INSERT INTO invoice_items VALUES(420,78,2556,0.98999999999999999111,1);
INSERT INTO invoice_items VALUES(421,79,2558,0.98999999999999999111,1);
INSERT INTO invoice_items VALUES(422,79,2560,0.98999999999999999111,1);
INSERT INTO invoice_items VALUES(423,79,2562,0.98999999999999999111,1);
INSERT INTO invoice_items VALUES(424,79,2564,0.98999999999999999111,1);
INSERT INTO invoice_items VALUES(425,80,2568,0.98999999999999999111,1);
INSERT INTO invoice_items VALUES(426,80,2572,0.98999999999999999111,1);
INSERT INTO invoice_items VALUES(427,80,2576,0.98999999999999999111,1);
INSERT INTO invoice_items VALUES(428,80,2580,0.98999999999999999111,1);
INSERT INTO invoice_items VALUES(429,80,2584,0.98999999999999999111,1);
INSERT INTO invoice_items VALUES(430,80,2588,0.98999999999999999111,1);
INSERT INTO invoice_items VALUES(431,81,2594,0.98999999999999999111,1);
INSERT INTO invoice_items VALUES(432,81,2600,0.98999999999999999111,1);
INSERT INTO invoice_items VALUES(433,81,2606,0.98999999999999999111,1);
INSERT INTO invoice_items VALUES(434,81,2612,0.98999999999999999111,1);
INSERT INTO invoice_items VALUES(435,81,2618,0.98999999999999999111,1);
INSERT INTO invoice_items VALUES(436,81,2624,0.98999999999999999111,1);
INSERT INTO invoice_items VALUES(437,81,2630,0.98999999999999999111,1);
INSERT INTO invoice_items VALUES(438,81,2636,0.98999999999999999111,1);
INSERT INTO invoice_items VALUES(439,81,2642,0.98999999999999999111,1);
INSERT INTO invoice_items VALUES(440,82,2651,0.98999999999999999111,1);
INSERT INTO invoice_items VALUES(441,82,2660,0.98999999999999999111,1);
INSERT INTO invoice_items VALUES(442,82,2669,0.98999999999999999111,1);
INSERT INTO invoice_items VALUES(443,82,2678,0.98999999999999999111,1);
INSERT INTO invoice_items VALUES(444,82,2687,0.98999999999999999111,1);
INSERT INTO invoice_items VALUES(445,82,2696,0.98999999999999999111,1);
INSERT INTO invoice_items VALUES(446,82,2705,0.98999999999999999111,1);
INSERT INTO invoice_items VALUES(447,82,2714,0.98999999999999999111,1);
INSERT INTO invoice_items VALUES(448,82,2723,0.98999999999999999111,1);
INSERT INTO invoice_items VALUES(449,82,2732,0.98999999999999999111,1);
INSERT INTO invoice_items VALUES(450,82,2741,0.98999999999999999111,1);
INSERT INTO invoice_items VALUES(451,82,2750,0.98999999999999999111,1);
INSERT INTO invoice_items VALUES(452,82,2759,0.98999999999999999111,1);
INSERT INTO invoice_items VALUES(453,82,2768,0.98999999999999999111,1);
INSERT INTO invoice_items VALUES(454,83,2782,0.98999999999999999111,1);
INSERT INTO invoice_items VALUES(455,84,2783,0.98999999999999999111,1);
INSERT INTO invoice_items VALUES(456,84,2784,0.98999999999999999111,1);
INSERT INTO invoice_items VALUES(457,85,2786,0.98999999999999999111,1);
INSERT INTO invoice_items VALUES(458,85,2788,0.98999999999999999111,1);
INSERT INTO invoice_items VALUES(459,86,2790,0.98999999999999999111,1);
INSERT INTO invoice_items VALUES(460,86,2792,0.98999999999999999111,1);
INSERT INTO invoice_items VALUES(461,86,2794,0.98999999999999999111,1);
INSERT INTO invoice_items VALUES(462,86,2796,0.98999999999999999111,1);
INSERT INTO invoice_items VALUES(463,87,2800,0.98999999999999999111,1);
INSERT INTO invoice_items VALUES(464,87,2804,0.98999999999999999111,1);
INSERT INTO invoice_items VALUES(465,87,2808,0.98999999999999999111,1);
INSERT INTO invoice_items VALUES(466,87,2812,0.98999999999999999111,1);
INSERT INTO invoice_items VALUES(467,87,2816,0.98999999999999999111,1);
INSERT INTO invoice_items VALUES(468,87,2820,1.9899999999999999911,1);
INSERT INTO invoice_items VALUES(469,88,2826,1.9899999999999999911,1);
INSERT INTO invoice_items VALUES(470,88,2832,1.9899999999999999911,1);
INSERT INTO invoice_items VALUES(471,88,2838,1.9899999999999999911,1);
INSERT INTO invoice_items VALUES(472,88,2844,1.9899999999999999911,1);
INSERT INTO invoice_items VALUES(473,88,2850,1.9899999999999999911,1);
INSERT INTO invoice_items VALUES(474,88,2856,1.9899999999999999911,1);
INSERT INTO invoice_items VALUES(475,88,2862,1.9899999999999999911,1);
INSERT INTO invoice_items VALUES(476,88,2868,1.9899999999999999911,1);
INSERT INTO invoice_items VALUES(477,88,2874,1.9899999999999999911,1);
INSERT INTO invoice_items VALUES(478,89,2883,1.9899999999999999911,1);
INSERT INTO invoice_items VALUES(479,89,2892,1.9899999999999999911,1);
INSERT INTO invoice_items VALUES(480,89,2901,1.9899999999999999911,1);
INSERT INTO invoice_items VALUES(481,89,2910,1.9899999999999999911,1);
INSERT INTO invoice_items VALUES(482,89,2919,1.9899999999999999911,1);
INSERT INTO invoice_items VALUES(483,89,2928,0.98999999999999999111,1);
INSERT INTO invoice_items VALUES(484,89,2937,0.98999999999999999111,1);
INSERT INTO invoice_items VALUES(485,89,2946,0.98999999999999999111,1);
INSERT INTO invoice_items VALUES(486,89,2955,0.98999999999999999111,1);
INSERT INTO invoice_items VALUES(487,89,2964,0.98999999999999999111,1);
INSERT INTO invoice_items VALUES(488,89,2973,0.98999999999999999111,1);
INSERT INTO invoice_items VALUES(489,89,2982,0.98999999999999999111,1);
INSERT INTO invoice_items VALUES(490,89,2991,0.98999999999999999111,1);
INSERT INTO invoice_items VALUES(491,89,3000,0.98999999999999999111,1);
INSERT INTO invoice_items VALUES(492,90,3014,0.98999999999999999111,1);
INSERT INTO invoice_items VALUES(493,91,3015,0.98999999999999999111,1);
INSERT INTO invoice_items VALUES(494,91,3016,0.98999999999999999111,1);
INSERT INTO invoice_items VALUES(495,92,3018,0.98999999999999999111,1);
INSERT INTO invoice_items VALUES(496,92,3020,0.98999999999999999111,1);
INSERT INTO invoice_items VALUES(497,93,3022,0.98999999999999999111,1);
INSERT INTO invoice_items VALUES(498,93,3024,0.98999999999999999111,1);
INSERT INTO invoice_items VALUES(499,93,3026,0.98999999999999999111,1);
INSERT INTO invoice_items VALUES(500,93,3028,0.98999999999999999111,1);
INSERT INTO invoice_items VALUES(501,94,3032,0.98999999999999999111,1);
INSERT INTO invoice_items VALUES(502,94,3036,0.98999999999999999111,1);
INSERT INTO invoice_items VALUES(503,94,3040,0.98999999999999999111,1);
INSERT INTO invoice_items VALUES(504,94,3044,0.98999999999999999111,1);
INSERT INTO invoice_items VALUES(505,94,3048,0.98999999999999999111,1);
INSERT INTO invoice_items VALUES(506,94,3052,0.98999999999999999111,1);
INSERT INTO invoice_items VALUES(507,95,3058,0.98999999999999999111,1);
INSERT INTO invoice_items VALUES(508,95,3064,0.98999999999999999111,1);
INSERT INTO invoice_items VALUES(509,95,3070,0.98999999999999999111,1);
INSERT INTO invoice_items VALUES(510,95,3076,0.98999999999999999111,1);
INSERT INTO invoice_items VALUES(511,95,3082,0.98999999999999999111,1);
INSERT INTO invoice_items VALUES(512,95,3088,0.98999999999999999111,1);
INSERT INTO invoice_items VALUES(513,95,3094,0.98999999999999999111,1);
INSERT INTO invoice_items VALUES(514,95,3100,0.98999999999999999111,1);
INSERT INTO invoice_items VALUES(515,95,3106,0.98999999999999999111,1);
INSERT INTO invoice_items VALUES(516,96,3115,0.98999999999999999111,1);
INSERT INTO invoice_items VALUES(517,96,3124,0.98999999999999999111,1);
INSERT INTO invoice_items VALUES(518,96,3133,0.98999999999999999111,1);
INSERT INTO invoice_items VALUES(519,96,3142,0.98999999999999999111,1);
INSERT INTO invoice_items VALUES(520,96,3151,0.98999999999999999111,1);
INSERT INTO invoice_items VALUES(521,96,3160,0.98999999999999999111,1);
INSERT INTO invoice_items VALUES(522,96,3169,1.9899999999999999911,1);
INSERT INTO invoice_items VALUES(523,96,3178,1.9899999999999999911,1);
INSERT INTO invoice_items VALUES(524,96,3187,1.9899999999999999911,1);
INSERT INTO invoice_items VALUES(525,96,3196,1.9899999999999999911,1);
INSERT INTO invoice_items VALUES(526,96,3205,1.9899999999999999911,1);
INSERT INTO invoice_items VALUES(527,96,3214,1.9899999999999999911,1);
INSERT INTO invoice_items VALUES(528,96,3223,1.9899999999999999911,1);
INSERT INTO invoice_items VALUES(529,96,3232,1.9899999999999999911,1);
INSERT INTO invoice_items VALUES(530,97,3246,1.9899999999999999911,1);
INSERT INTO invoice_items VALUES(531,98,3247,1.9899999999999999911,1);
INSERT INTO invoice_items VALUES(532,98,3248,1.9899999999999999911,1);
INSERT INTO invoice_items VALUES(533,99,3250,1.9899999999999999911,1);
INSERT INTO invoice_items VALUES(534,99,3252,1.9899999999999999911,1);
INSERT INTO invoice_items VALUES(535,100,3254,0.98999999999999999111,1);
INSERT INTO invoice_items VALUES(536,100,3256,0.98999999999999999111,1);
INSERT INTO invoice_items VALUES(537,100,3258,0.98999999999999999111,1);
INSERT INTO invoice_items VALUES(538,100,3260,0.98999999999999999111,1);
INSERT INTO invoice_items VALUES(539,101,3264,0.98999999999999999111,1);
INSERT INTO invoice_items VALUES(540,101,3268,0.98999999999999999111,1);
INSERT INTO invoice_items VALUES(541,101,3272,0.98999999999999999111,1);
INSERT INTO invoice_items VALUES(542,101,3276,0.98999999999999999111,1);
INSERT INTO invoice_items VALUES(543,101,3280,0.98999999999999999111,1);
INSERT INTO invoice_items VALUES(544,101,3284,0.98999999999999999111,1);
INSERT INTO invoice_items VALUES(545,102,3290,0.98999999999999999111,1);
INSERT INTO invoice_items VALUES(546,102,3296,0.98999999999999999111,1);
INSERT INTO invoice_items VALUES(547,102,3302,0.98999999999999999111,1);
INSERT INTO invoice_items VALUES(548,102,3308,0.98999999999999999111,1);
INSERT INTO invoice_items VALUES(549,102,3314,0.98999999999999999111,1);
INSERT INTO invoice_items VALUES(550,102,3320,0.98999999999999999111,1);
INSERT INTO invoice_items VALUES(551,102,3326,0.98999999999999999111,1);
INSERT INTO invoice_items VALUES(552,102,3332,0.98999999999999999111,1);
INSERT INTO invoice_items VALUES(553,102,3338,1.9899999999999999911,1);
INSERT INTO invoice_items VALUES(554,103,3347,1.9899999999999999911,1);
INSERT INTO invoice_items VALUES(555,103,3356,0.98999999999999999111,1);
INSERT INTO invoice_items VALUES(556,103,3365,0.98999999999999999111,1);
INSERT INTO invoice_items VALUES(557,103,3374,0.98999999999999999111,1);
INSERT INTO invoice_items VALUES(558,103,3383,0.98999999999999999111,1);
INSERT INTO invoice_items VALUES(559,103,3392,0.98999999999999999111,1);
INSERT INTO invoice_items VALUES(560,103,3401,0.98999999999999999111,1);
INSERT INTO invoice_items VALUES(561,103,3410,0.98999999999999999111,1);
INSERT INTO invoice_items VALUES(562,103,3419,0.98999999999999999111,1);
INSERT INTO invoice_items VALUES(563,103,3428,1.9899999999999999911,1);
INSERT INTO invoice_items VALUES(564,103,3437,0.98999999999999999111,1);
INSERT INTO invoice_items VALUES(565,103,3446,0.98999999999999999111,1);
INSERT INTO invoice_items VALUES(566,103,3455,0.98999999999999999111,1);
INSERT INTO invoice_items VALUES(567,103,3464,0.98999999999999999111,1);
INSERT INTO invoice_items VALUES(568,104,3478,0.98999999999999999111,1);
INSERT INTO invoice_items VALUES(569,105,3479,0.98999999999999999111,1);
INSERT INTO invoice_items VALUES(570,105,3480,0.98999999999999999111,1);
INSERT INTO invoice_items VALUES(571,106,3482,0.98999999999999999111,1);
INSERT INTO invoice_items VALUES(572,106,3484,0.98999999999999999111,1);
INSERT INTO invoice_items VALUES(573,107,3486,0.98999999999999999111,1);
INSERT INTO invoice_items VALUES(574,107,3488,0.98999999999999999111,1);
INSERT INTO invoice_items VALUES(575,107,3490,0.98999999999999999111,1);
INSERT INTO invoice_items VALUES(576,107,3492,0.98999999999999999111,1);
INSERT INTO invoice_items VALUES(577,108,3496,0.98999999999999999111,1);
INSERT INTO invoice_items VALUES(578,108,3500,0.98999999999999999111,1);
INSERT INTO invoice_items VALUES(579,108,1,0.98999999999999999111,1);
INSERT INTO invoice_items VALUES(580,108,5,0.98999999999999999111,1);
INSERT INTO invoice_items VALUES(581,108,9,0.98999999999999999111,1);
INSERT INTO invoice_items VALUES(582,108,13,0.98999999999999999111,1);
INSERT INTO invoice_items VALUES(583,109,19,0.98999999999999999111,1);
INSERT INTO invoice_items VALUES(584,109,25,0.98999999999999999111,1);
INSERT INTO invoice_items VALUES(585,109,31,0.98999999999999999111,1);
INSERT INTO invoice_items VALUES(586,109,37,0.98999999999999999111,1);
INSERT INTO invoice_items VALUES(587,109,43,0.98999999999999999111,1);
INSERT INTO invoice_items VALUES(588,109,49,0.98999999999999999111,1);
INSERT INTO invoice_items VALUES(589,109,55,0.98999999999999999111,1);
INSERT INTO invoice_items VALUES(590,109,61,0.98999999999999999111,1);
INSERT INTO invoice_items VALUES(591,109,67,0.98999999999999999111,1);
INSERT INTO invoice_items VALUES(592,110,76,0.98999999999999999111,1);
INSERT INTO invoice_items VALUES(593,110,85,0.98999999999999999111,1);
INSERT INTO invoice_items VALUES(594,110,94,0.98999999999999999111,1);
INSERT INTO invoice_items VALUES(595,110,103,0.98999999999999999111,1);
INSERT INTO invoice_items VALUES(596,110,112,0.98999999999999999111,1);
INSERT INTO invoice_items VALUES(597,110,121,0.98999999999999999111,1);
INSERT INTO invoice_items VALUES(598,110,130,0.98999999999999999111,1);
INSERT INTO invoice_items VALUES(599,110,139,0.98999999999999999111,1);
INSERT INTO invoice_items VALUES(600,110,148,0.98999999999999999111,1);
INSERT INTO invoice_items VALUES(601,110,157,0.98999999999999999111,1);
INSERT INTO invoice_items VALUES(602,110,166,0.98999999999999999111,1);
INSERT INTO invoice_items VALUES(603,110,175,0.98999999999999999111,1);
INSERT INTO invoice_items VALUES(604,110,184,0.98999999999999999111,1);
INSERT INTO invoice_items VALUES(605,110,193,0.98999999999999999111,1);
INSERT INTO invoice_items VALUES(606,111,207,0.98999999999999999111,1);
INSERT INTO invoice_items VALUES(607,112,208,0.98999999999999999111,1);
INSERT INTO invoice_items VALUES(608,112,209,0.98999999999999999111,1);
INSERT INTO invoice_items VALUES(609,113,211,0.98999999999999999111,1);
INSERT INTO invoice_items VALUES(610,113,213,0.98999999999999999111,1);
INSERT INTO invoice_items VALUES(611,114,215,0.98999999999999999111,1);
INSERT INTO invoice_items VALUES(612,114,217,0.98999999999999999111,1);
INSERT INTO invoice_items VALUES(613,114,219,0.98999999999999999111,1);
INSERT INTO invoice_items VALUES(614,114,221,0.98999999999999999111,1);
INSERT INTO invoice_items VALUES(615,115,225,0.98999999999999999111,1);
INSERT INTO invoice_items VALUES(616,115,229,0.98999999999999999111,1);
INSERT INTO invoice_items VALUES(617,115,233,0.98999999999999999111,1);
INSERT INTO invoice_items VALUES(618,115,237,0.98999999999999999111,1);
INSERT INTO invoice_items VALUES(619,115,241,0.98999999999999999111,1);
INSERT INTO invoice_items VALUES(620,115,245,0.98999999999999999111,1);
INSERT INTO invoice_items VALUES(621,116,251,0.98999999999999999111,1);
INSERT INTO invoice_items VALUES(622,116,257,0.98999999999999999111,1);
INSERT INTO invoice_items VALUES(623,116,263,0.98999999999999999111,1);
INSERT INTO invoice_items VALUES(624,116,269,0.98999999999999999111,1);
INSERT INTO invoice_items VALUES(625,116,275,0.98999999999999999111,1);
INSERT INTO invoice_items VALUES(626,116,281,0.98999999999999999111,1);
INSERT INTO invoice_items VALUES(627,116,287,0.98999999999999999111,1);
INSERT INTO invoice_items VALUES(628,116,293,0.98999999999999999111,1);
INSERT INTO invoice_items VALUES(629,116,299,0.98999999999999999111,1);
INSERT INTO invoice_items VALUES(630,117,308,0.98999999999999999111,1);
INSERT INTO invoice_items VALUES(631,117,317,0.98999999999999999111,1);
INSERT INTO invoice_items VALUES(632,117,326,0.98999999999999999111,1);
INSERT INTO invoice_items VALUES(633,117,335,0.98999999999999999111,1);
INSERT INTO invoice_items VALUES(634,117,344,0.98999999999999999111,1);
INSERT INTO invoice_items VALUES(635,117,353,0.98999999999999999111,1);
INSERT INTO invoice_items VALUES(636,117,362,0.98999999999999999111,1);
INSERT INTO invoice_items VALUES(637,117,371,0.98999999999999999111,1);
INSERT INTO invoice_items VALUES(638,117,380,0.98999999999999999111,1);
INSERT INTO invoice_items VALUES(639,117,389,0.98999999999999999111,1);
INSERT INTO invoice_items VALUES(640,117,398,0.98999999999999999111,1);
INSERT INTO invoice_items VALUES(641,117,407,0.98999999999999999111,1);
INSERT INTO invoice_items VALUES(642,117,416,0.98999999999999999111,1);
INSERT INTO invoice_items VALUES(643,117,425,0.98999999999999999111,1);
INSERT INTO invoice_items VALUES(644,118,439,0.98999999999999999111,1);
INSERT INTO invoice_items VALUES(645,119,440,0.98999999999999999111,1);
INSERT INTO invoice_items VALUES(646,119,441,0.98999999999999999111,1);
INSERT INTO invoice_items VALUES(647,120,443,0.98999999999999999111,1);
INSERT INTO invoice_items VALUES(648,120,445,0.98999999999999999111,1);
INSERT INTO invoice_items VALUES(649,121,447,0.98999999999999999111,1);
INSERT INTO invoice_items VALUES(650,121,449,0.98999999999999999111,1);
INSERT INTO invoice_items VALUES(651,121,451,0.98999999999999999111,1);
INSERT INTO invoice_items VALUES(652,121,453,0.98999999999999999111,1);
INSERT INTO invoice_items VALUES(653,122,457,0.98999999999999999111,1);
INSERT INTO invoice_items VALUES(654,122,461,0.98999999999999999111,1);
INSERT INTO invoice_items VALUES(655,122,465,0.98999999999999999111,1);
INSERT INTO invoice_items VALUES(656,122,469,0.98999999999999999111,1);
INSERT INTO invoice_items VALUES(657,122,473,0.98999999999999999111,1);
INSERT INTO invoice_items VALUES(658,122,477,0.98999999999999999111,1);
INSERT INTO invoice_items VALUES(659,123,483,0.98999999999999999111,1);
INSERT INTO invoice_items VALUES(660,123,489,0.98999999999999999111,1);
INSERT INTO invoice_items VALUES(661,123,495,0.98999999999999999111,1);
INSERT INTO invoice_items VALUES(662,123,501,0.98999999999999999111,1);
INSERT INTO invoice_items VALUES(663,123,507,0.98999999999999999111,1);
INSERT INTO invoice_items VALUES(664,123,513,0.98999999999999999111,1);
INSERT INTO invoice_items VALUES(665,123,519,0.98999999999999999111,1);
INSERT INTO invoice_items VALUES(666,123,525,0.98999999999999999111,1);
INSERT INTO invoice_items VALUES(667,123,531,0.98999999999999999111,1);
INSERT INTO invoice_items VALUES(668,124,540,0.98999999999999999111,1);
INSERT INTO invoice_items VALUES(669,124,549,0.98999999999999999111,1);
INSERT INTO invoice_items VALUES(670,124,558,0.98999999999999999111,1);
INSERT INTO invoice_items VALUES(671,124,567,0.98999999999999999111,1);
INSERT INTO invoice_items VALUES(672,124,576,0.98999999999999999111,1);
INSERT INTO invoice_items VALUES(673,124,585,0.98999999999999999111,1);
INSERT INTO invoice_items VALUES(674,124,594,0.98999999999999999111,1);
INSERT INTO invoice_items VALUES(675,124,603,0.98999999999999999111,1);
INSERT INTO invoice_items VALUES(676,124,612,0.98999999999999999111,1);
INSERT INTO invoice_items VALUES(677,124,621,0.98999999999999999111,1);
INSERT INTO invoice_items VALUES(678,124,630,0.98999999999999999111,1);
INSERT INTO invoice_items VALUES(679,124,639,0.98999999999999999111,1);
INSERT INTO invoice_items VALUES(680,124,648,0.98999999999999999111,1);
INSERT INTO invoice_items VALUES(681,124,657,0.98999999999999999111,1);
INSERT INTO invoice_items VALUES(682,125,671,0.98999999999999999111,1);
INSERT INTO invoice_items VALUES(683,126,672,0.98999999999999999111,1);
INSERT INTO invoice_items VALUES(684,126,673,0.98999999999999999111,1);
INSERT INTO invoice_items VALUES(685,127,675,0.98999999999999999111,1);
INSERT INTO invoice_items VALUES(686,127,677,0.98999999999999999111,1);
INSERT INTO invoice_items VALUES(687,128,679,0.98999999999999999111,1);
INSERT INTO invoice_items VALUES(688,128,681,0.98999999999999999111,1);
INSERT INTO invoice_items VALUES(689,128,683,0.98999999999999999111,1);
INSERT INTO invoice_items VALUES(690,128,685,0.98999999999999999111,1);
INSERT INTO invoice_items VALUES(691,129,689,0.98999999999999999111,1);
INSERT INTO invoice_items VALUES(692,129,693,0.98999999999999999111,1);
INSERT INTO invoice_items VALUES(693,129,697,0.98999999999999999111,1);
INSERT INTO invoice_items VALUES(694,129,701,0.98999999999999999111,1);
INSERT INTO invoice_items VALUES(695,129,705,0.98999999999999999111,1);
INSERT INTO invoice_items VALUES(696,129,709,0.98999999999999999111,1);
INSERT INTO invoice_items VALUES(697,130,715,0.98999999999999999111,1);
INSERT INTO invoice_items VALUES(698,130,721,0.98999999999999999111,1);
INSERT INTO invoice_items VALUES(699,130,727,0.98999999999999999111,1);
INSERT INTO invoice_items VALUES(700,130,733,0.98999999999999999111,1);
INSERT INTO invoice_items VALUES(701,130,739,0.98999999999999999111,1);
INSERT INTO invoice_items VALUES(702,130,745,0.98999999999999999111,1);
INSERT INTO invoice_items VALUES(703,130,751,0.98999999999999999111,1);
INSERT INTO invoice_items VALUES(704,130,757,0.98999999999999999111,1);
INSERT INTO invoice_items VALUES(705,130,763,0.98999999999999999111,1);
INSERT INTO invoice_items VALUES(706,131,772,0.98999999999999999111,1);
INSERT INTO invoice_items VALUES(707,131,781,0.98999999999999999111,1);
INSERT INTO invoice_items VALUES(708,131,790,0.98999999999999999111,1);
INSERT INTO invoice_items VALUES(709,131,799,0.98999999999999999111,1);
INSERT INTO invoice_items VALUES(710,131,808,0.98999999999999999111,1);
INSERT INTO invoice_items VALUES(711,131,817,0.98999999999999999111,1);
INSERT INTO invoice_items VALUES(712,131,826,0.98999999999999999111,1);
INSERT INTO invoice_items VALUES(713,131,835,0.98999999999999999111,1);
INSERT INTO invoice_items VALUES(714,131,844,0.98999999999999999111,1);
INSERT INTO invoice_items VALUES(715,131,853,0.98999999999999999111,1);
INSERT INTO invoice_items VALUES(716,131,862,0.98999999999999999111,1);
INSERT INTO invoice_items VALUES(717,131,871,0.98999999999999999111,1);
INSERT INTO invoice_items VALUES(718,131,880,0.98999999999999999111,1);
INSERT INTO invoice_items VALUES(719,131,889,0.98999999999999999111,1);
INSERT INTO invoice_items VALUES(720,132,903,0.98999999999999999111,1);
INSERT INTO invoice_items VALUES(721,133,904,0.98999999999999999111,1);
INSERT INTO invoice_items VALUES(722,133,905,0.98999999999999999111,1);
INSERT INTO invoice_items VALUES(723,134,907,0.98999999999999999111,1);
INSERT INTO invoice_items VALUES(724,134,909,0.98999999999999999111,1);
INSERT INTO invoice_items VALUES(725,135,911,0.98999999999999999111,1);
INSERT INTO invoice_items VALUES(726,135,913,0.98999999999999999111,1);
INSERT INTO invoice_items VALUES(727,135,915,0.98999999999999999111,1);
INSERT INTO invoice_items VALUES(728,135,917,0.98999999999999999111,1);
INSERT INTO invoice_items VALUES(729,136,921,0.98999999999999999111,1);
INSERT INTO invoice_items VALUES(730,136,925,0.98999999999999999111,1);
INSERT INTO invoice_items VALUES(731,136,929,0.98999999999999999111,1);
INSERT INTO invoice_items VALUES(732,136,933,0.98999999999999999111,1);
INSERT INTO invoice_items VALUES(733,136,937,0.98999999999999999111,1);
INSERT INTO invoice_items VALUES(734,136,941,0.98999999999999999111,1);
INSERT INTO invoice_items VALUES(735,137,947,0.98999999999999999111,1);
INSERT INTO invoice_items VALUES(736,137,953,0.98999999999999999111,1);
INSERT INTO invoice_items VALUES(737,137,959,0.98999999999999999111,1);
INSERT INTO invoice_items VALUES(738,137,965,0.98999999999999999111,1);
INSERT INTO invoice_items VALUES(739,137,971,0.98999999999999999111,1);
INSERT INTO invoice_items VALUES(740,137,977,0.98999999999999999111,1);
INSERT INTO invoice_items VALUES(741,137,983,0.98999999999999999111,1);
INSERT INTO invoice_items VALUES(742,137,989,0.98999999999999999111,1);
INSERT INTO invoice_items VALUES(743,137,995,0.98999999999999999111,1);
INSERT INTO invoice_items VALUES(744,138,1004,0.98999999999999999111,1);
INSERT INTO invoice_items VALUES(745,138,1013,0.98999999999999999111,1);
INSERT INTO invoice_items VALUES(746,138,1022,0.98999999999999999111,1);
INSERT INTO invoice_items VALUES(747,138,1031,0.98999999999999999111,1);
INSERT INTO invoice_items VALUES(748,138,1040,0.98999999999999999111,1);
INSERT INTO invoice_items VALUES(749,138,1049,0.98999999999999999111,1);
INSERT INTO invoice_items VALUES(750,138,1058,0.98999999999999999111,1);
INSERT INTO invoice_items VALUES(751,138,1067,0.98999999999999999111,1);
INSERT INTO invoice_items VALUES(752,138,1076,0.98999999999999999111,1);
INSERT INTO invoice_items VALUES(753,138,1085,0.98999999999999999111,1);
INSERT INTO invoice_items VALUES(754,138,1094,0.98999999999999999111,1);
INSERT INTO invoice_items VALUES(755,138,1103,0.98999999999999999111,1);
INSERT INTO invoice_items VALUES(756,138,1112,0.98999999999999999111,1);
INSERT INTO invoice_items VALUES(757,138,1121,0.98999999999999999111,1);
INSERT INTO invoice_items VALUES(758,139,1135,0.98999999999999999111,1);
INSERT INTO invoice_items VALUES(759,140,1136,0.98999999999999999111,1);
INSERT INTO invoice_items VALUES(760,140,1137,0.98999999999999999111,1);
INSERT INTO invoice_items VALUES(761,141,1139,0.98999999999999999111,1);
INSERT INTO invoice_items VALUES(762,141,1141,0.98999999999999999111,1);
INSERT INTO invoice_items VALUES(763,142,1143,0.98999999999999999111,1);
INSERT INTO invoice_items VALUES(764,142,1145,0.98999999999999999111,1);
INSERT INTO invoice_items VALUES(765,142,1147,0.98999999999999999111,1);
INSERT INTO invoice_items VALUES(766,142,1149,0.98999999999999999111,1);
INSERT INTO invoice_items VALUES(767,143,1153,0.98999999999999999111,1);
INSERT INTO invoice_items VALUES(768,143,1157,0.98999999999999999111,1);
INSERT INTO invoice_items VALUES(769,143,1161,0.98999999999999999111,1);
INSERT INTO invoice_items VALUES(770,143,1165,0.98999999999999999111,1);
INSERT INTO invoice_items VALUES(771,143,1169,0.98999999999999999111,1);
INSERT INTO invoice_items VALUES(772,143,1173,0.98999999999999999111,1);
INSERT INTO invoice_items VALUES(773,144,1179,0.98999999999999999111,1);
INSERT INTO invoice_items VALUES(774,144,1185,0.98999999999999999111,1);
INSERT INTO invoice_items VALUES(775,144,1191,0.98999999999999999111,1);
INSERT INTO invoice_items VALUES(776,144,1197,0.98999999999999999111,1);
INSERT INTO invoice_items VALUES(777,144,1203,0.98999999999999999111,1);
INSERT INTO invoice_items VALUES(778,144,1209,0.98999999999999999111,1);
INSERT INTO invoice_items VALUES(779,144,1215,0.98999999999999999111,1);
INSERT INTO invoice_items VALUES(780,144,1221,0.98999999999999999111,1);
INSERT INTO invoice_items VALUES(781,144,1227,0.98999999999999999111,1);
INSERT INTO invoice_items VALUES(782,145,1236,0.98999999999999999111,1);
INSERT INTO invoice_items VALUES(783,145,1245,0.98999999999999999111,1);
INSERT INTO invoice_items VALUES(784,145,1254,0.98999999999999999111,1);
INSERT INTO invoice_items VALUES(785,145,1263,0.98999999999999999111,1);
INSERT INTO invoice_items VALUES(786,145,1272,0.98999999999999999111,1);
INSERT INTO invoice_items VALUES(787,145,1281,0.98999999999999999111,1);
INSERT INTO invoice_items VALUES(788,145,1290,0.98999999999999999111,1);
INSERT INTO invoice_items VALUES(789,145,1299,0.98999999999999999111,1);
INSERT INTO invoice_items VALUES(790,145,1308,0.98999999999999999111,1);
INSERT INTO invoice_items VALUES(791,145,1317,0.98999999999999999111,1);
INSERT INTO invoice_items VALUES(792,145,1326,0.98999999999999999111,1);
INSERT INTO invoice_items VALUES(793,145,1335,0.98999999999999999111,1);
INSERT INTO invoice_items VALUES(794,145,1344,0.98999999999999999111,1);
INSERT INTO invoice_items VALUES(795,145,1353,0.98999999999999999111,1);
INSERT INTO invoice_items VALUES(796,146,1367,0.98999999999999999111,1);
INSERT INTO invoice_items VALUES(797,147,1368,0.98999999999999999111,1);
INSERT INTO invoice_items VALUES(798,147,1369,0.98999999999999999111,1);
INSERT INTO invoice_items VALUES(799,148,1371,0.98999999999999999111,1);
INSERT INTO invoice_items VALUES(800,148,1373,0.98999999999999999111,1);
INSERT INTO invoice_items VALUES(801,149,1375,0.98999999999999999111,1);
INSERT INTO invoice_items VALUES(802,149,1377,0.98999999999999999111,1);
INSERT INTO invoice_items VALUES(803,149,1379,0.98999999999999999111,1);
INSERT INTO invoice_items VALUES(804,149,1381,0.98999999999999999111,1);
INSERT INTO invoice_items VALUES(805,150,1385,0.98999999999999999111,1);
INSERT INTO invoice_items VALUES(806,150,1389,0.98999999999999999111,1);
INSERT INTO invoice_items VALUES(807,150,1393,0.98999999999999999111,1);
INSERT INTO invoice_items VALUES(808,150,1397,0.98999999999999999111,1);
INSERT INTO invoice_items VALUES(809,150,1401,0.98999999999999999111,1);
INSERT INTO invoice_items VALUES(810,150,1405,0.98999999999999999111,1);
INSERT INTO invoice_items VALUES(811,151,1411,0.98999999999999999111,1);
INSERT INTO invoice_items VALUES(812,151,1417,0.98999999999999999111,1);
INSERT INTO invoice_items VALUES(813,151,1423,0.98999999999999999111,1);
INSERT INTO invoice_items VALUES(814,151,1429,0.98999999999999999111,1);
INSERT INTO invoice_items VALUES(815,151,1435,0.98999999999999999111,1);
INSERT INTO invoice_items VALUES(816,151,1441,0.98999999999999999111,1);
INSERT INTO invoice_items VALUES(817,151,1447,0.98999999999999999111,1);
INSERT INTO invoice_items VALUES(818,151,1453,0.98999999999999999111,1);
INSERT INTO invoice_items VALUES(819,151,1459,0.98999999999999999111,1);
INSERT INTO invoice_items VALUES(820,152,1468,0.98999999999999999111,1);
INSERT INTO invoice_items VALUES(821,152,1477,0.98999999999999999111,1);
INSERT INTO invoice_items VALUES(822,152,1486,0.98999999999999999111,1);
INSERT INTO invoice_items VALUES(823,152,1495,0.98999999999999999111,1);
INSERT INTO invoice_items VALUES(824,152,1504,0.98999999999999999111,1);
INSERT INTO invoice_items VALUES(825,152,1513,0.98999999999999999111,1);
INSERT INTO invoice_items VALUES(826,152,1522,0.98999999999999999111,1);
INSERT INTO invoice_items VALUES(827,152,1531,0.98999999999999999111,1);
INSERT INTO invoice_items VALUES(828,152,1540,0.98999999999999999111,1);
INSERT INTO invoice_items VALUES(829,152,1549,0.98999999999999999111,1);
INSERT INTO invoice_items VALUES(830,152,1558,0.98999999999999999111,1);
INSERT INTO invoice_items VALUES(831,152,1567,0.98999999999999999111,1);
INSERT INTO invoice_items VALUES(832,152,1576,0.98999999999999999111,1);
INSERT INTO invoice_items VALUES(833,152,1585,0.98999999999999999111,1);
INSERT INTO invoice_items VALUES(834,153,1599,0.98999999999999999111,1);
INSERT INTO invoice_items VALUES(835,154,1600,0.98999999999999999111,1);
INSERT INTO invoice_items VALUES(836,154,1601,0.98999999999999999111,1);
INSERT INTO invoice_items VALUES(837,155,1603,0.98999999999999999111,1);
INSERT INTO invoice_items VALUES(838,155,1605,0.98999999999999999111,1);
INSERT INTO invoice_items VALUES(839,156,1607,0.98999999999999999111,1);
INSERT INTO invoice_items VALUES(840,156,1609,0.98999999999999999111,1);
INSERT INTO invoice_items VALUES(841,156,1611,0.98999999999999999111,1);
INSERT INTO invoice_items VALUES(842,156,1613,0.98999999999999999111,1);
INSERT INTO invoice_items VALUES(843,157,1617,0.98999999999999999111,1);
INSERT INTO invoice_items VALUES(844,157,1621,0.98999999999999999111,1);
INSERT INTO invoice_items VALUES(845,157,1625,0.98999999999999999111,1);
INSERT INTO invoice_items VALUES(846,157,1629,0.98999999999999999111,1);
INSERT INTO invoice_items VALUES(847,157,1633,0.98999999999999999111,1);
INSERT INTO invoice_items VALUES(848,157,1637,0.98999999999999999111,1);
INSERT INTO invoice_items VALUES(849,158,1643,0.98999999999999999111,1);
INSERT INTO invoice_items VALUES(850,158,1649,0.98999999999999999111,1);
INSERT INTO invoice_items VALUES(851,158,1655,0.98999999999999999111,1);
INSERT INTO invoice_items VALUES(852,158,1661,0.98999999999999999111,1);
INSERT INTO invoice_items VALUES(853,158,1667,0.98999999999999999111,1);
INSERT INTO invoice_items VALUES(854,158,1673,0.98999999999999999111,1);
INSERT INTO invoice_items VALUES(855,158,1679,0.98999999999999999111,1);
INSERT INTO invoice_items VALUES(856,158,1685,0.98999999999999999111,1);
INSERT INTO invoice_items VALUES(857,158,1691,0.98999999999999999111,1);
INSERT INTO invoice_items VALUES(858,159,1700,0.98999999999999999111,1);
INSERT INTO invoice_items VALUES(859,159,1709,0.98999999999999999111,1);
INSERT INTO invoice_items VALUES(860,159,1718,0.98999999999999999111,1);
INSERT INTO invoice_items VALUES(861,159,1727,0.98999999999999999111,1);
INSERT INTO invoice_items VALUES(862,159,1736,0.98999999999999999111,1);
INSERT INTO invoice_items VALUES(863,159,1745,0.98999999999999999111,1);
INSERT INTO invoice_items VALUES(864,159,1754,0.98999999999999999111,1);
INSERT INTO invoice_items VALUES(865,159,1763,0.98999999999999999111,1);
INSERT INTO invoice_items VALUES(866,159,1772,0.98999999999999999111,1);
INSERT INTO invoice_items VALUES(867,159,1781,0.98999999999999999111,1);
INSERT INTO invoice_items VALUES(868,159,1790,0.98999999999999999111,1);
INSERT INTO invoice_items VALUES(869,159,1799,0.98999999999999999111,1);
INSERT INTO invoice_items VALUES(870,159,1808,0.98999999999999999111,1);
INSERT INTO invoice_items VALUES(871,159,1817,0.98999999999999999111,1);
INSERT INTO invoice_items VALUES(872,160,1831,0.98999999999999999111,1);
INSERT INTO invoice_items VALUES(873,161,1832,0.98999999999999999111,1);
INSERT INTO invoice_items VALUES(874,161,1833,0.98999999999999999111,1);
INSERT INTO invoice_items VALUES(875,162,1835,0.98999999999999999111,1);
INSERT INTO invoice_items VALUES(876,162,1837,0.98999999999999999111,1);
INSERT INTO invoice_items VALUES(877,163,1839,0.98999999999999999111,1);
INSERT INTO invoice_items VALUES(878,163,1841,0.98999999999999999111,1);
INSERT INTO invoice_items VALUES(879,163,1843,0.98999999999999999111,1);
INSERT INTO invoice_items VALUES(880,163,1845,0.98999999999999999111,1);
INSERT INTO invoice_items VALUES(881,164,1849,0.98999999999999999111,1);
INSERT INTO invoice_items VALUES(882,164,1853,0.98999999999999999111,1);
INSERT INTO invoice_items VALUES(883,164,1857,0.98999999999999999111,1);
INSERT INTO invoice_items VALUES(884,164,1861,0.98999999999999999111,1);
INSERT INTO invoice_items VALUES(885,164,1865,0.98999999999999999111,1);
INSERT INTO invoice_items VALUES(886,164,1869,0.98999999999999999111,1);
INSERT INTO invoice_items VALUES(887,165,1875,0.98999999999999999111,1);
INSERT INTO invoice_items VALUES(888,165,1881,0.98999999999999999111,1);
INSERT INTO invoice_items VALUES(889,165,1887,0.98999999999999999111,1);
INSERT INTO invoice_items VALUES(890,165,1893,0.98999999999999999111,1);
INSERT INTO invoice_items VALUES(891,165,1899,0.98999999999999999111,1);
INSERT INTO invoice_items VALUES(892,165,1905,0.98999999999999999111,1);
INSERT INTO invoice_items VALUES(893,165,1911,0.98999999999999999111,1);
INSERT INTO invoice_items VALUES(894,165,1917,0.98999999999999999111,1);
INSERT INTO invoice_items VALUES(895,165,1923,0.98999999999999999111,1);
INSERT INTO invoice_items VALUES(896,166,1932,0.98999999999999999111,1);
INSERT INTO invoice_items VALUES(897,166,1941,0.98999999999999999111,1);
INSERT INTO invoice_items VALUES(898,166,1950,0.98999999999999999111,1);
INSERT INTO invoice_items VALUES(899,166,1959,0.98999999999999999111,1);
INSERT INTO invoice_items VALUES(900,166,1968,0.98999999999999999111,1);
INSERT INTO invoice_items VALUES(901,166,1977,0.98999999999999999111,1);
INSERT INTO invoice_items VALUES(902,166,1986,0.98999999999999999111,1);
INSERT INTO invoice_items VALUES(903,166,1995,0.98999999999999999111,1);
INSERT INTO invoice_items VALUES(904,166,2004,0.98999999999999999111,1);
INSERT INTO invoice_items VALUES(905,166,2013,0.98999999999999999111,1);
INSERT INTO invoice_items VALUES(906,166,2022,0.98999999999999999111,1);
INSERT INTO invoice_items VALUES(907,166,2031,0.98999999999999999111,1);
INSERT INTO invoice_items VALUES(908,166,2040,0.98999999999999999111,1);
INSERT INTO invoice_items VALUES(909,166,2049,0.98999999999999999111,1);
INSERT INTO invoice_items VALUES(910,167,2063,0.98999999999999999111,1);
INSERT INTO invoice_items VALUES(911,168,2064,0.98999999999999999111,1);
INSERT INTO invoice_items VALUES(912,168,2065,0.98999999999999999111,1);
INSERT INTO invoice_items VALUES(913,169,2067,0.98999999999999999111,1);
INSERT INTO invoice_items VALUES(914,169,2069,0.98999999999999999111,1);
INSERT INTO invoice_items VALUES(915,170,2071,0.98999999999999999111,1);
INSERT INTO invoice_items VALUES(916,170,2073,0.98999999999999999111,1);
INSERT INTO invoice_items VALUES(917,170,2075,0.98999999999999999111,1);
INSERT INTO invoice_items VALUES(918,170,2077,0.98999999999999999111,1);
INSERT INTO invoice_items VALUES(919,171,2081,0.98999999999999999111,1);
INSERT INTO invoice_items VALUES(920,171,2085,0.98999999999999999111,1);
INSERT INTO invoice_items VALUES(921,171,2089,0.98999999999999999111,1);
INSERT INTO invoice_items VALUES(922,171,2093,0.98999999999999999111,1);
INSERT INTO invoice_items VALUES(923,171,2097,0.98999999999999999111,1);
INSERT INTO invoice_items VALUES(924,171,2101,0.98999999999999999111,1);
INSERT INTO invoice_items VALUES(925,172,2107,0.98999999999999999111,1);
INSERT INTO invoice_items VALUES(926,172,2113,0.98999999999999999111,1);
INSERT INTO invoice_items VALUES(927,172,2119,0.98999999999999999111,1);
INSERT INTO invoice_items VALUES(928,172,2125,0.98999999999999999111,1);
INSERT INTO invoice_items VALUES(929,172,2131,0.98999999999999999111,1);
INSERT INTO invoice_items VALUES(930,172,2137,0.98999999999999999111,1);
INSERT INTO invoice_items VALUES(931,172,2143,0.98999999999999999111,1);
INSERT INTO invoice_items VALUES(932,172,2149,0.98999999999999999111,1);
INSERT INTO invoice_items VALUES(933,172,2155,0.98999999999999999111,1);
INSERT INTO invoice_items VALUES(934,173,2164,0.98999999999999999111,1);
INSERT INTO invoice_items VALUES(935,173,2173,0.98999999999999999111,1);
INSERT INTO invoice_items VALUES(936,173,2182,0.98999999999999999111,1);
INSERT INTO invoice_items VALUES(937,173,2191,0.98999999999999999111,1);
INSERT INTO invoice_items VALUES(938,173,2200,0.98999999999999999111,1);
INSERT INTO invoice_items VALUES(939,173,2209,0.98999999999999999111,1);
INSERT INTO invoice_items VALUES(940,173,2218,0.98999999999999999111,1);
INSERT INTO invoice_items VALUES(941,173,2227,0.98999999999999999111,1);
INSERT INTO invoice_items VALUES(942,173,2236,0.98999999999999999111,1);
INSERT INTO invoice_items VALUES(943,173,2245,0.98999999999999999111,1);
INSERT INTO invoice_items VALUES(944,173,2254,0.98999999999999999111,1);
INSERT INTO invoice_items VALUES(945,173,2263,0.98999999999999999111,1);
INSERT INTO invoice_items VALUES(946,173,2272,0.98999999999999999111,1);
INSERT INTO invoice_items VALUES(947,173,2281,0.98999999999999999111,1);
INSERT INTO invoice_items VALUES(948,174,2295,0.98999999999999999111,1);
INSERT INTO invoice_items VALUES(949,175,2296,0.98999999999999999111,1);
INSERT INTO invoice_items VALUES(950,175,2297,0.98999999999999999111,1);
INSERT INTO invoice_items VALUES(951,176,2299,0.98999999999999999111,1);
INSERT INTO invoice_items VALUES(952,176,2301,0.98999999999999999111,1);
INSERT INTO invoice_items VALUES(953,177,2303,0.98999999999999999111,1);
INSERT INTO invoice_items VALUES(954,177,2305,0.98999999999999999111,1);
INSERT INTO invoice_items VALUES(955,177,2307,0.98999999999999999111,1);
INSERT INTO invoice_items VALUES(956,177,2309,0.98999999999999999111,1);
INSERT INTO invoice_items VALUES(957,178,2313,0.98999999999999999111,1);
INSERT INTO invoice_items VALUES(958,178,2317,0.98999999999999999111,1);
INSERT INTO invoice_items VALUES(959,178,2321,0.98999999999999999111,1);
INSERT INTO invoice_items VALUES(960,178,2325,0.98999999999999999111,1);
INSERT INTO invoice_items VALUES(961,178,2329,0.98999999999999999111,1);
INSERT INTO invoice_items VALUES(962,178,2333,0.98999999999999999111,1);
INSERT INTO invoice_items VALUES(963,179,2339,0.98999999999999999111,1);
INSERT INTO invoice_items VALUES(964,179,2345,0.98999999999999999111,1);
INSERT INTO invoice_items VALUES(965,179,2351,0.98999999999999999111,1);
INSERT INTO invoice_items VALUES(966,179,2357,0.98999999999999999111,1);
INSERT INTO invoice_items VALUES(967,179,2363,0.98999999999999999111,1);
INSERT INTO invoice_items VALUES(968,179,2369,0.98999999999999999111,1);
INSERT INTO invoice_items VALUES(969,179,2375,0.98999999999999999111,1);
INSERT INTO invoice_items VALUES(970,179,2381,0.98999999999999999111,1);
INSERT INTO invoice_items VALUES(971,179,2387,0.98999999999999999111,1);
INSERT INTO invoice_items VALUES(972,180,2396,0.98999999999999999111,1);
INSERT INTO invoice_items VALUES(973,180,2405,0.98999999999999999111,1);
INSERT INTO invoice_items VALUES(974,180,2414,0.98999999999999999111,1);
INSERT INTO invoice_items VALUES(975,180,2423,0.98999999999999999111,1);
INSERT INTO invoice_items VALUES(976,180,2432,0.98999999999999999111,1);
INSERT INTO invoice_items VALUES(977,180,2441,0.98999999999999999111,1);
INSERT INTO invoice_items VALUES(978,180,2450,0.98999999999999999111,1);
INSERT INTO invoice_items VALUES(979,180,2459,0.98999999999999999111,1);
INSERT INTO invoice_items VALUES(980,180,2468,0.98999999999999999111,1);
INSERT INTO invoice_items VALUES(981,180,2477,0.98999999999999999111,1);
INSERT INTO invoice_items VALUES(982,180,2486,0.98999999999999999111,1);
INSERT INTO invoice_items VALUES(983,180,2495,0.98999999999999999111,1);
INSERT INTO invoice_items VALUES(984,180,2504,0.98999999999999999111,1);
INSERT INTO invoice_items VALUES(985,180,2513,0.98999999999999999111,1);
INSERT INTO invoice_items VALUES(986,181,2527,0.98999999999999999111,1);
INSERT INTO invoice_items VALUES(987,182,2528,0.98999999999999999111,1);
INSERT INTO invoice_items VALUES(988,182,2529,0.98999999999999999111,1);
INSERT INTO invoice_items VALUES(989,183,2531,0.98999999999999999111,1);
INSERT INTO invoice_items VALUES(990,183,2533,0.98999999999999999111,1);
INSERT INTO invoice_items VALUES(991,184,2535,0.98999999999999999111,1);
INSERT INTO invoice_items VALUES(992,184,2537,0.98999999999999999111,1);
INSERT INTO invoice_items VALUES(993,184,2539,0.98999999999999999111,1);
INSERT INTO invoice_items VALUES(994,184,2541,0.98999999999999999111,1);
INSERT INTO invoice_items VALUES(995,185,2545,0.98999999999999999111,1);
INSERT INTO invoice_items VALUES(996,185,2549,0.98999999999999999111,1);
INSERT INTO invoice_items VALUES(997,185,2553,0.98999999999999999111,1);
INSERT INTO invoice_items VALUES(998,185,2557,0.98999999999999999111,1);
INSERT INTO invoice_items VALUES(999,185,2561,0.98999999999999999111,1);
INSERT INTO invoice_items VALUES(1000,185,2565,0.98999999999999999111,1);
INSERT INTO invoice_items VALUES(1001,186,2571,0.98999999999999999111,1);
INSERT INTO invoice_items VALUES(1002,186,2577,0.98999999999999999111,1);
INSERT INTO invoice_items VALUES(1003,186,2583,0.98999999999999999111,1);
INSERT INTO invoice_items VALUES(1004,186,2589,0.98999999999999999111,1);
INSERT INTO invoice_items VALUES(1005,186,2595,0.98999999999999999111,1);
INSERT INTO invoice_items VALUES(1006,186,2601,0.98999999999999999111,1);
INSERT INTO invoice_items VALUES(1007,186,2607,0.98999999999999999111,1);
INSERT INTO invoice_items VALUES(1008,186,2613,0.98999999999999999111,1);
INSERT INTO invoice_items VALUES(1009,186,2619,0.98999999999999999111,1);
INSERT INTO invoice_items VALUES(1010,187,2628,0.98999999999999999111,1);
INSERT INTO invoice_items VALUES(1011,187,2637,0.98999999999999999111,1);
INSERT INTO invoice_items VALUES(1012,187,2646,0.98999999999999999111,1);
INSERT INTO invoice_items VALUES(1013,187,2655,0.98999999999999999111,1);
INSERT INTO invoice_items VALUES(1014,187,2664,0.98999999999999999111,1);
INSERT INTO invoice_items VALUES(1015,187,2673,0.98999999999999999111,1);
INSERT INTO invoice_items VALUES(1016,187,2682,0.98999999999999999111,1);
INSERT INTO invoice_items VALUES(1017,187,2691,0.98999999999999999111,1);
INSERT INTO invoice_items VALUES(1018,187,2700,0.98999999999999999111,1);
INSERT INTO invoice_items VALUES(1019,187,2709,0.98999999999999999111,1);
INSERT INTO invoice_items VALUES(1020,187,2718,0.98999999999999999111,1);
INSERT INTO invoice_items VALUES(1021,187,2727,0.98999999999999999111,1);
INSERT INTO invoice_items VALUES(1022,187,2736,0.98999999999999999111,1);
INSERT INTO invoice_items VALUES(1023,187,2745,0.98999999999999999111,1);
INSERT INTO invoice_items VALUES(1024,188,2759,0.98999999999999999111,1);
INSERT INTO invoice_items VALUES(1025,189,2760,0.98999999999999999111,1);
INSERT INTO invoice_items VALUES(1026,189,2761,0.98999999999999999111,1);
INSERT INTO invoice_items VALUES(1027,190,2763,0.98999999999999999111,1);
INSERT INTO invoice_items VALUES(1028,190,2765,0.98999999999999999111,1);
INSERT INTO invoice_items VALUES(1029,191,2767,0.98999999999999999111,1);
INSERT INTO invoice_items VALUES(1030,191,2769,0.98999999999999999111,1);
INSERT INTO invoice_items VALUES(1031,191,2771,0.98999999999999999111,1);
INSERT INTO invoice_items VALUES(1032,191,2773,0.98999999999999999111,1);
INSERT INTO invoice_items VALUES(1033,192,2777,0.98999999999999999111,1);
INSERT INTO invoice_items VALUES(1034,192,2781,0.98999999999999999111,1);
INSERT INTO invoice_items VALUES(1035,192,2785,0.98999999999999999111,1);
INSERT INTO invoice_items VALUES(1036,192,2789,0.98999999999999999111,1);
INSERT INTO invoice_items VALUES(1037,192,2793,0.98999999999999999111,1);
INSERT INTO invoice_items VALUES(1038,192,2797,0.98999999999999999111,1);
INSERT INTO invoice_items VALUES(1039,193,2803,0.98999999999999999111,1);
INSERT INTO invoice_items VALUES(1040,193,2809,0.98999999999999999111,1);
INSERT INTO invoice_items VALUES(1041,193,2815,0.98999999999999999111,1);
INSERT INTO invoice_items VALUES(1042,193,2821,1.9899999999999999911,1);
INSERT INTO invoice_items VALUES(1043,193,2827,1.9899999999999999911,1);
INSERT INTO invoice_items VALUES(1044,193,2833,1.9899999999999999911,1);
INSERT INTO invoice_items VALUES(1045,193,2839,1.9899999999999999911,1);
INSERT INTO invoice_items VALUES(1046,193,2845,1.9899999999999999911,1);
INSERT INTO invoice_items VALUES(1047,193,2851,1.9899999999999999911,1);
INSERT INTO invoice_items VALUES(1048,194,2860,1.9899999999999999911,1);
INSERT INTO invoice_items VALUES(1049,194,2869,1.9899999999999999911,1);
INSERT INTO invoice_items VALUES(1050,194,2878,1.9899999999999999911,1);
INSERT INTO invoice_items VALUES(1051,194,2887,1.9899999999999999911,1);
INSERT INTO invoice_items VALUES(1052,194,2896,1.9899999999999999911,1);
INSERT INTO invoice_items VALUES(1053,194,2905,1.9899999999999999911,1);
INSERT INTO invoice_items VALUES(1054,194,2914,1.9899999999999999911,1);
INSERT INTO invoice_items VALUES(1055,194,2923,1.9899999999999999911,1);
INSERT INTO invoice_items VALUES(1056,194,2932,0.98999999999999999111,1);
INSERT INTO invoice_items VALUES(1057,194,2941,0.98999999999999999111,1);
INSERT INTO invoice_items VALUES(1058,194,2950,0.98999999999999999111,1);
INSERT INTO invoice_items VALUES(1059,194,2959,0.98999999999999999111,1);
INSERT INTO invoice_items VALUES(1060,194,2968,0.98999999999999999111,1);
INSERT INTO invoice_items VALUES(1061,194,2977,0.98999999999999999111,1);
INSERT INTO invoice_items VALUES(1062,195,2991,0.98999999999999999111,1);
INSERT INTO invoice_items VALUES(1063,196,2992,0.98999999999999999111,1);
INSERT INTO invoice_items VALUES(1064,196,2993,0.98999999999999999111,1);
INSERT INTO invoice_items VALUES(1065,197,2995,0.98999999999999999111,1);
INSERT INTO invoice_items VALUES(1066,197,2997,0.98999999999999999111,1);
INSERT INTO invoice_items VALUES(1067,198,2999,0.98999999999999999111,1);
INSERT INTO invoice_items VALUES(1068,198,3001,0.98999999999999999111,1);
INSERT INTO invoice_items VALUES(1069,198,3003,0.98999999999999999111,1);
INSERT INTO invoice_items VALUES(1070,198,3005,0.98999999999999999111,1);
INSERT INTO invoice_items VALUES(1071,199,3009,0.98999999999999999111,1);
INSERT INTO invoice_items VALUES(1072,199,3013,0.98999999999999999111,1);
INSERT INTO invoice_items VALUES(1073,199,3017,0.98999999999999999111,1);
INSERT INTO invoice_items VALUES(1074,199,3021,0.98999999999999999111,1);
INSERT INTO invoice_items VALUES(1075,199,3025,0.98999999999999999111,1);
INSERT INTO invoice_items VALUES(1076,199,3029,0.98999999999999999111,1);
INSERT INTO invoice_items VALUES(1077,200,3035,0.98999999999999999111,1);
INSERT INTO invoice_items VALUES(1078,200,3041,0.98999999999999999111,1);
INSERT INTO invoice_items VALUES(1079,200,3047,0.98999999999999999111,1);
INSERT INTO invoice_items VALUES(1080,200,3053,0.98999999999999999111,1);
INSERT INTO invoice_items VALUES(1081,200,3059,0.98999999999999999111,1);
INSERT INTO invoice_items VALUES(1082,200,3065,0.98999999999999999111,1);
INSERT INTO invoice_items VALUES(1083,200,3071,0.98999999999999999111,1);
INSERT INTO invoice_items VALUES(1084,200,3077,0.98999999999999999111,1);
INSERT INTO invoice_items VALUES(1085,200,3083,0.98999999999999999111,1);
INSERT INTO invoice_items VALUES(1086,201,3092,0.98999999999999999111,1);
INSERT INTO invoice_items VALUES(1087,201,3101,0.98999999999999999111,1);
INSERT INTO invoice_items VALUES(1088,201,3110,0.98999999999999999111,1);
INSERT INTO invoice_items VALUES(1089,201,3119,0.98999999999999999111,1);
INSERT INTO invoice_items VALUES(1090,201,3128,0.98999999999999999111,1);
INSERT INTO invoice_items VALUES(1091,201,3137,0.98999999999999999111,1);
INSERT INTO invoice_items VALUES(1092,201,3146,0.98999999999999999111,1);
INSERT INTO invoice_items VALUES(1093,201,3155,0.98999999999999999111,1);
INSERT INTO invoice_items VALUES(1094,201,3164,0.98999999999999999111,1);
INSERT INTO invoice_items VALUES(1095,201,3173,1.9899999999999999911,1);
INSERT INTO invoice_items VALUES(1096,201,3182,1.9899999999999999911,1);
INSERT INTO invoice_items VALUES(1097,201,3191,1.9899999999999999911,1);
INSERT INTO invoice_items VALUES(1098,201,3200,1.9899999999999999911,1);
INSERT INTO invoice_items VALUES(1099,201,3209,1.9899999999999999911,1);
INSERT INTO invoice_items VALUES(1100,202,3223,1.9899999999999999911,1);
INSERT INTO invoice_items VALUES(1101,203,3224,1.9899999999999999911,1);
INSERT INTO invoice_items VALUES(1102,203,3225,0.98999999999999999111,1);
INSERT INTO invoice_items VALUES(1103,204,3227,1.9899999999999999911,1);
INSERT INTO invoice_items VALUES(1104,204,3229,1.9899999999999999911,1);
INSERT INTO invoice_items VALUES(1105,205,3231,1.9899999999999999911,1);
INSERT INTO invoice_items VALUES(1106,205,3233,1.9899999999999999911,1);
INSERT INTO invoice_items VALUES(1107,205,3235,1.9899999999999999911,1);
INSERT INTO invoice_items VALUES(1108,205,3237,1.9899999999999999911,1);
INSERT INTO invoice_items VALUES(1109,206,3241,1.9899999999999999911,1);
INSERT INTO invoice_items VALUES(1110,206,3245,1.9899999999999999911,1);
INSERT INTO invoice_items VALUES(1111,206,3249,1.9899999999999999911,1);
INSERT INTO invoice_items VALUES(1112,206,3253,0.98999999999999999111,1);
INSERT INTO invoice_items VALUES(1113,206,3257,0.98999999999999999111,1);
INSERT INTO invoice_items VALUES(1114,206,3261,0.98999999999999999111,1);
INSERT INTO invoice_items VALUES(1115,207,3267,0.98999999999999999111,1);
INSERT INTO invoice_items VALUES(1116,207,3273,0.98999999999999999111,1);
INSERT INTO invoice_items VALUES(1117,207,3279,0.98999999999999999111,1);
INSERT INTO invoice_items VALUES(1118,207,3285,0.98999999999999999111,1);
INSERT INTO invoice_items VALUES(1119,207,3291,0.98999999999999999111,1);
INSERT INTO invoice_items VALUES(1120,207,3297,0.98999999999999999111,1);
INSERT INTO invoice_items VALUES(1121,207,3303,0.98999999999999999111,1);
INSERT INTO invoice_items VALUES(1122,207,3309,0.98999999999999999111,1);
INSERT INTO invoice_items VALUES(1123,207,3315,0.98999999999999999111,1);
INSERT INTO invoice_items VALUES(1124,208,3324,0.98999999999999999111,1);
INSERT INTO invoice_items VALUES(1125,208,3333,0.98999999999999999111,1);
INSERT INTO invoice_items VALUES(1126,208,3342,1.9899999999999999911,1);
INSERT INTO invoice_items VALUES(1127,208,3351,0.98999999999999999111,1);
INSERT INTO invoice_items VALUES(1128,208,3360,1.9899999999999999911,1);
INSERT INTO invoice_items VALUES(1129,208,3369,0.98999999999999999111,1);
INSERT INTO invoice_items VALUES(1130,208,3378,0.98999999999999999111,1);
INSERT INTO invoice_items VALUES(1131,208,3387,0.98999999999999999111,1);
INSERT INTO invoice_items VALUES(1132,208,3396,0.98999999999999999111,1);
INSERT INTO invoice_items VALUES(1133,208,3405,0.98999999999999999111,1);
INSERT INTO invoice_items VALUES(1134,208,3414,0.98999999999999999111,1);
INSERT INTO invoice_items VALUES(1135,208,3423,0.98999999999999999111,1);
INSERT INTO invoice_items VALUES(1136,208,3432,0.98999999999999999111,1);
INSERT INTO invoice_items VALUES(1137,208,3441,0.98999999999999999111,1);
INSERT INTO invoice_items VALUES(1138,209,3455,0.98999999999999999111,1);
INSERT INTO invoice_items VALUES(1139,210,3456,0.98999999999999999111,1);
INSERT INTO invoice_items VALUES(1140,210,3457,0.98999999999999999111,1);
INSERT INTO invoice_items VALUES(1141,211,3459,0.98999999999999999111,1);
INSERT INTO invoice_items VALUES(1142,211,3461,0.98999999999999999111,1);
INSERT INTO invoice_items VALUES(1143,212,3463,0.98999999999999999111,1);
INSERT INTO invoice_items VALUES(1144,212,3465,0.98999999999999999111,1);
INSERT INTO invoice_items VALUES(1145,212,3467,0.98999999999999999111,1);
INSERT INTO invoice_items VALUES(1146,212,3469,0.98999999999999999111,1);
INSERT INTO invoice_items VALUES(1147,213,3473,0.98999999999999999111,1);
INSERT INTO invoice_items VALUES(1148,213,3477,0.98999999999999999111,1);
INSERT INTO invoice_items VALUES(1149,213,3481,0.98999999999999999111,1);
INSERT INTO invoice_items VALUES(1150,213,3485,0.98999999999999999111,1);
INSERT INTO invoice_items VALUES(1151,213,3489,0.98999999999999999111,1);
INSERT INTO invoice_items VALUES(1152,213,3493,0.98999999999999999111,1);
INSERT INTO invoice_items VALUES(1153,214,3499,0.98999999999999999111,1);
INSERT INTO invoice_items VALUES(1154,214,2,0.98999999999999999111,1);
INSERT INTO invoice_items VALUES(1155,214,8,0.98999999999999999111,1);
INSERT INTO invoice_items VALUES(1156,214,14,0.98999999999999999111,1);
INSERT INTO invoice_items VALUES(1157,214,20,0.98999999999999999111,1);
INSERT INTO invoice_items VALUES(1158,214,26,0.98999999999999999111,1);
INSERT INTO invoice_items VALUES(1159,214,32,0.98999999999999999111,1);
INSERT INTO invoice_items VALUES(1160,214,38,0.98999999999999999111,1);
INSERT INTO invoice_items VALUES(1161,214,44,0.98999999999999999111,1);
INSERT INTO invoice_items VALUES(1162,215,53,0.98999999999999999111,1);
INSERT INTO invoice_items VALUES(1163,215,62,0.98999999999999999111,1);
INSERT INTO invoice_items VALUES(1164,215,71,0.98999999999999999111,1);
INSERT INTO invoice_items VALUES(1165,215,80,0.98999999999999999111,1);
INSERT INTO invoice_items VALUES(1166,215,89,0.98999999999999999111,1);
INSERT INTO invoice_items VALUES(1167,215,98,0.98999999999999999111,1);
INSERT INTO invoice_items VALUES(1168,215,107,0.98999999999999999111,1);
INSERT INTO invoice_items VALUES(1169,215,116,0.98999999999999999111,1);
INSERT INTO invoice_items VALUES(1170,215,125,0.98999999999999999111,1);
INSERT INTO invoice_items VALUES(1171,215,134,0.98999999999999999111,1);
INSERT INTO invoice_items VALUES(1172,215,143,0.98999999999999999111,1);
INSERT INTO invoice_items VALUES(1173,215,152,0.98999999999999999111,1);
INSERT INTO invoice_items VALUES(1174,215,161,0.98999999999999999111,1);
INSERT INTO invoice_items VALUES(1175,215,170,0.98999999999999999111,1);
INSERT INTO invoice_items VALUES(1176,216,184,0.98999999999999999111,1);
INSERT INTO invoice_items VALUES(1177,217,185,0.98999999999999999111,1);
INSERT INTO invoice_items VALUES(1178,217,186,0.98999999999999999111,1);
INSERT INTO invoice_items VALUES(1179,218,188,0.98999999999999999111,1);
INSERT INTO invoice_items VALUES(1180,218,190,0.98999999999999999111,1);
INSERT INTO invoice_items VALUES(1181,219,192,0.98999999999999999111,1);
INSERT INTO invoice_items VALUES(1182,219,194,0.98999999999999999111,1);
INSERT INTO invoice_items VALUES(1183,219,196,0.98999999999999999111,1);
INSERT INTO invoice_items VALUES(1184,219,198,0.98999999999999999111,1);
INSERT INTO invoice_items VALUES(1185,220,202,0.98999999999999999111,1);
INSERT INTO invoice_items VALUES(1186,220,206,0.98999999999999999111,1);
INSERT INTO invoice_items VALUES(1187,220,210,0.98999999999999999111,1);
INSERT INTO invoice_items VALUES(1188,220,214,0.98999999999999999111,1);
INSERT INTO invoice_items VALUES(1189,220,218,0.98999999999999999111,1);
INSERT INTO invoice_items VALUES(1190,220,222,0.98999999999999999111,1);
INSERT INTO invoice_items VALUES(1191,221,228,0.98999999999999999111,1);
INSERT INTO invoice_items VALUES(1192,221,234,0.98999999999999999111,1);
INSERT INTO invoice_items VALUES(1193,221,240,0.98999999999999999111,1);
INSERT INTO invoice_items VALUES(1194,221,246,0.98999999999999999111,1);
INSERT INTO invoice_items VALUES(1195,221,252,0.98999999999999999111,1);
INSERT INTO invoice_items VALUES(1196,221,258,0.98999999999999999111,1);
INSERT INTO invoice_items VALUES(1197,221,264,0.98999999999999999111,1);
INSERT INTO invoice_items VALUES(1198,221,270,0.98999999999999999111,1);
INSERT INTO invoice_items VALUES(1199,221,276,0.98999999999999999111,1);
INSERT INTO invoice_items VALUES(1200,222,285,0.98999999999999999111,1);
INSERT INTO invoice_items VALUES(1201,222,294,0.98999999999999999111,1);
INSERT INTO invoice_items VALUES(1202,222,303,0.98999999999999999111,1);
INSERT INTO invoice_items VALUES(1203,222,312,0.98999999999999999111,1);
INSERT INTO invoice_items VALUES(1204,222,321,0.98999999999999999111,1);
INSERT INTO invoice_items VALUES(1205,222,330,0.98999999999999999111,1);
INSERT INTO invoice_items VALUES(1206,222,339,0.98999999999999999111,1);
INSERT INTO invoice_items VALUES(1207,222,348,0.98999999999999999111,1);
INSERT INTO invoice_items VALUES(1208,222,357,0.98999999999999999111,1);
INSERT INTO invoice_items VALUES(1209,222,366,0.98999999999999999111,1);
INSERT INTO invoice_items VALUES(1210,222,375,0.98999999999999999111,1);
INSERT INTO invoice_items VALUES(1211,222,384,0.98999999999999999111,1);
INSERT INTO invoice_items VALUES(1212,222,393,0.98999999999999999111,1);
INSERT INTO invoice_items VALUES(1213,222,402,0.98999999999999999111,1);
INSERT INTO invoice_items VALUES(1214,223,416,0.98999999999999999111,1);
INSERT INTO invoice_items VALUES(1215,224,417,0.98999999999999999111,1);
INSERT INTO invoice_items VALUES(1216,224,418,0.98999999999999999111,1);
INSERT INTO invoice_items VALUES(1217,225,420,0.98999999999999999111,1);
INSERT INTO invoice_items VALUES(1218,225,422,0.98999999999999999111,1);
INSERT INTO invoice_items VALUES(1219,226,424,0.98999999999999999111,1);
INSERT INTO invoice_items VALUES(1220,226,426,0.98999999999999999111,1);
INSERT INTO invoice_items VALUES(1221,226,428,0.98999999999999999111,1);
INSERT INTO invoice_items VALUES(1222,226,430,0.98999999999999999111,1);
INSERT INTO invoice_items VALUES(1223,227,434,0.98999999999999999111,1);
INSERT INTO invoice_items VALUES(1224,227,438,0.98999999999999999111,1);
INSERT INTO invoice_items VALUES(1225,227,442,0.98999999999999999111,1);
INSERT INTO invoice_items VALUES(1226,227,446,0.98999999999999999111,1);
INSERT INTO invoice_items VALUES(1227,227,450,0.98999999999999999111,1);
INSERT INTO invoice_items VALUES(1228,227,454,0.98999999999999999111,1);
INSERT INTO invoice_items VALUES(1229,228,460,0.98999999999999999111,1);
INSERT INTO invoice_items VALUES(1230,228,466,0.98999999999999999111,1);
INSERT INTO invoice_items VALUES(1231,228,472,0.98999999999999999111,1);
INSERT INTO invoice_items VALUES(1232,228,478,0.98999999999999999111,1);
INSERT INTO invoice_items VALUES(1233,228,484,0.98999999999999999111,1);
INSERT INTO invoice_items VALUES(1234,228,490,0.98999999999999999111,1);
INSERT INTO invoice_items VALUES(1235,228,496,0.98999999999999999111,1);
INSERT INTO invoice_items VALUES(1236,228,502,0.98999999999999999111,1);
INSERT INTO invoice_items VALUES(1237,228,508,0.98999999999999999111,1);
INSERT INTO invoice_items VALUES(1238,229,517,0.98999999999999999111,1);
INSERT INTO invoice_items VALUES(1239,229,526,0.98999999999999999111,1);
INSERT INTO invoice_items VALUES(1240,229,535,0.98999999999999999111,1);
INSERT INTO invoice_items VALUES(1241,229,544,0.98999999999999999111,1);
INSERT INTO invoice_items VALUES(1242,229,553,0.98999999999999999111,1);
INSERT INTO invoice_items VALUES(1243,229,562,0.98999999999999999111,1);
INSERT INTO invoice_items VALUES(1244,229,571,0.98999999999999999111,1);
INSERT INTO invoice_items VALUES(1245,229,580,0.98999999999999999111,1);
INSERT INTO invoice_items VALUES(1246,229,589,0.98999999999999999111,1);
INSERT INTO invoice_items VALUES(1247,229,598,0.98999999999999999111,1);
INSERT INTO invoice_items VALUES(1248,229,607,0.98999999999999999111,1);
INSERT INTO invoice_items VALUES(1249,229,616,0.98999999999999999111,1);
INSERT INTO invoice_items VALUES(1250,229,625,0.98999999999999999111,1);
INSERT INTO invoice_items VALUES(1251,229,634,0.98999999999999999111,1);
INSERT INTO invoice_items VALUES(1252,230,648,0.98999999999999999111,1);
INSERT INTO invoice_items VALUES(1253,231,649,0.98999999999999999111,1);
INSERT INTO invoice_items VALUES(1254,231,650,0.98999999999999999111,1);
INSERT INTO invoice_items VALUES(1255,232,652,0.98999999999999999111,1);
INSERT INTO invoice_items VALUES(1256,232,654,0.98999999999999999111,1);
INSERT INTO invoice_items VALUES(1257,233,656,0.98999999999999999111,1);
INSERT INTO invoice_items VALUES(1258,233,658,0.98999999999999999111,1);
INSERT INTO invoice_items VALUES(1259,233,660,0.98999999999999999111,1);
INSERT INTO invoice_items VALUES(1260,233,662,0.98999999999999999111,1);
INSERT INTO invoice_items VALUES(1261,234,666,0.98999999999999999111,1);
INSERT INTO invoice_items VALUES(1262,234,670,0.98999999999999999111,1);
INSERT INTO invoice_items VALUES(1263,234,674,0.98999999999999999111,1);
INSERT INTO invoice_items VALUES(1264,234,678,0.98999999999999999111,1);
INSERT INTO invoice_items VALUES(1265,234,682,0.98999999999999999111,1);
INSERT INTO invoice_items VALUES(1266,234,686,0.98999999999999999111,1);
INSERT INTO invoice_items VALUES(1267,235,692,0.98999999999999999111,1);
INSERT INTO invoice_items VALUES(1268,235,698,0.98999999999999999111,1);
INSERT INTO invoice_items VALUES(1269,235,704,0.98999999999999999111,1);
INSERT INTO invoice_items VALUES(1270,235,710,0.98999999999999999111,1);
INSERT INTO invoice_items VALUES(1271,235,716,0.98999999999999999111,1);
INSERT INTO invoice_items VALUES(1272,235,722,0.98999999999999999111,1);
INSERT INTO invoice_items VALUES(1273,235,728,0.98999999999999999111,1);
INSERT INTO invoice_items VALUES(1274,235,734,0.98999999999999999111,1);
INSERT INTO invoice_items VALUES(1275,235,740,0.98999999999999999111,1);
INSERT INTO invoice_items VALUES(1276,236,749,0.98999999999999999111,1);
INSERT INTO invoice_items VALUES(1277,236,758,0.98999999999999999111,1);
INSERT INTO invoice_items VALUES(1278,236,767,0.98999999999999999111,1);
INSERT INTO invoice_items VALUES(1279,236,776,0.98999999999999999111,1);
INSERT INTO invoice_items VALUES(1280,236,785,0.98999999999999999111,1);
INSERT INTO invoice_items VALUES(1281,236,794,0.98999999999999999111,1);
INSERT INTO invoice_items VALUES(1282,236,803,0.98999999999999999111,1);
INSERT INTO invoice_items VALUES(1283,236,812,0.98999999999999999111,1);
INSERT INTO invoice_items VALUES(1284,236,821,0.98999999999999999111,1);
INSERT INTO invoice_items VALUES(1285,236,830,0.98999999999999999111,1);
INSERT INTO invoice_items VALUES(1286,236,839,0.98999999999999999111,1);
INSERT INTO invoice_items VALUES(1287,236,848,0.98999999999999999111,1);
INSERT INTO invoice_items VALUES(1288,236,857,0.98999999999999999111,1);
INSERT INTO invoice_items VALUES(1289,236,866,0.98999999999999999111,1);
INSERT INTO invoice_items VALUES(1290,237,880,0.98999999999999999111,1);
INSERT INTO invoice_items VALUES(1291,238,881,0.98999999999999999111,1);
INSERT INTO invoice_items VALUES(1292,238,882,0.98999999999999999111,1);
INSERT INTO invoice_items VALUES(1293,239,884,0.98999999999999999111,1);
INSERT INTO invoice_items VALUES(1294,239,886,0.98999999999999999111,1);
INSERT INTO invoice_items VALUES(1295,240,888,0.98999999999999999111,1);
INSERT INTO invoice_items VALUES(1296,240,890,0.98999999999999999111,1);
INSERT INTO invoice_items VALUES(1297,240,892,0.98999999999999999111,1);
INSERT INTO invoice_items VALUES(1298,240,894,0.98999999999999999111,1);
INSERT INTO invoice_items VALUES(1299,241,898,0.98999999999999999111,1);
INSERT INTO invoice_items VALUES(1300,241,902,0.98999999999999999111,1);
INSERT INTO invoice_items VALUES(1301,241,906,0.98999999999999999111,1);
INSERT INTO invoice_items VALUES(1302,241,910,0.98999999999999999111,1);
INSERT INTO invoice_items VALUES(1303,241,914,0.98999999999999999111,1);
INSERT INTO invoice_items VALUES(1304,241,918,0.98999999999999999111,1);
INSERT INTO invoice_items VALUES(1305,242,924,0.98999999999999999111,1);
INSERT INTO invoice_items VALUES(1306,242,930,0.98999999999999999111,1);
INSERT INTO invoice_items VALUES(1307,242,936,0.98999999999999999111,1);
INSERT INTO invoice_items VALUES(1308,242,942,0.98999999999999999111,1);
INSERT INTO invoice_items VALUES(1309,242,948,0.98999999999999999111,1);
INSERT INTO invoice_items VALUES(1310,242,954,0.98999999999999999111,1);
INSERT INTO invoice_items VALUES(1311,242,960,0.98999999999999999111,1);
INSERT INTO invoice_items VALUES(1312,242,966,0.98999999999999999111,1);
INSERT INTO invoice_items VALUES(1313,242,972,0.98999999999999999111,1);
INSERT INTO invoice_items VALUES(1314,243,981,0.98999999999999999111,1);
INSERT INTO invoice_items VALUES(1315,243,990,0.98999999999999999111,1);
INSERT INTO invoice_items VALUES(1316,243,999,0.98999999999999999111,1);
INSERT INTO invoice_items VALUES(1317,243,1008,0.98999999999999999111,1);
INSERT INTO invoice_items VALUES(1318,243,1017,0.98999999999999999111,1);
INSERT INTO invoice_items VALUES(1319,243,1026,0.98999999999999999111,1);
INSERT INTO invoice_items VALUES(1320,243,1035,0.98999999999999999111,1);
INSERT INTO invoice_items VALUES(1321,243,1044,0.98999999999999999111,1);
INSERT INTO invoice_items VALUES(1322,243,1053,0.98999999999999999111,1);
INSERT INTO invoice_items VALUES(1323,243,1062,0.98999999999999999111,1);
INSERT INTO invoice_items VALUES(1324,243,1071,0.98999999999999999111,1);
INSERT INTO invoice_items VALUES(1325,243,1080,0.98999999999999999111,1);
INSERT INTO invoice_items VALUES(1326,243,1089,0.98999999999999999111,1);
INSERT INTO invoice_items VALUES(1327,243,1098,0.98999999999999999111,1);
INSERT INTO invoice_items VALUES(1328,244,1112,0.98999999999999999111,1);
INSERT INTO invoice_items VALUES(1329,245,1113,0.98999999999999999111,1);
INSERT INTO invoice_items VALUES(1330,245,1114,0.98999999999999999111,1);
INSERT INTO invoice_items VALUES(1331,246,1116,0.98999999999999999111,1);
INSERT INTO invoice_items VALUES(1332,246,1118,0.98999999999999999111,1);
INSERT INTO invoice_items VALUES(1333,247,1120,0.98999999999999999111,1);
INSERT INTO invoice_items VALUES(1334,247,1122,0.98999999999999999111,1);
INSERT INTO invoice_items VALUES(1335,247,1124,0.98999999999999999111,1);
INSERT INTO invoice_items VALUES(1336,247,1126,0.98999999999999999111,1);
INSERT INTO invoice_items VALUES(1337,248,1130,0.98999999999999999111,1);
INSERT INTO invoice_items VALUES(1338,248,1134,0.98999999999999999111,1);
INSERT INTO invoice_items VALUES(1339,248,1138,0.98999999999999999111,1);
INSERT INTO invoice_items VALUES(1340,248,1142,0.98999999999999999111,1);
INSERT INTO invoice_items VALUES(1341,248,1146,0.98999999999999999111,1);
INSERT INTO invoice_items VALUES(1342,248,1150,0.98999999999999999111,1);
INSERT INTO invoice_items VALUES(1343,249,1156,0.98999999999999999111,1);
INSERT INTO invoice_items VALUES(1344,249,1162,0.98999999999999999111,1);
INSERT INTO invoice_items VALUES(1345,249,1168,0.98999999999999999111,1);
INSERT INTO invoice_items VALUES(1346,249,1174,0.98999999999999999111,1);
INSERT INTO invoice_items VALUES(1347,249,1180,0.98999999999999999111,1);
INSERT INTO invoice_items VALUES(1348,249,1186,0.98999999999999999111,1);
INSERT INTO invoice_items VALUES(1349,249,1192,0.98999999999999999111,1);
INSERT INTO invoice_items VALUES(1350,249,1198,0.98999999999999999111,1);
INSERT INTO invoice_items VALUES(1351,249,1204,0.98999999999999999111,1);
INSERT INTO invoice_items VALUES(1352,250,1213,0.98999999999999999111,1);
INSERT INTO invoice_items VALUES(1353,250,1222,0.98999999999999999111,1);
INSERT INTO invoice_items VALUES(1354,250,1231,0.98999999999999999111,1);
INSERT INTO invoice_items VALUES(1355,250,1240,0.98999999999999999111,1);
INSERT INTO invoice_items VALUES(1356,250,1249,0.98999999999999999111,1);
INSERT INTO invoice_items VALUES(1357,250,1258,0.98999999999999999111,1);
INSERT INTO invoice_items VALUES(1358,250,1267,0.98999999999999999111,1);
INSERT INTO invoice_items VALUES(1359,250,1276,0.98999999999999999111,1);
INSERT INTO invoice_items VALUES(1360,250,1285,0.98999999999999999111,1);
INSERT INTO invoice_items VALUES(1361,250,1294,0.98999999999999999111,1);
INSERT INTO invoice_items VALUES(1362,250,1303,0.98999999999999999111,1);
INSERT INTO invoice_items VALUES(1363,250,1312,0.98999999999999999111,1);
INSERT INTO invoice_items VALUES(1364,250,1321,0.98999999999999999111,1);
INSERT INTO invoice_items VALUES(1365,250,1330,0.98999999999999999111,1);
INSERT INTO invoice_items VALUES(1366,251,1344,0.98999999999999999111,1);
INSERT INTO invoice_items VALUES(1367,252,1345,0.98999999999999999111,1);
INSERT INTO invoice_items VALUES(1368,252,1346,0.98999999999999999111,1);
INSERT INTO invoice_items VALUES(1369,253,1348,0.98999999999999999111,1);
INSERT INTO invoice_items VALUES(1370,253,1350,0.98999999999999999111,1);
INSERT INTO invoice_items VALUES(1371,254,1352,0.98999999999999999111,1);
INSERT INTO invoice_items VALUES(1372,254,1354,0.98999999999999999111,1);
INSERT INTO invoice_items VALUES(1373,254,1356,0.98999999999999999111,1);
INSERT INTO invoice_items VALUES(1374,254,1358,0.98999999999999999111,1);
INSERT INTO invoice_items VALUES(1375,255,1362,0.98999999999999999111,1);
INSERT INTO invoice_items VALUES(1376,255,1366,0.98999999999999999111,1);
INSERT INTO invoice_items VALUES(1377,255,1370,0.98999999999999999111,1);
INSERT INTO invoice_items VALUES(1378,255,1374,0.98999999999999999111,1);
INSERT INTO invoice_items VALUES(1379,255,1378,0.98999999999999999111,1);
INSERT INTO invoice_items VALUES(1380,255,1382,0.98999999999999999111,1);
INSERT INTO invoice_items VALUES(1381,256,1388,0.98999999999999999111,1);
INSERT INTO invoice_items VALUES(1382,256,1394,0.98999999999999999111,1);
INSERT INTO invoice_items VALUES(1383,256,1400,0.98999999999999999111,1);
INSERT INTO invoice_items VALUES(1384,256,1406,0.98999999999999999111,1);
INSERT INTO invoice_items VALUES(1385,256,1412,0.98999999999999999111,1);
INSERT INTO invoice_items VALUES(1386,256,1418,0.98999999999999999111,1);
INSERT INTO invoice_items VALUES(1387,256,1424,0.98999999999999999111,1);
INSERT INTO invoice_items VALUES(1388,256,1430,0.98999999999999999111,1);
INSERT INTO invoice_items VALUES(1389,256,1436,0.98999999999999999111,1);
INSERT INTO invoice_items VALUES(1390,257,1445,0.98999999999999999111,1);
INSERT INTO invoice_items VALUES(1391,257,1454,0.98999999999999999111,1);
INSERT INTO invoice_items VALUES(1392,257,1463,0.98999999999999999111,1);
INSERT INTO invoice_items VALUES(1393,257,1472,0.98999999999999999111,1);
INSERT INTO invoice_items VALUES(1394,257,1481,0.98999999999999999111,1);
INSERT INTO invoice_items VALUES(1395,257,1490,0.98999999999999999111,1);
INSERT INTO invoice_items VALUES(1396,257,1499,0.98999999999999999111,1);
INSERT INTO invoice_items VALUES(1397,257,1508,0.98999999999999999111,1);
INSERT INTO invoice_items VALUES(1398,257,1517,0.98999999999999999111,1);
INSERT INTO invoice_items VALUES(1399,257,1526,0.98999999999999999111,1);
INSERT INTO invoice_items VALUES(1400,257,1535,0.98999999999999999111,1);
INSERT INTO invoice_items VALUES(1401,257,1544,0.98999999999999999111,1);
INSERT INTO invoice_items VALUES(1402,257,1553,0.98999999999999999111,1);
INSERT INTO invoice_items VALUES(1403,257,1562,0.98999999999999999111,1);
INSERT INTO invoice_items VALUES(1404,258,1576,0.98999999999999999111,1);
INSERT INTO invoice_items VALUES(1405,259,1577,0.98999999999999999111,1);
INSERT INTO invoice_items VALUES(1406,259,1578,0.98999999999999999111,1);
INSERT INTO invoice_items VALUES(1407,260,1580,0.98999999999999999111,1);
INSERT INTO invoice_items VALUES(1408,260,1582,0.98999999999999999111,1);
INSERT INTO invoice_items VALUES(1409,261,1584,0.98999999999999999111,1);
INSERT INTO invoice_items VALUES(1410,261,1586,0.98999999999999999111,1);
INSERT INTO invoice_items VALUES(1411,261,1588,0.98999999999999999111,1);
INSERT INTO invoice_items VALUES(1412,261,1590,0.98999999999999999111,1);
INSERT INTO invoice_items VALUES(1413,262,1594,0.98999999999999999111,1);
INSERT INTO invoice_items VALUES(1414,262,1598,0.98999999999999999111,1);
INSERT INTO invoice_items VALUES(1415,262,1602,0.98999999999999999111,1);
INSERT INTO invoice_items VALUES(1416,262,1606,0.98999999999999999111,1);
INSERT INTO invoice_items VALUES(1417,262,1610,0.98999999999999999111,1);
INSERT INTO invoice_items VALUES(1418,262,1614,0.98999999999999999111,1);
INSERT INTO invoice_items VALUES(1419,263,1620,0.98999999999999999111,1);
INSERT INTO invoice_items VALUES(1420,263,1626,0.98999999999999999111,1);
INSERT INTO invoice_items VALUES(1421,263,1632,0.98999999999999999111,1);
INSERT INTO invoice_items VALUES(1422,263,1638,0.98999999999999999111,1);
INSERT INTO invoice_items VALUES(1423,263,1644,0.98999999999999999111,1);
INSERT INTO invoice_items VALUES(1424,263,1650,0.98999999999999999111,1);
INSERT INTO invoice_items VALUES(1425,263,1656,0.98999999999999999111,1);
INSERT INTO invoice_items VALUES(1426,263,1662,0.98999999999999999111,1);
INSERT INTO invoice_items VALUES(1427,263,1668,0.98999999999999999111,1);
INSERT INTO invoice_items VALUES(1428,264,1677,0.98999999999999999111,1);
INSERT INTO invoice_items VALUES(1429,264,1686,0.98999999999999999111,1);
INSERT INTO invoice_items VALUES(1430,264,1695,0.98999999999999999111,1);
INSERT INTO invoice_items VALUES(1431,264,1704,0.98999999999999999111,1);
INSERT INTO invoice_items VALUES(1432,264,1713,0.98999999999999999111,1);
INSERT INTO invoice_items VALUES(1433,264,1722,0.98999999999999999111,1);
INSERT INTO invoice_items VALUES(1434,264,1731,0.98999999999999999111,1);
INSERT INTO invoice_items VALUES(1435,264,1740,0.98999999999999999111,1);
INSERT INTO invoice_items VALUES(1436,264,1749,0.98999999999999999111,1);
INSERT INTO invoice_items VALUES(1437,264,1758,0.98999999999999999111,1);
INSERT INTO invoice_items VALUES(1438,264,1767,0.98999999999999999111,1);
INSERT INTO invoice_items VALUES(1439,264,1776,0.98999999999999999111,1);
INSERT INTO invoice_items VALUES(1440,264,1785,0.98999999999999999111,1);
INSERT INTO invoice_items VALUES(1441,264,1794,0.98999999999999999111,1);
INSERT INTO invoice_items VALUES(1442,265,1808,0.98999999999999999111,1);
INSERT INTO invoice_items VALUES(1443,266,1809,0.98999999999999999111,1);
INSERT INTO invoice_items VALUES(1444,266,1810,0.98999999999999999111,1);
INSERT INTO invoice_items VALUES(1445,267,1812,0.98999999999999999111,1);
INSERT INTO invoice_items VALUES(1446,267,1814,0.98999999999999999111,1);
INSERT INTO invoice_items VALUES(1447,268,1816,0.98999999999999999111,1);
INSERT INTO invoice_items VALUES(1448,268,1818,0.98999999999999999111,1);
INSERT INTO invoice_items VALUES(1449,268,1820,0.98999999999999999111,1);
INSERT INTO invoice_items VALUES(1450,268,1822,0.98999999999999999111,1);
INSERT INTO invoice_items VALUES(1451,269,1826,0.98999999999999999111,1);
INSERT INTO invoice_items VALUES(1452,269,1830,0.98999999999999999111,1);
INSERT INTO invoice_items VALUES(1453,269,1834,0.98999999999999999111,1);
INSERT INTO invoice_items VALUES(1454,269,1838,0.98999999999999999111,1);
INSERT INTO invoice_items VALUES(1455,269,1842,0.98999999999999999111,1);
INSERT INTO invoice_items VALUES(1456,269,1846,0.98999999999999999111,1);
INSERT INTO invoice_items VALUES(1457,270,1852,0.98999999999999999111,1);
INSERT INTO invoice_items VALUES(1458,270,1858,0.98999999999999999111,1);
INSERT INTO invoice_items VALUES(1459,270,1864,0.98999999999999999111,1);
INSERT INTO invoice_items VALUES(1460,270,1870,0.98999999999999999111,1);
INSERT INTO invoice_items VALUES(1461,270,1876,0.98999999999999999111,1);
INSERT INTO invoice_items VALUES(1462,270,1882,0.98999999999999999111,1);
INSERT INTO invoice_items VALUES(1463,270,1888,0.98999999999999999111,1);
INSERT INTO invoice_items VALUES(1464,270,1894,0.98999999999999999111,1);
INSERT INTO invoice_items VALUES(1465,270,1900,0.98999999999999999111,1);
INSERT INTO invoice_items VALUES(1466,271,1909,0.98999999999999999111,1);
INSERT INTO invoice_items VALUES(1467,271,1918,0.98999999999999999111,1);
INSERT INTO invoice_items VALUES(1468,271,1927,0.98999999999999999111,1);
INSERT INTO invoice_items VALUES(1469,271,1936,0.98999999999999999111,1);
INSERT INTO invoice_items VALUES(1470,271,1945,0.98999999999999999111,1);
INSERT INTO invoice_items VALUES(1471,271,1954,0.98999999999999999111,1);
INSERT INTO invoice_items VALUES(1472,271,1963,0.98999999999999999111,1);
INSERT INTO invoice_items VALUES(1473,271,1972,0.98999999999999999111,1);
INSERT INTO invoice_items VALUES(1474,271,1981,0.98999999999999999111,1);
INSERT INTO invoice_items VALUES(1475,271,1990,0.98999999999999999111,1);
INSERT INTO invoice_items VALUES(1476,271,1999,0.98999999999999999111,1);
INSERT INTO invoice_items VALUES(1477,271,2008,0.98999999999999999111,1);
INSERT INTO invoice_items VALUES(1478,271,2017,0.98999999999999999111,1);
INSERT INTO invoice_items VALUES(1479,271,2026,0.98999999999999999111,1);
INSERT INTO invoice_items VALUES(1480,272,2040,0.98999999999999999111,1);
INSERT INTO invoice_items VALUES(1481,273,2041,0.98999999999999999111,1);
INSERT INTO invoice_items VALUES(1482,273,2042,0.98999999999999999111,1);
INSERT INTO invoice_items VALUES(1483,274,2044,0.98999999999999999111,1);
INSERT INTO invoice_items VALUES(1484,274,2046,0.98999999999999999111,1);
INSERT INTO invoice_items VALUES(1485,275,2048,0.98999999999999999111,1);
INSERT INTO invoice_items VALUES(1486,275,2050,0.98999999999999999111,1);
INSERT INTO invoice_items VALUES(1487,275,2052,0.98999999999999999111,1);
INSERT INTO invoice_items VALUES(1488,275,2054,0.98999999999999999111,1);
INSERT INTO invoice_items VALUES(1489,276,2058,0.98999999999999999111,1);
INSERT INTO invoice_items VALUES(1490,276,2062,0.98999999999999999111,1);
INSERT INTO invoice_items VALUES(1491,276,2066,0.98999999999999999111,1);
INSERT INTO invoice_items VALUES(1492,276,2070,0.98999999999999999111,1);
INSERT INTO invoice_items VALUES(1493,276,2074,0.98999999999999999111,1);
INSERT INTO invoice_items VALUES(1494,276,2078,0.98999999999999999111,1);
INSERT INTO invoice_items VALUES(1495,277,2084,0.98999999999999999111,1);
INSERT INTO invoice_items VALUES(1496,277,2090,0.98999999999999999111,1);
INSERT INTO invoice_items VALUES(1497,277,2096,0.98999999999999999111,1);
INSERT INTO invoice_items VALUES(1498,277,2102,0.98999999999999999111,1);
INSERT INTO invoice_items VALUES(1499,277,2108,0.98999999999999999111,1);
INSERT INTO invoice_items VALUES(1500,277,2114,0.98999999999999999111,1);
INSERT INTO invoice_items VALUES(1501,277,2120,0.98999999999999999111,1);
INSERT INTO invoice_items VALUES(1502,277,2126,0.98999999999999999111,1);
INSERT INTO invoice_items VALUES(1503,277,2132,0.98999999999999999111,1);
INSERT INTO invoice_items VALUES(1504,278,2141,0.98999999999999999111,1);
INSERT INTO invoice_items VALUES(1505,278,2150,0.98999999999999999111,1);
INSERT INTO invoice_items VALUES(1506,278,2159,0.98999999999999999111,1);
INSERT INTO invoice_items VALUES(1507,278,2168,0.98999999999999999111,1);
INSERT INTO invoice_items VALUES(1508,278,2177,0.98999999999999999111,1);
INSERT INTO invoice_items VALUES(1509,278,2186,0.98999999999999999111,1);
INSERT INTO invoice_items VALUES(1510,278,2195,0.98999999999999999111,1);
INSERT INTO invoice_items VALUES(1511,278,2204,0.98999999999999999111,1);
INSERT INTO invoice_items VALUES(1512,278,2213,0.98999999999999999111,1);
INSERT INTO invoice_items VALUES(1513,278,2222,0.98999999999999999111,1);
INSERT INTO invoice_items VALUES(1514,278,2231,0.98999999999999999111,1);
INSERT INTO invoice_items VALUES(1515,278,2240,0.98999999999999999111,1);
INSERT INTO invoice_items VALUES(1516,278,2249,0.98999999999999999111,1);
INSERT INTO invoice_items VALUES(1517,278,2258,0.98999999999999999111,1);
INSERT INTO invoice_items VALUES(1518,279,2272,0.98999999999999999111,1);
INSERT INTO invoice_items VALUES(1519,280,2273,0.98999999999999999111,1);
INSERT INTO invoice_items VALUES(1520,280,2274,0.98999999999999999111,1);
INSERT INTO invoice_items VALUES(1521,281,2276,0.98999999999999999111,1);
INSERT INTO invoice_items VALUES(1522,281,2278,0.98999999999999999111,1);
INSERT INTO invoice_items VALUES(1523,282,2280,0.98999999999999999111,1);
INSERT INTO invoice_items VALUES(1524,282,2282,0.98999999999999999111,1);
INSERT INTO invoice_items VALUES(1525,282,2284,0.98999999999999999111,1);
INSERT INTO invoice_items VALUES(1526,282,2286,0.98999999999999999111,1);
INSERT INTO invoice_items VALUES(1527,283,2290,0.98999999999999999111,1);
INSERT INTO invoice_items VALUES(1528,283,2294,0.98999999999999999111,1);
INSERT INTO invoice_items VALUES(1529,283,2298,0.98999999999999999111,1);
INSERT INTO invoice_items VALUES(1530,283,2302,0.98999999999999999111,1);
INSERT INTO invoice_items VALUES(1531,283,2306,0.98999999999999999111,1);
INSERT INTO invoice_items VALUES(1532,283,2310,0.98999999999999999111,1);
INSERT INTO invoice_items VALUES(1533,284,2316,0.98999999999999999111,1);
INSERT INTO invoice_items VALUES(1534,284,2322,0.98999999999999999111,1);
INSERT INTO invoice_items VALUES(1535,284,2328,0.98999999999999999111,1);
INSERT INTO invoice_items VALUES(1536,284,2334,0.98999999999999999111,1);
INSERT INTO invoice_items VALUES(1537,284,2340,0.98999999999999999111,1);
INSERT INTO invoice_items VALUES(1538,284,2346,0.98999999999999999111,1);
INSERT INTO invoice_items VALUES(1539,284,2352,0.98999999999999999111,1);
INSERT INTO invoice_items VALUES(1540,284,2358,0.98999999999999999111,1);
INSERT INTO invoice_items VALUES(1541,284,2364,0.98999999999999999111,1);
INSERT INTO invoice_items VALUES(1542,285,2373,0.98999999999999999111,1);
INSERT INTO invoice_items VALUES(1543,285,2382,0.98999999999999999111,1);
INSERT INTO invoice_items VALUES(1544,285,2391,0.98999999999999999111,1);
INSERT INTO invoice_items VALUES(1545,285,2400,0.98999999999999999111,1);
INSERT INTO invoice_items VALUES(1546,285,2409,0.98999999999999999111,1);
INSERT INTO invoice_items VALUES(1547,285,2418,0.98999999999999999111,1);
INSERT INTO invoice_items VALUES(1548,285,2427,0.98999999999999999111,1);
INSERT INTO invoice_items VALUES(1549,285,2436,0.98999999999999999111,1);
INSERT INTO invoice_items VALUES(1550,285,2445,0.98999999999999999111,1);
INSERT INTO invoice_items VALUES(1551,285,2454,0.98999999999999999111,1);
INSERT INTO invoice_items VALUES(1552,285,2463,0.98999999999999999111,1);
INSERT INTO invoice_items VALUES(1553,285,2472,0.98999999999999999111,1);
INSERT INTO invoice_items VALUES(1554,285,2481,0.98999999999999999111,1);
INSERT INTO invoice_items VALUES(1555,285,2490,0.98999999999999999111,1);
INSERT INTO invoice_items VALUES(1556,286,2504,0.98999999999999999111,1);
INSERT INTO invoice_items VALUES(1557,287,2505,0.98999999999999999111,1);
INSERT INTO invoice_items VALUES(1558,287,2506,0.98999999999999999111,1);
INSERT INTO invoice_items VALUES(1559,288,2508,0.98999999999999999111,1);
INSERT INTO invoice_items VALUES(1560,288,2510,0.98999999999999999111,1);
INSERT INTO invoice_items VALUES(1561,289,2512,0.98999999999999999111,1);
INSERT INTO invoice_items VALUES(1562,289,2514,0.98999999999999999111,1);
INSERT INTO invoice_items VALUES(1563,289,2516,0.98999999999999999111,1);
INSERT INTO invoice_items VALUES(1564,289,2518,0.98999999999999999111,1);
INSERT INTO invoice_items VALUES(1565,290,2522,0.98999999999999999111,1);
INSERT INTO invoice_items VALUES(1566,290,2526,0.98999999999999999111,1);
INSERT INTO invoice_items VALUES(1567,290,2530,0.98999999999999999111,1);
INSERT INTO invoice_items VALUES(1568,290,2534,0.98999999999999999111,1);
INSERT INTO invoice_items VALUES(1569,290,2538,0.98999999999999999111,1);
INSERT INTO invoice_items VALUES(1570,290,2542,0.98999999999999999111,1);
INSERT INTO invoice_items VALUES(1571,291,2548,0.98999999999999999111,1);
INSERT INTO invoice_items VALUES(1572,291,2554,0.98999999999999999111,1);
INSERT INTO invoice_items VALUES(1573,291,2560,0.98999999999999999111,1);
INSERT INTO invoice_items VALUES(1574,291,2566,0.98999999999999999111,1);
INSERT INTO invoice_items VALUES(1575,291,2572,0.98999999999999999111,1);
INSERT INTO invoice_items VALUES(1576,291,2578,0.98999999999999999111,1);
INSERT INTO invoice_items VALUES(1577,291,2584,0.98999999999999999111,1);
INSERT INTO invoice_items VALUES(1578,291,2590,0.98999999999999999111,1);
INSERT INTO invoice_items VALUES(1579,291,2596,0.98999999999999999111,1);
INSERT INTO invoice_items VALUES(1580,292,2605,0.98999999999999999111,1);
INSERT INTO invoice_items VALUES(1581,292,2614,0.98999999999999999111,1);
INSERT INTO invoice_items VALUES(1582,292,2623,0.98999999999999999111,1);
INSERT INTO invoice_items VALUES(1583,292,2632,0.98999999999999999111,1);
INSERT INTO invoice_items VALUES(1584,292,2641,0.98999999999999999111,1);
INSERT INTO invoice_items VALUES(1585,292,2650,0.98999999999999999111,1);
INSERT INTO invoice_items VALUES(1586,292,2659,0.98999999999999999111,1);
INSERT INTO invoice_items VALUES(1587,292,2668,0.98999999999999999111,1);
INSERT INTO invoice_items VALUES(1588,292,2677,0.98999999999999999111,1);
INSERT INTO invoice_items VALUES(1589,292,2686,0.98999999999999999111,1);
INSERT INTO invoice_items VALUES(1590,292,2695,0.98999999999999999111,1);
INSERT INTO invoice_items VALUES(1591,292,2704,0.98999999999999999111,1);
INSERT INTO invoice_items VALUES(1592,292,2713,0.98999999999999999111,1);
INSERT INTO invoice_items VALUES(1593,292,2722,0.98999999999999999111,1);
INSERT INTO invoice_items VALUES(1594,293,2736,0.98999999999999999111,1);
INSERT INTO invoice_items VALUES(1595,294,2737,0.98999999999999999111,1);
INSERT INTO invoice_items VALUES(1596,294,2738,0.98999999999999999111,1);
INSERT INTO invoice_items VALUES(1597,295,2740,0.98999999999999999111,1);
INSERT INTO invoice_items VALUES(1598,295,2742,0.98999999999999999111,1);
INSERT INTO invoice_items VALUES(1599,296,2744,0.98999999999999999111,1);
INSERT INTO invoice_items VALUES(1600,296,2746,0.98999999999999999111,1);
INSERT INTO invoice_items VALUES(1601,296,2748,0.98999999999999999111,1);
INSERT INTO invoice_items VALUES(1602,296,2750,0.98999999999999999111,1);
INSERT INTO invoice_items VALUES(1603,297,2754,0.98999999999999999111,1);
INSERT INTO invoice_items VALUES(1604,297,2758,0.98999999999999999111,1);
INSERT INTO invoice_items VALUES(1605,297,2762,0.98999999999999999111,1);
INSERT INTO invoice_items VALUES(1606,297,2766,0.98999999999999999111,1);
INSERT INTO invoice_items VALUES(1607,297,2770,0.98999999999999999111,1);
INSERT INTO invoice_items VALUES(1608,297,2774,0.98999999999999999111,1);
INSERT INTO invoice_items VALUES(1609,298,2780,0.98999999999999999111,1);
INSERT INTO invoice_items VALUES(1610,298,2786,0.98999999999999999111,1);
INSERT INTO invoice_items VALUES(1611,298,2792,0.98999999999999999111,1);
INSERT INTO invoice_items VALUES(1612,298,2798,0.98999999999999999111,1);
INSERT INTO invoice_items VALUES(1613,298,2804,0.98999999999999999111,1);
INSERT INTO invoice_items VALUES(1614,298,2810,0.98999999999999999111,1);
INSERT INTO invoice_items VALUES(1615,298,2816,0.98999999999999999111,1);
INSERT INTO invoice_items VALUES(1616,298,2822,1.9899999999999999911,1);
INSERT INTO invoice_items VALUES(1617,298,2828,1.9899999999999999911,1);
INSERT INTO invoice_items VALUES(1618,299,2837,1.9899999999999999911,1);
INSERT INTO invoice_items VALUES(1619,299,2846,1.9899999999999999911,1);
INSERT INTO invoice_items VALUES(1620,299,2855,1.9899999999999999911,1);
INSERT INTO invoice_items VALUES(1621,299,2864,1.9899999999999999911,1);
INSERT INTO invoice_items VALUES(1622,299,2873,1.9899999999999999911,1);
INSERT INTO invoice_items VALUES(1623,299,2882,1.9899999999999999911,1);
INSERT INTO invoice_items VALUES(1624,299,2891,1.9899999999999999911,1);
INSERT INTO invoice_items VALUES(1625,299,2900,1.9899999999999999911,1);
INSERT INTO invoice_items VALUES(1626,299,2909,1.9899999999999999911,1);
INSERT INTO invoice_items VALUES(1627,299,2918,1.9899999999999999911,1);
INSERT INTO invoice_items VALUES(1628,299,2927,0.98999999999999999111,1);
INSERT INTO invoice_items VALUES(1629,299,2936,0.98999999999999999111,1);
INSERT INTO invoice_items VALUES(1630,299,2945,0.98999999999999999111,1);
INSERT INTO invoice_items VALUES(1631,299,2954,0.98999999999999999111,1);
INSERT INTO invoice_items VALUES(1632,300,2968,0.98999999999999999111,1);
INSERT INTO invoice_items VALUES(1633,301,2969,0.98999999999999999111,1);
INSERT INTO invoice_items VALUES(1634,301,2970,0.98999999999999999111,1);
INSERT INTO invoice_items VALUES(1635,302,2972,0.98999999999999999111,1);
INSERT INTO invoice_items VALUES(1636,302,2974,0.98999999999999999111,1);
INSERT INTO invoice_items VALUES(1637,303,2976,0.98999999999999999111,1);
INSERT INTO invoice_items VALUES(1638,303,2978,0.98999999999999999111,1);
INSERT INTO invoice_items VALUES(1639,303,2980,0.98999999999999999111,1);
INSERT INTO invoice_items VALUES(1640,303,2982,0.98999999999999999111,1);
INSERT INTO invoice_items VALUES(1641,304,2986,0.98999999999999999111,1);
INSERT INTO invoice_items VALUES(1642,304,2990,0.98999999999999999111,1);
INSERT INTO invoice_items VALUES(1643,304,2994,0.98999999999999999111,1);
INSERT INTO invoice_items VALUES(1644,304,2998,0.98999999999999999111,1);
INSERT INTO invoice_items VALUES(1645,304,3002,0.98999999999999999111,1);
INSERT INTO invoice_items VALUES(1646,304,3006,0.98999999999999999111,1);
INSERT INTO invoice_items VALUES(1647,305,3012,0.98999999999999999111,1);
INSERT INTO invoice_items VALUES(1648,305,3018,0.98999999999999999111,1);
INSERT INTO invoice_items VALUES(1649,305,3024,0.98999999999999999111,1);
INSERT INTO invoice_items VALUES(1650,305,3030,0.98999999999999999111,1);
INSERT INTO invoice_items VALUES(1651,305,3036,0.98999999999999999111,1);
INSERT INTO invoice_items VALUES(1652,305,3042,0.98999999999999999111,1);
INSERT INTO invoice_items VALUES(1653,305,3048,0.98999999999999999111,1);
INSERT INTO invoice_items VALUES(1654,305,3054,0.98999999999999999111,1);
INSERT INTO invoice_items VALUES(1655,305,3060,0.98999999999999999111,1);
INSERT INTO invoice_items VALUES(1656,306,3069,0.98999999999999999111,1);
INSERT INTO invoice_items VALUES(1657,306,3078,0.98999999999999999111,1);
INSERT INTO invoice_items VALUES(1658,306,3087,0.98999999999999999111,1);
INSERT INTO invoice_items VALUES(1659,306,3096,0.98999999999999999111,1);
INSERT INTO invoice_items VALUES(1660,306,3105,0.98999999999999999111,1);
INSERT INTO invoice_items VALUES(1661,306,3114,0.98999999999999999111,1);
INSERT INTO invoice_items VALUES(1662,306,3123,0.98999999999999999111,1);
INSERT INTO invoice_items VALUES(1663,306,3132,0.98999999999999999111,1);
INSERT INTO invoice_items VALUES(1664,306,3141,0.98999999999999999111,1);
INSERT INTO invoice_items VALUES(1665,306,3150,0.98999999999999999111,1);
INSERT INTO invoice_items VALUES(1666,306,3159,0.98999999999999999111,1);
INSERT INTO invoice_items VALUES(1667,306,3168,1.9899999999999999911,1);
INSERT INTO invoice_items VALUES(1668,306,3177,1.9899999999999999911,1);
INSERT INTO invoice_items VALUES(1669,306,3186,1.9899999999999999911,1);
INSERT INTO invoice_items VALUES(1670,307,3200,1.9899999999999999911,1);
INSERT INTO invoice_items VALUES(1671,308,3201,1.9899999999999999911,1);
INSERT INTO invoice_items VALUES(1672,308,3202,1.9899999999999999911,1);
INSERT INTO invoice_items VALUES(1673,309,3204,1.9899999999999999911,1);
INSERT INTO invoice_items VALUES(1674,309,3206,1.9899999999999999911,1);
INSERT INTO invoice_items VALUES(1675,310,3208,1.9899999999999999911,1);
INSERT INTO invoice_items VALUES(1676,310,3210,1.9899999999999999911,1);
INSERT INTO invoice_items VALUES(1677,310,3212,1.9899999999999999911,1);
INSERT INTO invoice_items VALUES(1678,310,3214,1.9899999999999999911,1);
INSERT INTO invoice_items VALUES(1679,311,3218,1.9899999999999999911,1);
INSERT INTO invoice_items VALUES(1680,311,3222,1.9899999999999999911,1);
INSERT INTO invoice_items VALUES(1681,311,3226,1.9899999999999999911,1);
INSERT INTO invoice_items VALUES(1682,311,3230,1.9899999999999999911,1);
INSERT INTO invoice_items VALUES(1683,311,3234,1.9899999999999999911,1);
INSERT INTO invoice_items VALUES(1684,311,3238,1.9899999999999999911,1);
INSERT INTO invoice_items VALUES(1685,312,3244,1.9899999999999999911,1);
INSERT INTO invoice_items VALUES(1686,312,3250,1.9899999999999999911,1);
INSERT INTO invoice_items VALUES(1687,312,3256,0.98999999999999999111,1);
INSERT INTO invoice_items VALUES(1688,312,3262,0.98999999999999999111,1);
INSERT INTO invoice_items VALUES(1689,312,3268,0.98999999999999999111,1);
INSERT INTO invoice_items VALUES(1690,312,3274,0.98999999999999999111,1);
INSERT INTO invoice_items VALUES(1691,312,3280,0.98999999999999999111,1);
INSERT INTO invoice_items VALUES(1692,312,3286,0.98999999999999999111,1);
INSERT INTO invoice_items VALUES(1693,312,3292,0.98999999999999999111,1);
INSERT INTO invoice_items VALUES(1694,313,3301,0.98999999999999999111,1);
INSERT INTO invoice_items VALUES(1695,313,3310,0.98999999999999999111,1);
INSERT INTO invoice_items VALUES(1696,313,3319,0.98999999999999999111,1);
INSERT INTO invoice_items VALUES(1697,313,3328,0.98999999999999999111,1);
INSERT INTO invoice_items VALUES(1698,313,3337,1.9899999999999999911,1);
INSERT INTO invoice_items VALUES(1699,313,3346,1.9899999999999999911,1);
INSERT INTO invoice_items VALUES(1700,313,3355,0.98999999999999999111,1);
INSERT INTO invoice_items VALUES(1701,313,3364,1.9899999999999999911,1);
INSERT INTO invoice_items VALUES(1702,313,3373,0.98999999999999999111,1);
INSERT INTO invoice_items VALUES(1703,313,3382,0.98999999999999999111,1);
INSERT INTO invoice_items VALUES(1704,313,3391,0.98999999999999999111,1);
INSERT INTO invoice_items VALUES(1705,313,3400,0.98999999999999999111,1);
INSERT INTO invoice_items VALUES(1706,313,3409,0.98999999999999999111,1);
INSERT INTO invoice_items VALUES(1707,313,3418,0.98999999999999999111,1);
INSERT INTO invoice_items VALUES(1708,314,3432,0.98999999999999999111,1);
INSERT INTO invoice_items VALUES(1709,315,3433,0.98999999999999999111,1);
INSERT INTO invoice_items VALUES(1710,315,3434,0.98999999999999999111,1);
INSERT INTO invoice_items VALUES(1711,316,3436,0.98999999999999999111,1);
INSERT INTO invoice_items VALUES(1712,316,3438,0.98999999999999999111,1);
INSERT INTO invoice_items VALUES(1713,317,3440,0.98999999999999999111,1);
INSERT INTO invoice_items VALUES(1714,317,3442,0.98999999999999999111,1);
INSERT INTO invoice_items VALUES(1715,317,3444,0.98999999999999999111,1);
INSERT INTO invoice_items VALUES(1716,317,3446,0.98999999999999999111,1);
INSERT INTO invoice_items VALUES(1717,318,3450,0.98999999999999999111,1);
INSERT INTO invoice_items VALUES(1718,318,3454,0.98999999999999999111,1);
INSERT INTO invoice_items VALUES(1719,318,3458,0.98999999999999999111,1);
INSERT INTO invoice_items VALUES(1720,318,3462,0.98999999999999999111,1);
INSERT INTO invoice_items VALUES(1721,318,3466,0.98999999999999999111,1);
INSERT INTO invoice_items VALUES(1722,318,3470,0.98999999999999999111,1);
INSERT INTO invoice_items VALUES(1723,319,3476,0.98999999999999999111,1);
INSERT INTO invoice_items VALUES(1724,319,3482,0.98999999999999999111,1);
INSERT INTO invoice_items VALUES(1725,319,3488,0.98999999999999999111,1);
INSERT INTO invoice_items VALUES(1726,319,3494,0.98999999999999999111,1);
INSERT INTO invoice_items VALUES(1727,319,3500,0.98999999999999999111,1);
INSERT INTO invoice_items VALUES(1728,319,3,0.98999999999999999111,1);
INSERT INTO invoice_items VALUES(1729,319,9,0.98999999999999999111,1);
INSERT INTO invoice_items VALUES(1730,319,15,0.98999999999999999111,1);
INSERT INTO invoice_items VALUES(1731,319,21,0.98999999999999999111,1);
INSERT INTO invoice_items VALUES(1732,320,30,0.98999999999999999111,1);
INSERT INTO invoice_items VALUES(1733,320,39,0.98999999999999999111,1);
INSERT INTO invoice_items VALUES(1734,320,48,0.98999999999999999111,1);
INSERT INTO invoice_items VALUES(1735,320,57,0.98999999999999999111,1);
INSERT INTO invoice_items VALUES(1736,320,66,0.98999999999999999111,1);
INSERT INTO invoice_items VALUES(1737,320,75,0.98999999999999999111,1);
INSERT INTO invoice_items VALUES(1738,320,84,0.98999999999999999111,1);
INSERT INTO invoice_items VALUES(1739,320,93,0.98999999999999999111,1);
INSERT INTO invoice_items VALUES(1740,320,102,0.98999999999999999111,1);
INSERT INTO invoice_items VALUES(1741,320,111,0.98999999999999999111,1);
INSERT INTO invoice_items VALUES(1742,320,120,0.98999999999999999111,1);
INSERT INTO invoice_items VALUES(1743,320,129,0.98999999999999999111,1);
INSERT INTO invoice_items VALUES(1744,320,138,0.98999999999999999111,1);
INSERT INTO invoice_items VALUES(1745,320,147,0.98999999999999999111,1);
INSERT INTO invoice_items VALUES(1746,321,161,0.98999999999999999111,1);
INSERT INTO invoice_items VALUES(1747,322,162,0.98999999999999999111,1);
INSERT INTO invoice_items VALUES(1748,322,163,0.98999999999999999111,1);
INSERT INTO invoice_items VALUES(1749,323,165,0.98999999999999999111,1);
INSERT INTO invoice_items VALUES(1750,323,167,0.98999999999999999111,1);
INSERT INTO invoice_items VALUES(1751,324,169,0.98999999999999999111,1);
INSERT INTO invoice_items VALUES(1752,324,171,0.98999999999999999111,1);
INSERT INTO invoice_items VALUES(1753,324,173,0.98999999999999999111,1);
INSERT INTO invoice_items VALUES(1754,324,175,0.98999999999999999111,1);
INSERT INTO invoice_items VALUES(1755,325,179,0.98999999999999999111,1);
INSERT INTO invoice_items VALUES(1756,325,183,0.98999999999999999111,1);
INSERT INTO invoice_items VALUES(1757,325,187,0.98999999999999999111,1);
INSERT INTO invoice_items VALUES(1758,325,191,0.98999999999999999111,1);
INSERT INTO invoice_items VALUES(1759,325,195,0.98999999999999999111,1);
INSERT INTO invoice_items VALUES(1760,325,199,0.98999999999999999111,1);
INSERT INTO invoice_items VALUES(1761,326,205,0.98999999999999999111,1);
INSERT INTO invoice_items VALUES(1762,326,211,0.98999999999999999111,1);
INSERT INTO invoice_items VALUES(1763,326,217,0.98999999999999999111,1);
INSERT INTO invoice_items VALUES(1764,326,223,0.98999999999999999111,1);
INSERT INTO invoice_items VALUES(1765,326,229,0.98999999999999999111,1);
INSERT INTO invoice_items VALUES(1766,326,235,0.98999999999999999111,1);
INSERT INTO invoice_items VALUES(1767,326,241,0.98999999999999999111,1);
INSERT INTO invoice_items VALUES(1768,326,247,0.98999999999999999111,1);
INSERT INTO invoice_items VALUES(1769,326,253,0.98999999999999999111,1);
INSERT INTO invoice_items VALUES(1770,327,262,0.98999999999999999111,1);
INSERT INTO invoice_items VALUES(1771,327,271,0.98999999999999999111,1);
INSERT INTO invoice_items VALUES(1772,327,280,0.98999999999999999111,1);
INSERT INTO invoice_items VALUES(1773,327,289,0.98999999999999999111,1);
INSERT INTO invoice_items VALUES(1774,327,298,0.98999999999999999111,1);
INSERT INTO invoice_items VALUES(1775,327,307,0.98999999999999999111,1);
INSERT INTO invoice_items VALUES(1776,327,316,0.98999999999999999111,1);
INSERT INTO invoice_items VALUES(1777,327,325,0.98999999999999999111,1);
INSERT INTO invoice_items VALUES(1778,327,334,0.98999999999999999111,1);
INSERT INTO invoice_items VALUES(1779,327,343,0.98999999999999999111,1);
INSERT INTO invoice_items VALUES(1780,327,352,0.98999999999999999111,1);
INSERT INTO invoice_items VALUES(1781,327,361,0.98999999999999999111,1);
INSERT INTO invoice_items VALUES(1782,327,370,0.98999999999999999111,1);
INSERT INTO invoice_items VALUES(1783,327,379,0.98999999999999999111,1);
INSERT INTO invoice_items VALUES(1784,328,393,0.98999999999999999111,1);
INSERT INTO invoice_items VALUES(1785,329,394,0.98999999999999999111,1);
INSERT INTO invoice_items VALUES(1786,329,395,0.98999999999999999111,1);
INSERT INTO invoice_items VALUES(1787,330,397,0.98999999999999999111,1);
INSERT INTO invoice_items VALUES(1788,330,399,0.98999999999999999111,1);
INSERT INTO invoice_items VALUES(1789,331,401,0.98999999999999999111,1);
INSERT INTO invoice_items VALUES(1790,331,403,0.98999999999999999111,1);
INSERT INTO invoice_items VALUES(1791,331,405,0.98999999999999999111,1);
INSERT INTO invoice_items VALUES(1792,331,407,0.98999999999999999111,1);
INSERT INTO invoice_items VALUES(1793,332,411,0.98999999999999999111,1);
INSERT INTO invoice_items VALUES(1794,332,415,0.98999999999999999111,1);
INSERT INTO invoice_items VALUES(1795,332,419,0.98999999999999999111,1);
INSERT INTO invoice_items VALUES(1796,332,423,0.98999999999999999111,1);
INSERT INTO invoice_items VALUES(1797,332,427,0.98999999999999999111,1);
INSERT INTO invoice_items VALUES(1798,332,431,0.98999999999999999111,1);
INSERT INTO invoice_items VALUES(1799,333,437,0.98999999999999999111,1);
INSERT INTO invoice_items VALUES(1800,333,443,0.98999999999999999111,1);
INSERT INTO invoice_items VALUES(1801,333,449,0.98999999999999999111,1);
INSERT INTO invoice_items VALUES(1802,333,455,0.98999999999999999111,1);
INSERT INTO invoice_items VALUES(1803,333,461,0.98999999999999999111,1);
INSERT INTO invoice_items VALUES(1804,333,467,0.98999999999999999111,1);
INSERT INTO invoice_items VALUES(1805,333,473,0.98999999999999999111,1);
INSERT INTO invoice_items VALUES(1806,333,479,0.98999999999999999111,1);
INSERT INTO invoice_items VALUES(1807,333,485,0.98999999999999999111,1);
INSERT INTO invoice_items VALUES(1808,334,494,0.98999999999999999111,1);
INSERT INTO invoice_items VALUES(1809,334,503,0.98999999999999999111,1);
INSERT INTO invoice_items VALUES(1810,334,512,0.98999999999999999111,1);
INSERT INTO invoice_items VALUES(1811,334,521,0.98999999999999999111,1);
INSERT INTO invoice_items VALUES(1812,334,530,0.98999999999999999111,1);
INSERT INTO invoice_items VALUES(1813,334,539,0.98999999999999999111,1);
INSERT INTO invoice_items VALUES(1814,334,548,0.98999999999999999111,1);
INSERT INTO invoice_items VALUES(1815,334,557,0.98999999999999999111,1);
INSERT INTO invoice_items VALUES(1816,334,566,0.98999999999999999111,1);
INSERT INTO invoice_items VALUES(1817,334,575,0.98999999999999999111,1);
INSERT INTO invoice_items VALUES(1818,334,584,0.98999999999999999111,1);
INSERT INTO invoice_items VALUES(1819,334,593,0.98999999999999999111,1);
INSERT INTO invoice_items VALUES(1820,334,602,0.98999999999999999111,1);
INSERT INTO invoice_items VALUES(1821,334,611,0.98999999999999999111,1);
INSERT INTO invoice_items VALUES(1822,335,625,0.98999999999999999111,1);
INSERT INTO invoice_items VALUES(1823,336,626,0.98999999999999999111,1);
INSERT INTO invoice_items VALUES(1824,336,627,0.98999999999999999111,1);
INSERT INTO invoice_items VALUES(1825,337,629,0.98999999999999999111,1);
INSERT INTO invoice_items VALUES(1826,337,631,0.98999999999999999111,1);
INSERT INTO invoice_items VALUES(1827,338,633,0.98999999999999999111,1);
INSERT INTO invoice_items VALUES(1828,338,635,0.98999999999999999111,1);
INSERT INTO invoice_items VALUES(1829,338,637,0.98999999999999999111,1);
INSERT INTO invoice_items VALUES(1830,338,639,0.98999999999999999111,1);
INSERT INTO invoice_items VALUES(1831,339,643,0.98999999999999999111,1);
INSERT INTO invoice_items VALUES(1832,339,647,0.98999999999999999111,1);
INSERT INTO invoice_items VALUES(1833,339,651,0.98999999999999999111,1);
INSERT INTO invoice_items VALUES(1834,339,655,0.98999999999999999111,1);
INSERT INTO invoice_items VALUES(1835,339,659,0.98999999999999999111,1);
INSERT INTO invoice_items VALUES(1836,339,663,0.98999999999999999111,1);
INSERT INTO invoice_items VALUES(1837,340,669,0.98999999999999999111,1);
INSERT INTO invoice_items VALUES(1838,340,675,0.98999999999999999111,1);
INSERT INTO invoice_items VALUES(1839,340,681,0.98999999999999999111,1);
INSERT INTO invoice_items VALUES(1840,340,687,0.98999999999999999111,1);
INSERT INTO invoice_items VALUES(1841,340,693,0.98999999999999999111,1);
INSERT INTO invoice_items VALUES(1842,340,699,0.98999999999999999111,1);
INSERT INTO invoice_items VALUES(1843,340,705,0.98999999999999999111,1);
INSERT INTO invoice_items VALUES(1844,340,711,0.98999999999999999111,1);
INSERT INTO invoice_items VALUES(1845,340,717,0.98999999999999999111,1);
INSERT INTO invoice_items VALUES(1846,341,726,0.98999999999999999111,1);
INSERT INTO invoice_items VALUES(1847,341,735,0.98999999999999999111,1);
INSERT INTO invoice_items VALUES(1848,341,744,0.98999999999999999111,1);
INSERT INTO invoice_items VALUES(1849,341,753,0.98999999999999999111,1);
INSERT INTO invoice_items VALUES(1850,341,762,0.98999999999999999111,1);
INSERT INTO invoice_items VALUES(1851,341,771,0.98999999999999999111,1);
INSERT INTO invoice_items VALUES(1852,341,780,0.98999999999999999111,1);
INSERT INTO invoice_items VALUES(1853,341,789,0.98999999999999999111,1);
INSERT INTO invoice_items VALUES(1854,341,798,0.98999999999999999111,1);
INSERT INTO invoice_items VALUES(1855,341,807,0.98999999999999999111,1);
INSERT INTO invoice_items VALUES(1856,341,816,0.98999999999999999111,1);
INSERT INTO invoice_items VALUES(1857,341,825,0.98999999999999999111,1);
INSERT INTO invoice_items VALUES(1858,341,834,0.98999999999999999111,1);
INSERT INTO invoice_items VALUES(1859,341,843,0.98999999999999999111,1);
INSERT INTO invoice_items VALUES(1860,342,857,0.98999999999999999111,1);
INSERT INTO invoice_items VALUES(1861,343,858,0.98999999999999999111,1);
INSERT INTO invoice_items VALUES(1862,343,859,0.98999999999999999111,1);
INSERT INTO invoice_items VALUES(1863,344,861,0.98999999999999999111,1);
INSERT INTO invoice_items VALUES(1864,344,863,0.98999999999999999111,1);
INSERT INTO invoice_items VALUES(1865,345,865,0.98999999999999999111,1);
INSERT INTO invoice_items VALUES(1866,345,867,0.98999999999999999111,1);
INSERT INTO invoice_items VALUES(1867,345,869,0.98999999999999999111,1);
INSERT INTO invoice_items VALUES(1868,345,871,0.98999999999999999111,1);
INSERT INTO invoice_items VALUES(1869,346,875,0.98999999999999999111,1);
INSERT INTO invoice_items VALUES(1870,346,879,0.98999999999999999111,1);
INSERT INTO invoice_items VALUES(1871,346,883,0.98999999999999999111,1);
INSERT INTO invoice_items VALUES(1872,346,887,0.98999999999999999111,1);
INSERT INTO invoice_items VALUES(1873,346,891,0.98999999999999999111,1);
INSERT INTO invoice_items VALUES(1874,346,895,0.98999999999999999111,1);
INSERT INTO invoice_items VALUES(1875,347,901,0.98999999999999999111,1);
INSERT INTO invoice_items VALUES(1876,347,907,0.98999999999999999111,1);
INSERT INTO invoice_items VALUES(1877,347,913,0.98999999999999999111,1);
INSERT INTO invoice_items VALUES(1878,347,919,0.98999999999999999111,1);
INSERT INTO invoice_items VALUES(1879,347,925,0.98999999999999999111,1);
INSERT INTO invoice_items VALUES(1880,347,931,0.98999999999999999111,1);
INSERT INTO invoice_items VALUES(1881,347,937,0.98999999999999999111,1);
INSERT INTO invoice_items VALUES(1882,347,943,0.98999999999999999111,1);
INSERT INTO invoice_items VALUES(1883,347,949,0.98999999999999999111,1);
INSERT INTO invoice_items VALUES(1884,348,958,0.98999999999999999111,1);
INSERT INTO invoice_items VALUES(1885,348,967,0.98999999999999999111,1);
INSERT INTO invoice_items VALUES(1886,348,976,0.98999999999999999111,1);
INSERT INTO invoice_items VALUES(1887,348,985,0.98999999999999999111,1);
INSERT INTO invoice_items VALUES(1888,348,994,0.98999999999999999111,1);
INSERT INTO invoice_items VALUES(1889,348,1003,0.98999999999999999111,1);
INSERT INTO invoice_items VALUES(1890,348,1012,0.98999999999999999111,1);
INSERT INTO invoice_items VALUES(1891,348,1021,0.98999999999999999111,1);
INSERT INTO invoice_items VALUES(1892,348,1030,0.98999999999999999111,1);
INSERT INTO invoice_items VALUES(1893,348,1039,0.98999999999999999111,1);
INSERT INTO invoice_items VALUES(1894,348,1048,0.98999999999999999111,1);
INSERT INTO invoice_items VALUES(1895,348,1057,0.98999999999999999111,1);
INSERT INTO invoice_items VALUES(1896,348,1066,0.98999999999999999111,1);
INSERT INTO invoice_items VALUES(1897,348,1075,0.98999999999999999111,1);
INSERT INTO invoice_items VALUES(1898,349,1089,0.98999999999999999111,1);
INSERT INTO invoice_items VALUES(1899,350,1090,0.98999999999999999111,1);
INSERT INTO invoice_items VALUES(1900,350,1091,0.98999999999999999111,1);
INSERT INTO invoice_items VALUES(1901,351,1093,0.98999999999999999111,1);
INSERT INTO invoice_items VALUES(1902,351,1095,0.98999999999999999111,1);
INSERT INTO invoice_items VALUES(1903,352,1097,0.98999999999999999111,1);
INSERT INTO invoice_items VALUES(1904,352,1099,0.98999999999999999111,1);
INSERT INTO invoice_items VALUES(1905,352,1101,0.98999999999999999111,1);
INSERT INTO invoice_items VALUES(1906,352,1103,0.98999999999999999111,1);
INSERT INTO invoice_items VALUES(1907,353,1107,0.98999999999999999111,1);
INSERT INTO invoice_items VALUES(1908,353,1111,0.98999999999999999111,1);
INSERT INTO invoice_items VALUES(1909,353,1115,0.98999999999999999111,1);
INSERT INTO invoice_items VALUES(1910,353,1119,0.98999999999999999111,1);
INSERT INTO invoice_items VALUES(1911,353,1123,0.98999999999999999111,1);
INSERT INTO invoice_items VALUES(1912,353,1127,0.98999999999999999111,1);
INSERT INTO invoice_items VALUES(1913,354,1133,0.98999999999999999111,1);
INSERT INTO invoice_items VALUES(1914,354,1139,0.98999999999999999111,1);
INSERT INTO invoice_items VALUES(1915,354,1145,0.98999999999999999111,1);
INSERT INTO invoice_items VALUES(1916,354,1151,0.98999999999999999111,1);
INSERT INTO invoice_items VALUES(1917,354,1157,0.98999999999999999111,1);
INSERT INTO invoice_items VALUES(1918,354,1163,0.98999999999999999111,1);
INSERT INTO invoice_items VALUES(1919,354,1169,0.98999999999999999111,1);
INSERT INTO invoice_items VALUES(1920,354,1175,0.98999999999999999111,1);
INSERT INTO invoice_items VALUES(1921,354,1181,0.98999999999999999111,1);
INSERT INTO invoice_items VALUES(1922,355,1190,0.98999999999999999111,1);
INSERT INTO invoice_items VALUES(1923,355,1199,0.98999999999999999111,1);
INSERT INTO invoice_items VALUES(1924,355,1208,0.98999999999999999111,1);
INSERT INTO invoice_items VALUES(1925,355,1217,0.98999999999999999111,1);
INSERT INTO invoice_items VALUES(1926,355,1226,0.98999999999999999111,1);
INSERT INTO invoice_items VALUES(1927,355,1235,0.98999999999999999111,1);
INSERT INTO invoice_items VALUES(1928,355,1244,0.98999999999999999111,1);
INSERT INTO invoice_items VALUES(1929,355,1253,0.98999999999999999111,1);
INSERT INTO invoice_items VALUES(1930,355,1262,0.98999999999999999111,1);
INSERT INTO invoice_items VALUES(1931,355,1271,0.98999999999999999111,1);
INSERT INTO invoice_items VALUES(1932,355,1280,0.98999999999999999111,1);
INSERT INTO invoice_items VALUES(1933,355,1289,0.98999999999999999111,1);
INSERT INTO invoice_items VALUES(1934,355,1298,0.98999999999999999111,1);
INSERT INTO invoice_items VALUES(1935,355,1307,0.98999999999999999111,1);
INSERT INTO invoice_items VALUES(1936,356,1321,0.98999999999999999111,1);
INSERT INTO invoice_items VALUES(1937,357,1322,0.98999999999999999111,1);
INSERT INTO invoice_items VALUES(1938,357,1323,0.98999999999999999111,1);
INSERT INTO invoice_items VALUES(1939,358,1325,0.98999999999999999111,1);
INSERT INTO invoice_items VALUES(1940,358,1327,0.98999999999999999111,1);
INSERT INTO invoice_items VALUES(1941,359,1329,0.98999999999999999111,1);
INSERT INTO invoice_items VALUES(1942,359,1331,0.98999999999999999111,1);
INSERT INTO invoice_items VALUES(1943,359,1333,0.98999999999999999111,1);
INSERT INTO invoice_items VALUES(1944,359,1335,0.98999999999999999111,1);
INSERT INTO invoice_items VALUES(1945,360,1339,0.98999999999999999111,1);
INSERT INTO invoice_items VALUES(1946,360,1343,0.98999999999999999111,1);
INSERT INTO invoice_items VALUES(1947,360,1347,0.98999999999999999111,1);
INSERT INTO invoice_items VALUES(1948,360,1351,0.98999999999999999111,1);
INSERT INTO invoice_items VALUES(1949,360,1355,0.98999999999999999111,1);
INSERT INTO invoice_items VALUES(1950,360,1359,0.98999999999999999111,1);
INSERT INTO invoice_items VALUES(1951,361,1365,0.98999999999999999111,1);
INSERT INTO invoice_items VALUES(1952,361,1371,0.98999999999999999111,1);
INSERT INTO invoice_items VALUES(1953,361,1377,0.98999999999999999111,1);
INSERT INTO invoice_items VALUES(1954,361,1383,0.98999999999999999111,1);
INSERT INTO invoice_items VALUES(1955,361,1389,0.98999999999999999111,1);
INSERT INTO invoice_items VALUES(1956,361,1395,0.98999999999999999111,1);
INSERT INTO invoice_items VALUES(1957,361,1401,0.98999999999999999111,1);
INSERT INTO invoice_items VALUES(1958,361,1407,0.98999999999999999111,1);
INSERT INTO invoice_items VALUES(1959,361,1413,0.98999999999999999111,1);
INSERT INTO invoice_items VALUES(1960,362,1422,0.98999999999999999111,1);
INSERT INTO invoice_items VALUES(1961,362,1431,0.98999999999999999111,1);
INSERT INTO invoice_items VALUES(1962,362,1440,0.98999999999999999111,1);
INSERT INTO invoice_items VALUES(1963,362,1449,0.98999999999999999111,1);
INSERT INTO invoice_items VALUES(1964,362,1458,0.98999999999999999111,1);
INSERT INTO invoice_items VALUES(1965,362,1467,0.98999999999999999111,1);
INSERT INTO invoice_items VALUES(1966,362,1476,0.98999999999999999111,1);
INSERT INTO invoice_items VALUES(1967,362,1485,0.98999999999999999111,1);
INSERT INTO invoice_items VALUES(1968,362,1494,0.98999999999999999111,1);
INSERT INTO invoice_items VALUES(1969,362,1503,0.98999999999999999111,1);
INSERT INTO invoice_items VALUES(1970,362,1512,0.98999999999999999111,1);
INSERT INTO invoice_items VALUES(1971,362,1521,0.98999999999999999111,1);
INSERT INTO invoice_items VALUES(1972,362,1530,0.98999999999999999111,1);
INSERT INTO invoice_items VALUES(1973,362,1539,0.98999999999999999111,1);
INSERT INTO invoice_items VALUES(1974,363,1553,0.98999999999999999111,1);
INSERT INTO invoice_items VALUES(1975,364,1554,0.98999999999999999111,1);
INSERT INTO invoice_items VALUES(1976,364,1555,0.98999999999999999111,1);
INSERT INTO invoice_items VALUES(1977,365,1557,0.98999999999999999111,1);
INSERT INTO invoice_items VALUES(1978,365,1559,0.98999999999999999111,1);
INSERT INTO invoice_items VALUES(1979,366,1561,0.98999999999999999111,1);
INSERT INTO invoice_items VALUES(1980,366,1563,0.98999999999999999111,1);
INSERT INTO invoice_items VALUES(1981,366,1565,0.98999999999999999111,1);
INSERT INTO invoice_items VALUES(1982,366,1567,0.98999999999999999111,1);
INSERT INTO invoice_items VALUES(1983,367,1571,0.98999999999999999111,1);
INSERT INTO invoice_items VALUES(1984,367,1575,0.98999999999999999111,1);
INSERT INTO invoice_items VALUES(1985,367,1579,0.98999999999999999111,1);
INSERT INTO invoice_items VALUES(1986,367,1583,0.98999999999999999111,1);
INSERT INTO invoice_items VALUES(1987,367,1587,0.98999999999999999111,1);
INSERT INTO invoice_items VALUES(1988,367,1591,0.98999999999999999111,1);
INSERT INTO invoice_items VALUES(1989,368,1597,0.98999999999999999111,1);
INSERT INTO invoice_items VALUES(1990,368,1603,0.98999999999999999111,1);
INSERT INTO invoice_items VALUES(1991,368,1609,0.98999999999999999111,1);
INSERT INTO invoice_items VALUES(1992,368,1615,0.98999999999999999111,1);
INSERT INTO invoice_items VALUES(1993,368,1621,0.98999999999999999111,1);
INSERT INTO invoice_items VALUES(1994,368,1627,0.98999999999999999111,1);
INSERT INTO invoice_items VALUES(1995,368,1633,0.98999999999999999111,1);
INSERT INTO invoice_items VALUES(1996,368,1639,0.98999999999999999111,1);
INSERT INTO invoice_items VALUES(1997,368,1645,0.98999999999999999111,1);
INSERT INTO invoice_items VALUES(1998,369,1654,0.98999999999999999111,1);
INSERT INTO invoice_items VALUES(1999,369,1663,0.98999999999999999111,1);
INSERT INTO invoice_items VALUES(2000,369,1672,0.98999999999999999111,1);
INSERT INTO invoice_items VALUES(2001,369,1681,0.98999999999999999111,1);
INSERT INTO invoice_items VALUES(2002,369,1690,0.98999999999999999111,1);
INSERT INTO invoice_items VALUES(2003,369,1699,0.98999999999999999111,1);
INSERT INTO invoice_items VALUES(2004,369,1708,0.98999999999999999111,1);
INSERT INTO invoice_items VALUES(2005,369,1717,0.98999999999999999111,1);
INSERT INTO invoice_items VALUES(2006,369,1726,0.98999999999999999111,1);
INSERT INTO invoice_items VALUES(2007,369,1735,0.98999999999999999111,1);
INSERT INTO invoice_items VALUES(2008,369,1744,0.98999999999999999111,1);
INSERT INTO invoice_items VALUES(2009,369,1753,0.98999999999999999111,1);
INSERT INTO invoice_items VALUES(2010,369,1762,0.98999999999999999111,1);
INSERT INTO invoice_items VALUES(2011,369,1771,0.98999999999999999111,1);
INSERT INTO invoice_items VALUES(2012,370,1785,0.98999999999999999111,1);
INSERT INTO invoice_items VALUES(2013,371,1786,0.98999999999999999111,1);
INSERT INTO invoice_items VALUES(2014,371,1787,0.98999999999999999111,1);
INSERT INTO invoice_items VALUES(2015,372,1789,0.98999999999999999111,1);
INSERT INTO invoice_items VALUES(2016,372,1791,0.98999999999999999111,1);
INSERT INTO invoice_items VALUES(2017,373,1793,0.98999999999999999111,1);
INSERT INTO invoice_items VALUES(2018,373,1795,0.98999999999999999111,1);
INSERT INTO invoice_items VALUES(2019,373,1797,0.98999999999999999111,1);
INSERT INTO invoice_items VALUES(2020,373,1799,0.98999999999999999111,1);
INSERT INTO invoice_items VALUES(2021,374,1803,0.98999999999999999111,1);
INSERT INTO invoice_items VALUES(2022,374,1807,0.98999999999999999111,1);
INSERT INTO invoice_items VALUES(2023,374,1811,0.98999999999999999111,1);
INSERT INTO invoice_items VALUES(2024,374,1815,0.98999999999999999111,1);
INSERT INTO invoice_items VALUES(2025,374,1819,0.98999999999999999111,1);
INSERT INTO invoice_items VALUES(2026,374,1823,0.98999999999999999111,1);
INSERT INTO invoice_items VALUES(2027,375,1829,0.98999999999999999111,1);
INSERT INTO invoice_items VALUES(2028,375,1835,0.98999999999999999111,1);
INSERT INTO invoice_items VALUES(2029,375,1841,0.98999999999999999111,1);
INSERT INTO invoice_items VALUES(2030,375,1847,0.98999999999999999111,1);
INSERT INTO invoice_items VALUES(2031,375,1853,0.98999999999999999111,1);
INSERT INTO invoice_items VALUES(2032,375,1859,0.98999999999999999111,1);
INSERT INTO invoice_items VALUES(2033,375,1865,0.98999999999999999111,1);
INSERT INTO invoice_items VALUES(2034,375,1871,0.98999999999999999111,1);
INSERT INTO invoice_items VALUES(2035,375,1877,0.98999999999999999111,1);
INSERT INTO invoice_items VALUES(2036,376,1886,0.98999999999999999111,1);
INSERT INTO invoice_items VALUES(2037,376,1895,0.98999999999999999111,1);
INSERT INTO invoice_items VALUES(2038,376,1904,0.98999999999999999111,1);
INSERT INTO invoice_items VALUES(2039,376,1913,0.98999999999999999111,1);
INSERT INTO invoice_items VALUES(2040,376,1922,0.98999999999999999111,1);
INSERT INTO invoice_items VALUES(2041,376,1931,0.98999999999999999111,1);
INSERT INTO invoice_items VALUES(2042,376,1940,0.98999999999999999111,1);
INSERT INTO invoice_items VALUES(2043,376,1949,0.98999999999999999111,1);
INSERT INTO invoice_items VALUES(2044,376,1958,0.98999999999999999111,1);
INSERT INTO invoice_items VALUES(2045,376,1967,0.98999999999999999111,1);
INSERT INTO invoice_items VALUES(2046,376,1976,0.98999999999999999111,1);
INSERT INTO invoice_items VALUES(2047,376,1985,0.98999999999999999111,1);
INSERT INTO invoice_items VALUES(2048,376,1994,0.98999999999999999111,1);
INSERT INTO invoice_items VALUES(2049,376,2003,0.98999999999999999111,1);
INSERT INTO invoice_items VALUES(2050,377,2017,0.98999999999999999111,1);
INSERT INTO invoice_items VALUES(2051,378,2018,0.98999999999999999111,1);
INSERT INTO invoice_items VALUES(2052,378,2019,0.98999999999999999111,1);
INSERT INTO invoice_items VALUES(2053,379,2021,0.98999999999999999111,1);
INSERT INTO invoice_items VALUES(2054,379,2023,0.98999999999999999111,1);
INSERT INTO invoice_items VALUES(2055,380,2025,0.98999999999999999111,1);
INSERT INTO invoice_items VALUES(2056,380,2027,0.98999999999999999111,1);
INSERT INTO invoice_items VALUES(2057,380,2029,0.98999999999999999111,1);
INSERT INTO invoice_items VALUES(2058,380,2031,0.98999999999999999111,1);
INSERT INTO invoice_items VALUES(2059,381,2035,0.98999999999999999111,1);
INSERT INTO invoice_items VALUES(2060,381,2039,0.98999999999999999111,1);
INSERT INTO invoice_items VALUES(2061,381,2043,0.98999999999999999111,1);
INSERT INTO invoice_items VALUES(2062,381,2047,0.98999999999999999111,1);
INSERT INTO invoice_items VALUES(2063,381,2051,0.98999999999999999111,1);
INSERT INTO invoice_items VALUES(2064,381,2055,0.98999999999999999111,1);
INSERT INTO invoice_items VALUES(2065,382,2061,0.98999999999999999111,1);
INSERT INTO invoice_items VALUES(2066,382,2067,0.98999999999999999111,1);
INSERT INTO invoice_items VALUES(2067,382,2073,0.98999999999999999111,1);
INSERT INTO invoice_items VALUES(2068,382,2079,0.98999999999999999111,1);
INSERT INTO invoice_items VALUES(2069,382,2085,0.98999999999999999111,1);
INSERT INTO invoice_items VALUES(2070,382,2091,0.98999999999999999111,1);
INSERT INTO invoice_items VALUES(2071,382,2097,0.98999999999999999111,1);
INSERT INTO invoice_items VALUES(2072,382,2103,0.98999999999999999111,1);
INSERT INTO invoice_items VALUES(2073,382,2109,0.98999999999999999111,1);
INSERT INTO invoice_items VALUES(2074,383,2118,0.98999999999999999111,1);
INSERT INTO invoice_items VALUES(2075,383,2127,0.98999999999999999111,1);
INSERT INTO invoice_items VALUES(2076,383,2136,0.98999999999999999111,1);
INSERT INTO invoice_items VALUES(2077,383,2145,0.98999999999999999111,1);
INSERT INTO invoice_items VALUES(2078,383,2154,0.98999999999999999111,1);
INSERT INTO invoice_items VALUES(2079,383,2163,0.98999999999999999111,1);
INSERT INTO invoice_items VALUES(2080,383,2172,0.98999999999999999111,1);
INSERT INTO invoice_items VALUES(2081,383,2181,0.98999999999999999111,1);
INSERT INTO invoice_items VALUES(2082,383,2190,0.98999999999999999111,1);
INSERT INTO invoice_items VALUES(2083,383,2199,0.98999999999999999111,1);
INSERT INTO invoice_items VALUES(2084,383,2208,0.98999999999999999111,1);
INSERT INTO invoice_items VALUES(2085,383,2217,0.98999999999999999111,1);
INSERT INTO invoice_items VALUES(2086,383,2226,0.98999999999999999111,1);
INSERT INTO invoice_items VALUES(2087,383,2235,0.98999999999999999111,1);
INSERT INTO invoice_items VALUES(2088,384,2249,0.98999999999999999111,1);
INSERT INTO invoice_items VALUES(2089,385,2250,0.98999999999999999111,1);
INSERT INTO invoice_items VALUES(2090,385,2251,0.98999999999999999111,1);
INSERT INTO invoice_items VALUES(2091,386,2253,0.98999999999999999111,1);
INSERT INTO invoice_items VALUES(2092,386,2255,0.98999999999999999111,1);
INSERT INTO invoice_items VALUES(2093,387,2257,0.98999999999999999111,1);
INSERT INTO invoice_items VALUES(2094,387,2259,0.98999999999999999111,1);
INSERT INTO invoice_items VALUES(2095,387,2261,0.98999999999999999111,1);
INSERT INTO invoice_items VALUES(2096,387,2263,0.98999999999999999111,1);
INSERT INTO invoice_items VALUES(2097,388,2267,0.98999999999999999111,1);
INSERT INTO invoice_items VALUES(2098,388,2271,0.98999999999999999111,1);
INSERT INTO invoice_items VALUES(2099,388,2275,0.98999999999999999111,1);
INSERT INTO invoice_items VALUES(2100,388,2279,0.98999999999999999111,1);
INSERT INTO invoice_items VALUES(2101,388,2283,0.98999999999999999111,1);
INSERT INTO invoice_items VALUES(2102,388,2287,0.98999999999999999111,1);
INSERT INTO invoice_items VALUES(2103,389,2293,0.98999999999999999111,1);
INSERT INTO invoice_items VALUES(2104,389,2299,0.98999999999999999111,1);
INSERT INTO invoice_items VALUES(2105,389,2305,0.98999999999999999111,1);
INSERT INTO invoice_items VALUES(2106,389,2311,0.98999999999999999111,1);
INSERT INTO invoice_items VALUES(2107,389,2317,0.98999999999999999111,1);
INSERT INTO invoice_items VALUES(2108,389,2323,0.98999999999999999111,1);
INSERT INTO invoice_items VALUES(2109,389,2329,0.98999999999999999111,1);
INSERT INTO invoice_items VALUES(2110,389,2335,0.98999999999999999111,1);
INSERT INTO invoice_items VALUES(2111,389,2341,0.98999999999999999111,1);
INSERT INTO invoice_items VALUES(2112,390,2350,0.98999999999999999111,1);
INSERT INTO invoice_items VALUES(2113,390,2359,0.98999999999999999111,1);
INSERT INTO invoice_items VALUES(2114,390,2368,0.98999999999999999111,1);
INSERT INTO invoice_items VALUES(2115,390,2377,0.98999999999999999111,1);
INSERT INTO invoice_items VALUES(2116,390,2386,0.98999999999999999111,1);
INSERT INTO invoice_items VALUES(2117,390,2395,0.98999999999999999111,1);
INSERT INTO invoice_items VALUES(2118,390,2404,0.98999999999999999111,1);
INSERT INTO invoice_items VALUES(2119,390,2413,0.98999999999999999111,1);
INSERT INTO invoice_items VALUES(2120,390,2422,0.98999999999999999111,1);
INSERT INTO invoice_items VALUES(2121,390,2431,0.98999999999999999111,1);
INSERT INTO invoice_items VALUES(2122,390,2440,0.98999999999999999111,1);
INSERT INTO invoice_items VALUES(2123,390,2449,0.98999999999999999111,1);
INSERT INTO invoice_items VALUES(2124,390,2458,0.98999999999999999111,1);
INSERT INTO invoice_items VALUES(2125,390,2467,0.98999999999999999111,1);
INSERT INTO invoice_items VALUES(2126,391,2481,0.98999999999999999111,1);
INSERT INTO invoice_items VALUES(2127,392,2482,0.98999999999999999111,1);
INSERT INTO invoice_items VALUES(2128,392,2483,0.98999999999999999111,1);
INSERT INTO invoice_items VALUES(2129,393,2485,0.98999999999999999111,1);
INSERT INTO invoice_items VALUES(2130,393,2487,0.98999999999999999111,1);
INSERT INTO invoice_items VALUES(2131,394,2489,0.98999999999999999111,1);
INSERT INTO invoice_items VALUES(2132,394,2491,0.98999999999999999111,1);
INSERT INTO invoice_items VALUES(2133,394,2493,0.98999999999999999111,1);
INSERT INTO invoice_items VALUES(2134,394,2495,0.98999999999999999111,1);
INSERT INTO invoice_items VALUES(2135,395,2499,0.98999999999999999111,1);
INSERT INTO invoice_items VALUES(2136,395,2503,0.98999999999999999111,1);
INSERT INTO invoice_items VALUES(2137,395,2507,0.98999999999999999111,1);
INSERT INTO invoice_items VALUES(2138,395,2511,0.98999999999999999111,1);
INSERT INTO invoice_items VALUES(2139,395,2515,0.98999999999999999111,1);
INSERT INTO invoice_items VALUES(2140,395,2519,0.98999999999999999111,1);
INSERT INTO invoice_items VALUES(2141,396,2525,0.98999999999999999111,1);
INSERT INTO invoice_items VALUES(2142,396,2531,0.98999999999999999111,1);
INSERT INTO invoice_items VALUES(2143,396,2537,0.98999999999999999111,1);
INSERT INTO invoice_items VALUES(2144,396,2543,0.98999999999999999111,1);
INSERT INTO invoice_items VALUES(2145,396,2549,0.98999999999999999111,1);
INSERT INTO invoice_items VALUES(2146,396,2555,0.98999999999999999111,1);
INSERT INTO invoice_items VALUES(2147,396,2561,0.98999999999999999111,1);
INSERT INTO invoice_items VALUES(2148,396,2567,0.98999999999999999111,1);
INSERT INTO invoice_items VALUES(2149,396,2573,0.98999999999999999111,1);
INSERT INTO invoice_items VALUES(2150,397,2582,0.98999999999999999111,1);
INSERT INTO invoice_items VALUES(2151,397,2591,0.98999999999999999111,1);
INSERT INTO invoice_items VALUES(2152,397,2600,0.98999999999999999111,1);
INSERT INTO invoice_items VALUES(2153,397,2609,0.98999999999999999111,1);
INSERT INTO invoice_items VALUES(2154,397,2618,0.98999999999999999111,1);
INSERT INTO invoice_items VALUES(2155,397,2627,0.98999999999999999111,1);
INSERT INTO invoice_items VALUES(2156,397,2636,0.98999999999999999111,1);
INSERT INTO invoice_items VALUES(2157,397,2645,0.98999999999999999111,1);
INSERT INTO invoice_items VALUES(2158,397,2654,0.98999999999999999111,1);
INSERT INTO invoice_items VALUES(2159,397,2663,0.98999999999999999111,1);
INSERT INTO invoice_items VALUES(2160,397,2672,0.98999999999999999111,1);
INSERT INTO invoice_items VALUES(2161,397,2681,0.98999999999999999111,1);
INSERT INTO invoice_items VALUES(2162,397,2690,0.98999999999999999111,1);
INSERT INTO invoice_items VALUES(2163,397,2699,0.98999999999999999111,1);
INSERT INTO invoice_items VALUES(2164,398,2713,0.98999999999999999111,1);
INSERT INTO invoice_items VALUES(2165,399,2714,0.98999999999999999111,1);
INSERT INTO invoice_items VALUES(2166,399,2715,0.98999999999999999111,1);
INSERT INTO invoice_items VALUES(2167,400,2717,0.98999999999999999111,1);
INSERT INTO invoice_items VALUES(2168,400,2719,0.98999999999999999111,1);
INSERT INTO invoice_items VALUES(2169,401,2721,0.98999999999999999111,1);
INSERT INTO invoice_items VALUES(2170,401,2723,0.98999999999999999111,1);
INSERT INTO invoice_items VALUES(2171,401,2725,0.98999999999999999111,1);
INSERT INTO invoice_items VALUES(2172,401,2727,0.98999999999999999111,1);
INSERT INTO invoice_items VALUES(2173,402,2731,0.98999999999999999111,1);
INSERT INTO invoice_items VALUES(2174,402,2735,0.98999999999999999111,1);
INSERT INTO invoice_items VALUES(2175,402,2739,0.98999999999999999111,1);
INSERT INTO invoice_items VALUES(2176,402,2743,0.98999999999999999111,1);
INSERT INTO invoice_items VALUES(2177,402,2747,0.98999999999999999111,1);
INSERT INTO invoice_items VALUES(2178,402,2751,0.98999999999999999111,1);
INSERT INTO invoice_items VALUES(2179,403,2757,0.98999999999999999111,1);
INSERT INTO invoice_items VALUES(2180,403,2763,0.98999999999999999111,1);
INSERT INTO invoice_items VALUES(2181,403,2769,0.98999999999999999111,1);
INSERT INTO invoice_items VALUES(2182,403,2775,0.98999999999999999111,1);
INSERT INTO invoice_items VALUES(2183,403,2781,0.98999999999999999111,1);
INSERT INTO invoice_items VALUES(2184,403,2787,0.98999999999999999111,1);
INSERT INTO invoice_items VALUES(2185,403,2793,0.98999999999999999111,1);
INSERT INTO invoice_items VALUES(2186,403,2799,0.98999999999999999111,1);
INSERT INTO invoice_items VALUES(2187,403,2805,0.98999999999999999111,1);
INSERT INTO invoice_items VALUES(2188,404,2814,0.98999999999999999111,1);
INSERT INTO invoice_items VALUES(2189,404,2823,1.9899999999999999911,1);
INSERT INTO invoice_items VALUES(2190,404,2832,1.9899999999999999911,1);
INSERT INTO invoice_items VALUES(2191,404,2841,1.9899999999999999911,1);
INSERT INTO invoice_items VALUES(2192,404,2850,1.9899999999999999911,1);
INSERT INTO invoice_items VALUES(2193,404,2859,1.9899999999999999911,1);
INSERT INTO invoice_items VALUES(2194,404,2868,1.9899999999999999911,1);
INSERT INTO invoice_items VALUES(2195,404,2877,1.9899999999999999911,1);
INSERT INTO invoice_items VALUES(2196,404,2886,1.9899999999999999911,1);
INSERT INTO invoice_items VALUES(2197,404,2895,1.9899999999999999911,1);
INSERT INTO invoice_items VALUES(2198,404,2904,1.9899999999999999911,1);
INSERT INTO invoice_items VALUES(2199,404,2913,1.9899999999999999911,1);
INSERT INTO invoice_items VALUES(2200,404,2922,1.9899999999999999911,1);
INSERT INTO invoice_items VALUES(2201,404,2931,0.98999999999999999111,1);
INSERT INTO invoice_items VALUES(2202,405,2945,0.98999999999999999111,1);
INSERT INTO invoice_items VALUES(2203,406,2946,0.98999999999999999111,1);
INSERT INTO invoice_items VALUES(2204,406,2947,0.98999999999999999111,1);
INSERT INTO invoice_items VALUES(2205,407,2949,0.98999999999999999111,1);
INSERT INTO invoice_items VALUES(2206,407,2951,0.98999999999999999111,1);
INSERT INTO invoice_items VALUES(2207,408,2953,0.98999999999999999111,1);
INSERT INTO invoice_items VALUES(2208,408,2955,0.98999999999999999111,1);
INSERT INTO invoice_items VALUES(2209,408,2957,0.98999999999999999111,1);
INSERT INTO invoice_items VALUES(2210,408,2959,0.98999999999999999111,1);
INSERT INTO invoice_items VALUES(2211,409,2963,0.98999999999999999111,1);
INSERT INTO invoice_items VALUES(2212,409,2967,0.98999999999999999111,1);
INSERT INTO invoice_items VALUES(2213,409,2971,0.98999999999999999111,1);
INSERT INTO invoice_items VALUES(2214,409,2975,0.98999999999999999111,1);
INSERT INTO invoice_items VALUES(2215,409,2979,0.98999999999999999111,1);
INSERT INTO invoice_items VALUES(2216,409,2983,0.98999999999999999111,1);
INSERT INTO invoice_items VALUES(2217,410,2989,0.98999999999999999111,1);
INSERT INTO invoice_items VALUES(2218,410,2995,0.98999999999999999111,1);
INSERT INTO invoice_items VALUES(2219,410,3001,0.98999999999999999111,1);
INSERT INTO invoice_items VALUES(2220,410,3007,0.98999999999999999111,1);
INSERT INTO invoice_items VALUES(2221,410,3013,0.98999999999999999111,1);
INSERT INTO invoice_items VALUES(2222,410,3019,0.98999999999999999111,1);
INSERT INTO invoice_items VALUES(2223,410,3025,0.98999999999999999111,1);
INSERT INTO invoice_items VALUES(2224,410,3031,0.98999999999999999111,1);
INSERT INTO invoice_items VALUES(2225,410,3037,0.98999999999999999111,1);
INSERT INTO invoice_items VALUES(2226,411,3046,0.98999999999999999111,1);
INSERT INTO invoice_items VALUES(2227,411,3055,0.98999999999999999111,1);
INSERT INTO invoice_items VALUES(2228,411,3064,0.98999999999999999111,1);
INSERT INTO invoice_items VALUES(2229,411,3073,0.98999999999999999111,1);
INSERT INTO invoice_items VALUES(2230,411,3082,0.98999999999999999111,1);
INSERT INTO invoice_items VALUES(2231,411,3091,0.98999999999999999111,1);
INSERT INTO invoice_items VALUES(2232,411,3100,0.98999999999999999111,1);
INSERT INTO invoice_items VALUES(2233,411,3109,0.98999999999999999111,1);
INSERT INTO invoice_items VALUES(2234,411,3118,0.98999999999999999111,1);
INSERT INTO invoice_items VALUES(2235,411,3127,0.98999999999999999111,1);
INSERT INTO invoice_items VALUES(2236,411,3136,0.98999999999999999111,1);
INSERT INTO invoice_items VALUES(2237,411,3145,0.98999999999999999111,1);
INSERT INTO invoice_items VALUES(2238,411,3154,0.98999999999999999111,1);
INSERT INTO invoice_items VALUES(2239,411,3163,0.98999999999999999111,1);
INSERT INTO invoice_items VALUES(2240,412,3177,1.9899999999999999911,1);
